{"id":23,"date":"2015-06-29T13:44:14","date_gmt":"2015-06-29T12:44:14","guid":{"rendered":"https:\/\/apps.atilf.fr\/homepages\/vandre\/?page_id=23"},"modified":"2024-07-29T11:32:52","modified_gmt":"2024-07-29T10:32:52","slug":"cv","status":"publish","type":"page","link":"https:\/\/perso.atilf.fr\/VirginieAndre\/cv\/","title":{"rendered":"CV"},"content":{"rendered":"<p><strong>Fonctions actuelles<br \/>\n<\/strong><\/p>\n<p>Professeure des Universit\u00e9s en Sciences du langage, Universit\u00e9 de Lorraine &#8211; Nancy<\/p>\n<p>Membre du laboratoire <a href=\"http:\/\/www.atilf.fr\" target=\"_blank\" rel=\"noopener noreferrer\">ATILF<\/a><br \/>\nUMR 7118<br \/>\nUniversit\u00e9 de Lorraine &amp; CNRS<br \/>\nEquipe <em>Didactique des langues et sociolinguistique<\/em><\/p>\n<p>Co-fondatrice du groupe de recherche et du r\u00e9seau\u00a0<a href=\"https:\/\/apps.atilf.fr\/reseaultf\/\" target=\"_blank\" rel=\"noopener noreferrer\"><em>Langage, Travail et Formation<\/em><\/a><\/p>\n<p>&nbsp;<\/p>\n<p><strong>Fonctions et responsabilit\u00e9s p\u00e9dagogiques<\/strong><\/p>\n<p><strong>2020-<\/strong> Responsable du Master fran\u00e7ais langue \u00e9trang\u00e8re (FLE)<br \/>\n<strong>2014-2020. <\/strong>Directrice du d\u00e9partement Sciences du langage \u2013 Membre de droit du conseil de l\u2019UFR Sciences Humaines et Sociales (Nancy)<br \/>\n<strong>2010-2015.\u00a0<\/strong>Responsable de la Licence Sciences du langage<br \/>\n<strong>2013-2014.\u00a0<\/strong>Directrice de l\u2019UFR Sciences du langage<br \/>\n<strong>2010-2013.\u00a0<\/strong>Membre du conseil de l\u2019UFR Sciences du langage<br \/>\n<strong>2007-2014.\u00a0<\/strong>Directrice d\u2019\u00e9tudes de la L1 SDL<br \/>\n<strong>2007.<\/strong> Maitre de conf\u00e9rences en Sciences du langage<br \/>\n<strong>2005-2007.<\/strong> ATER en Sciences du langage<br \/>\n<strong>2002-2005. <\/strong>Monitrice en Sciences du langage (bourse MESR)<\/p>\n<p>&nbsp;<\/p>\n<p><strong>Qualification \/ Dipl\u00f4mes<\/strong><\/p>\n<p><strong>2020<\/strong>. Qualification CNU : section 7 (Sciences du langage\u00a0: Linguistique et phon\u00e9tique g\u00e9n\u00e9rales).<\/p>\n<p><strong>2019.<\/strong> <strong>Habilitation \u00e0 diriger des recherches<\/strong>. Universit\u00e9 Lumi\u00e8re Lyon 2. Soutenue le 22 novembre.<\/p>\n<p><span style=\"color: #800080\"><em><a style=\"color: #800080\" href=\"https:\/\/perso.atilf.fr\/VirginieAndre\/wp-content\/uploads\/sites\/47\/2023\/04\/HDR_VirginieAndre2019.pdf\">Sociolinguistique des interactions verbales et exploitations didactiques<\/a>.<\/em><\/span><\/p>\n<p>Jury<br \/>\nV\u00e9ronique Traverso (conseill\u00e8re scientifique), ICAR<br \/>\nHerv\u00e9 Adami, Universit\u00e9 de Lorraine<br \/>\nAlex Boulton, Universit\u00e9 de Lorraine<br \/>\nIsabelle Racine, Universit\u00e9 de Gen\u00e8ve (Suisse)<br \/>\n\u00c9lisabeth Richard, Universit\u00e9 de Rennes 2<br \/>\nAnita Thomas, Universit\u00e9 de Fribourg (Suisse)<\/p>\n<p>&nbsp;<\/p>\n<p><strong>2007.<\/strong> Qualification CNU\u00a0: section 7 (Sciences du langage\u00a0: Linguistique et phon\u00e9tique g\u00e9n\u00e9rales).<\/p>\n<p><strong>2006<\/strong><strong>.<\/strong> <strong>Doctorat de Sciences du langage<\/strong>. Mention tr\u00e8s honorable avec les f\u00e9licitations du jury \u00e0 l\u2019unanimit\u00e9, Universit\u00e9 Nancy 2.<\/p>\n<p><a href=\"http:\/\/docnum.univ-lorraine.fr\/public\/NANCY2\/doc216\/2006NAN21005_1.pdf\" target=\"_blank\" rel=\"noopener\"><em>Construction collaborative du discours au sein de r\u00e9unions de travail en entreprise\u00a0: de l\u2019analyse micro-linguistique \u00e0 l\u2019analyse socio-interactionnelle<\/em>.<\/a><\/p>\n<p>Jury<br \/>\nDenis Apoth\u00e9loz (pr\u00e9sident), Universit\u00e9 de Lorraine<br \/>\nPhilip Riley (directeur de recherche), Universit\u00e9 de Lorraine<br \/>\nLaurent Filliettaz, Universit\u00e9 de Gen\u00e8ve<br \/>\nFran\u00e7oise Gadet, Universit\u00e9 Paris 10<br \/>\nCatherine Kerbrat-Orecchioni, Universit\u00e9 Lyon 2<\/p>\n<p>&nbsp;<\/p>\n<p><strong>2002.<\/strong> DEA de Sciences du langage, mention tr\u00e8s bien, Universit\u00e9 Nancy 2.<br \/>\nTitre du m\u00e9moire\u00a0: <em>Les interactions verbales au sein des r\u00e9unions de travail en entreprise\u00a0: \u00e9tude sociolinguistique de l\u2019influence du statut du locuteur<\/em>. Jury\u00a0: Philip Riley (pr\u00e9sident), Emmanuelle Canut (directrice de recherche).<\/p>\n<p><strong>2001.<\/strong> Ma\u00eetrise de Sciences du langage, mention tr\u00e8s bien, Universit\u00e9 Nancy 2.<br \/>\nTitre du m\u00e9moire\u00a0: <em>Les r\u00e9unions de travail en entreprise\u00a0: \u00e9tude sociolinguistique<\/em>. Jury\u00a0: Jeanne-Marie Debaisieux (pr\u00e9sidente), Philip Riley, Richard Duda (directeur de recherche).<\/p>\n<p><strong>2000.<\/strong> Licence Sciences du langage.<\/p>\n","protected":false},"excerpt":{"rendered":"<p>Fonctions actuelles Professeure des Universit\u00e9s en Sciences du langage, Universit\u00e9 de Lorraine &#8211; Nancy Membre du laboratoire ATILF UMR 7118 Universit\u00e9 de Lorraine &amp; CNRS Equipe Didactique des langues et sociolinguistique Co-fondatrice du groupe de recherche et du r\u00e9seau\u00a0Langage, Travail &hellip; <a href=\"https:\/\/perso.atilf.fr\/VirginieAndre\/cv\/\">Continuer la lecture <span class=\"meta-nav\">&rarr;<\/span><\/a><\/p>\n","protected":false},"author":1,"featured_media":0,"parent":0,"menu_order":0,"comment_status":"closed","ping_status":"closed","template":"","meta":{"footnotes":""},"class_list":["post-23","page","type-page","status-publish","hentry"],"_links":{"self":[{"href":"https:\/\/perso.atilf.fr\/VirginieAndre\/wp-json\/wp\/v2\/pages\/23","targetHints":{"allow":["GET"]}}],"collection":[{"href":"https:\/\/perso.atilf.fr\/VirginieAndre\/wp-json\/wp\/v2\/pages"}],"about":[{"href":"https:\/\/perso.atilf.fr\/VirginieAndre\/wp-json\/wp\/v2\/types\/page"}],"author":[{"embeddable":true,"href":"https:\/\/perso.atilf.fr\/VirginieAndre\/wp-json\/wp\/v2\/users\/1"}],"replies":[{"embeddable":true,"href":"https:\/\/perso.atilf.fr\/VirginieAndre\/wp-json\/wp\/v2\/comments?post=23"}],"version-history":[{"count":42,"href":"https:\/\/perso.atilf.fr\/VirginieAndre\/wp-json\/wp\/v2\/pages\/23\/revisions"}],"predecessor-version":[{"id":915,"href":"https:\/\/perso.atilf.fr\/VirginieAndre\/wp-json\/wp\/v2\/pages\/23\/revisions\/915"}],"wp:attachment":[{"href":"https:\/\/perso.atilf.fr\/VirginieAndre\/wp-json\/wp\/v2\/media?parent=23"}],"curies":[{"name":"wp","href":"https:\/\/api.w.org\/{rel}","templated":true}]}}