{"id":35,"date":"2015-06-29T13:47:31","date_gmt":"2015-06-29T12:47:31","guid":{"rendered":"https:\/\/apps.atilf.fr\/homepages\/vandre\/?page_id=35"},"modified":"2024-12-27T17:31:49","modified_gmt":"2024-12-27T16:31:49","slug":"accueil","status":"publish","type":"page","link":"https:\/\/perso.atilf.fr\/VirginieAndre\/","title":{"rendered":"Accueil"},"content":{"rendered":"<p><strong>Professeure des Universit\u00e9s en Sciences du langage<\/strong><br \/>\nUniversit\u00e9 de Lorraine<br \/>\n<a href=\"https:\/\/www.atilf.fr\/\" target=\"_blank\" rel=\"noopener\">ATILF<\/a> (UMR 7118)<\/p>\n<p>Responsable du <a href=\"http:\/\/shs-nancy.univ-lorraine.fr\/node\/954\" target=\"_blank\" rel=\"noopener noreferrer\">Master Fran\u00e7ais Langue \u00c9trang\u00e8re (FLE)<\/a> &#8211; Universit\u00e9 de Lorraine.<br \/>\nMembre associ\u00e9e au laboratoire <a href=\"https:\/\/icar.cnrs.fr\/\" target=\"_blank\" rel=\"noopener\">ICAR<\/a> (UMR 5191), \u00c9quipe <a href=\"https:\/\/icar.cnrs.fr\/recherche\/interactions-cognitions\/\" target=\"_blank\" rel=\"noopener\">Interactions, cognition<\/a> (LIS).<\/p>\n<p><strong><br \/>\nGroupes de recherche du laboratoire<\/strong><br \/>\n<a href=\"https:\/\/reseaultf.atilf.fr\/\" target=\"_blank\" rel=\"noopener\">Langage, Travail et Formation<\/a><br \/>\n<a href=\"https:\/\/projet-fleuron.atilf.fr\/\" target=\"_blank\" rel=\"noopener\">FLEURON<\/a><\/p>\n<p><strong>Coordonn\u00e9es<\/strong><\/p>\n\n<table id=\"tablepress-4\" class=\"tablepress tablepress-id-4\">\n<tbody class=\"row-striping\">\n<tr class=\"row-1\">\n\t<td class=\"column-1\">Courriel<\/td><td class=\"column-2\"><a href=\"mailto:Virginie.Andre@univ-lorraine.fr\">Virginie.Andre@univ-lorraine.fr <\/a><\/td>\n<\/tr>\n<tr class=\"row-2\">\n\t<td class=\"column-1\">T\u00e9l\u00e9phone<\/td><td class=\"column-2\">+33 (0)3 72 74 32 31<\/td>\n<\/tr>\n<tr class=\"row-3\">\n\t<td class=\"column-1\">Bureau<\/td><td class=\"column-2\">B\u00e2timent F - RDC haut<br \/>\nCLSH<br \/>\n23 Boulevard Albert 1er<br \/>\n54015 Nancy Cedex<\/td>\n<\/tr>\n<tr class=\"row-4\">\n\t<td class=\"column-1\">Laboratoire<\/td><td class=\"column-2\">ATILF<br \/>\n44, avenue de la Lib\u00e9ration <br \/>\nB.P. 30687 <br \/>\n54063 Nancy Cedex<\/td>\n<\/tr>\n<\/tbody>\n<\/table>\n<!-- #tablepress-4 from cache -->\n<p>&nbsp;<\/p>\n","protected":false},"excerpt":{"rendered":"<p>Professeure des Universit\u00e9s en Sciences du langage Universit\u00e9 de Lorraine ATILF (UMR 7118) Responsable du Master Fran\u00e7ais Langue \u00c9trang\u00e8re (FLE) &#8211; Universit\u00e9 de Lorraine. Membre associ\u00e9e au laboratoire ICAR (UMR 5191), \u00c9quipe Interactions, cognition (LIS). Groupes de recherche du laboratoire &hellip; <a href=\"https:\/\/perso.atilf.fr\/VirginieAndre\/\">Continuer la lecture <span class=\"meta-nav\">&rarr;<\/span><\/a><\/p>\n","protected":false},"author":1,"featured_media":0,"parent":0,"menu_order":0,"comment_status":"closed","ping_status":"closed","template":"","meta":{"footnotes":""},"class_list":["post-35","page","type-page","status-publish","hentry"],"_links":{"self":[{"href":"https:\/\/perso.atilf.fr\/VirginieAndre\/wp-json\/wp\/v2\/pages\/35","targetHints":{"allow":["GET"]}}],"collection":[{"href":"https:\/\/perso.atilf.fr\/VirginieAndre\/wp-json\/wp\/v2\/pages"}],"about":[{"href":"https:\/\/perso.atilf.fr\/VirginieAndre\/wp-json\/wp\/v2\/types\/page"}],"author":[{"embeddable":true,"href":"https:\/\/perso.atilf.fr\/VirginieAndre\/wp-json\/wp\/v2\/users\/1"}],"replies":[{"embeddable":true,"href":"https:\/\/perso.atilf.fr\/VirginieAndre\/wp-json\/wp\/v2\/comments?post=35"}],"version-history":[{"count":94,"href":"https:\/\/perso.atilf.fr\/VirginieAndre\/wp-json\/wp\/v2\/pages\/35\/revisions"}],"predecessor-version":[{"id":941,"href":"https:\/\/perso.atilf.fr\/VirginieAndre\/wp-json\/wp\/v2\/pages\/35\/revisions\/941"}],"wp:attachment":[{"href":"https:\/\/perso.atilf.fr\/VirginieAndre\/wp-json\/wp\/v2\/media?parent=35"}],"curies":[{"name":"wp","href":"https:\/\/api.w.org\/{rel}","templated":true}]}}