{"id":17,"date":"2015-06-29T13:43:37","date_gmt":"2015-06-29T12:43:37","guid":{"rendered":"https:\/\/apps.atilf.fr\/homepages\/?page_id=17"},"modified":"2026-03-02T08:37:00","modified_gmt":"2026-03-02T07:37:00","slug":"publications","status":"publish","type":"page","link":"https:\/\/perso.atilf.fr\/ahamza\/publications\/","title":{"rendered":"Publications"},"content":{"rendered":"<p style=\"font-weight: 400\"><span style=\"color: #000000\"><strong><u>Articles de revues<\/u><\/strong><\/span><\/p>\n<p><strong>Hamza-Jamann, A.<\/strong> (2026). La langue est-elle encore une affaire d\u2019humains ? M\u00e9langes CRAPEL, <a href=\"https:\/\/www.atilf.fr\/wp-content\/uploads\/publications\/MelangesCrapel\/10_Carte_Blanche_Melanges_CRAPEL_Varia_462_2025_Anissa_Hamza-Jamann_pages_185-196.pdf\">46(2)<\/a>.<\/p>\n<p style=\"font-weight: 400\"><strong>Hamza-Jamann, A<\/strong>., et Molle, N. (2025). Cartographie des usages de l\u2019Intelligence Artificielle G\u00e9n\u00e9rative dans l\u2019apprentissage des langues chez les \u00e9tudiants Lansad.\u00a0<em>RDLC, 23(2).<\/em><em>\u00a0<\/em><a href=\"https:\/\/journals.openedition.org\/rdlc\/16438\">https:\/\/journals.openedition.org\/rdlc\/16438<\/a><\/p>\n<p>Lemoine-Bresson, V &amp; <strong>Hamza-Jamann, A.<\/strong> (2025). Entretien avec Magali Attiogb\u00e9. <em>Des mots aux images : sensibilisation \u00e0 l&rsquo;interculturalit\u00e9, \u00e0 l&rsquo;IA et \u00e0 la diversit\u00e9 dans la litt\u00e9rature de jeunesse. <a href=\"https:\/\/www.atilf.fr\/wp-content\/uploads\/publications\/MelangesCrapel\/10_Melanges_CRAPEL_461_CarteBlanche_Lemoine-Bresson_et_Hamza-Jamann_pages_163-191_VF.pdf\">M\u00e9langes CRAPEL<\/a><\/em>, <a href=\"https:\/\/www.atilf.fr\/publications\/revues-atilf\/melanges-crapel\/\">46(1)<\/a>.<\/p>\n<p style=\"font-weight: 400\"><span style=\"color: #000000\">Molle, N. <strong>Hamza-Jamann, A<\/strong> &amp; Nassau, G. (2025). \u00ab Je ne sais pas trop comment m\u2019y prendre&#8230; \u00bb : les enseignants Lansad face aux d\u00e9fis de la traduction automatique. <a href=\"http:\/\/journals.openedition.org\/alsic\/7777\"><em>ALSIC<\/em><\/a><\/span><span style=\"color: #000000\">, vol 27, N 3.\u00a0<\/span><\/p>\n<p style=\"font-weight: 400\"><span style=\"color: #000000\">Sma\u00efli, K., <strong>Hamza-Jamann, A.<\/strong>, Langlois, D., Amazouz, D. (2025). BOUTEF: Bolstering Our Understanding Through an Elaborated Fake News Corpus. In: Hdioud, B., Aouragh, S.L. (eds) Arabic Language Processing: From Theory to Practice. ICALP 2024. Communications in Computer and Information Science, vol 2340. <a href=\"https:\/\/doi.org\/10.1007\/978-3-031-80438-0_9\">Springer, Cham<\/a>.\u00a0<\/span><\/p>\n<p style=\"font-weight: 400\"><span style=\"color: #000000\">Putsche, J., &amp; <strong>Hamza-Jamann, A<\/strong>. (2025). Faire co-exister le culturel et l\u2019interculturel dans un dispositif d\u2019enseignement et de recherche DBR du FLE en ligne. <em>Zwischen Hoch-, Pop- und Alltagskultur: Aktuelle fremdsprachendidaktische Perspektiven f\u00fcr das Fach Franz\u00f6sisch<\/em>, <a href=\"https:\/\/doi.org\/10.25932\/publishup-67603\"><em>7<\/em>, 141\u2011154<\/a>.\u00a0<\/span><\/p>\n<p style=\"font-weight: 400\"><span style=\"color: #000000\"><strong>Hamza-jamann, A.,<\/strong> &amp; Kharmouche, I. (2024). \u00ab\u00a0\u0645\u0648\u0642\u0639 DeepL \u064a\u0635\u0646\u0639 \u0627\u0644\u0645\u0639\u062c\u0632\u0627\u062a\u060c \u0641\u0644\u0645\u0627\u0630\u0627 \u064a\u062c\u0628 \u0623\u0646 \u0623\u062a\u0639\u0644\u0645 \u0627\u0644\u062a\u0631\u062c\u0645\u0629\u061f\u00a0\u00bb \u062a\u062f\u0631\u064a\u0633 \u0627\u0644\u062a\u0631\u062c\u0645\u0629 \u0645\u0646 \u0627\u0644\u0644\u063a\u0629 \u0627\u0644\u0623\u062c\u0646\u0628\u064a\u0629 \u0625\u0644\u0649\u0627\u0644\u0644\u063a\u0629 \u0627\u0644\u0623\u0645 \u0636\u0645\u0646 \u062a\u0639\u0644\u064a\u0645\u064a\u0629 \u0627\u0644\u0644\u063a\u0629 \u0641\u064a \u0627\u0644\u0632\u0645\u0646 \u0627\u0644\u0631\u0642\u0645\u064a\u202f: \u0645\u0627 \u0647\u064a \u0627\u0644\u062a\u062d\u0648\u0644\u0627\u062a \u0627\u0644\u062d\u0627\u0635\u0644\u0629\u061f \u062a\u0623\u0644\u064a\u0641 \u0623\u0646\u064a\u0633\u0629 \u062d\u0645\u0632\u0629 \u062c\u0645\u0627\u0646\u060c ATILF-CNRS \u0648\u062c\u0627\u0645\u0639\u0629 \u0644\u0648\u0631\u064a\u0646 \u062a\u0631\u062c\u0645\u0629 \u0644\u0645\u0642\u0627\u0644 \u00ab\u202fDeepL fait des miracles, pourquoi je devrais apprendre \u00e0 traduire?\u00bb Enseigner la version en cours de langue \u00e0 l\u2019\u00e8re du num\u00e9rique\u202f: quelles transformations\u202f? Anissa Hamza-Jamann, ATILF-CNRS &amp; Universit\u00e9 de Lorraine. <a href=\"https:\/\/asjp.cerist.dz\/en\/article\/251034\">\u0645\u062c\u0644\u0629 \u0627\u0644\u0623\u0643\u0627\u062f\u064a\u0645\u064a\u0629\u0627\u0644\u062f\u0648\u0644\u064a\u0629 \u0644\u0644\u0639\u0644\u0648\u0645 \u0627\u0644\u0646\u0641\u0633\u064a\u0629 \u0648\u0627\u0644\u062a\u0631\u0628\u0648\u064a\u0629 \u0648\u0627\u0644\u0623\u0631\u0637\u0641\u0648\u0646\u064a<\/a>\u0627, <em>4<\/em>(2), 32\u201150.<\/span><\/p>\n<p><span style=\"color: #000000\"><strong>Hamza-Jamann, A.<\/strong> (2024). Langues et cultures, apprentissage non formel \u00e0 l\u2019\u00e8re du num\u00e9rique : Cadre m\u00e9thodologique du projet INJEU. Dans, Putsche J. &amp;\u00a0 Polzin, C. I-N-Jeu Interculturalit\u00e9 &#8211; Num\u00e9rique &#8211; Jeunes &#8211; textes de travail (<a href=\"https:\/\/www.ofaj.org\/recherche-et-evaluation\/textes-de-travail\">N\u00b033<\/a>). OFAJ. Allemagne.\u00a0<\/span><\/p>\n<p style=\"font-weight: 400\"><span style=\"color: #000000\">Faucompr\u00e9, C &amp; <strong>Hamza, A<\/strong>. (2023). \u00ab\u00a0L\u2019interculturel dans les rencontres\u00a0franco-allemandes de jeunes en ligne: de la repr\u00e9sentation \u00e0 la pratique chez les animateurs\u00a0\u00bb. Synergies Pologne, 2023, (17).1<\/span><\/p>\n<p style=\"font-weight: 400\"><span style=\"color: #000000\">Schmoll, L., R\u00e9mon, J., Manoilov, P., <strong>Hamza, A<\/strong>. &amp; Oursel, \u00c9. (2022). \u00ab \u00c0 la crois\u00e9e du d\u00e9veloppement de la comp\u00e9tence num\u00e9rique et de la comp\u00e9tence en langue \u00e9trang\u00e8re : \u00e9tude pr\u00e9liminaire pour le d\u00e9veloppement d\u2019un outil ludop\u00e9dagogique pour les 4-7 ans\u00a0\u00bb, <em><a href=\"https:\/\/journals.openedition.org\/alsic\/5995\">ALSIC<\/a>, 25.<\/em><\/span><\/p>\n<p style=\"font-weight: 400\"><span style=\"color: #000000\"><strong>Hamza, A.<\/strong> (2022). \u00ab\u00a0Repr\u00e9sentations d&rsquo;un domaine \u00e0 un autre &lsquo;Introduction&rsquo;\u00a0\u00bb. <em>Dixit Grammatica<\/em> (vol : 10), Paris : \u00c9ditions l&rsquo;Harmattan.\u00a0<\/span><\/p>\n<p style=\"font-weight: 400\"><strong>Hamza, A.<\/strong> &amp; Bernhard, D. (2019).\u00a0<a href=\"https:\/\/aclanthology.org\/2019.jeptalnrecital-long.7\/\">D\u00e9tection des ellipses dans des corpus de sous-titres en anglais (Ellipsis Detection in English Subtitles Corpora )<\/a>. In\u00a0<em>Actes de la Conf\u00e9rence sur le Traitement Automatique des Langues Naturelles (TALN) PFIA 2019. Volume I : Articles longs<\/em>, pages 99\u2013112, Toulouse, France. ATALA.<\/p>\n<p style=\"font-weight: 400\">Baird, A., <strong>Hamza, A<\/strong>., Hardt, D. (2018).\u00a0<a href=\"https:\/\/aclanthology.org\/L18-1249\/\">Classifying Sluice Occurrences in Dialogue<\/a>. In\u00a0<em>Proceedings of the Eleventh International Conference on Language Resources and Evaluation (LREC 2018)<\/em>, Miyazaki, Japan. European Language Resources Association (ELRA).<\/p>\n<p style=\"font-weight: 400\"><span style=\"color: #000000\"><strong><u>Coordinations de revue <\/u><\/strong><\/span><\/p>\n<p style=\"font-weight: 400\"><span style=\"color: #000000\"><strong>Hamza-Jamann, A.<\/strong> &amp; Lemoine-Bresson, V. (en cours, juin 2026). Regards crois\u00e9s sur l\u2019IA g\u00e9n\u00e9rative dans une approche didactique : aller au-del\u00e0 de l\u2019opportunisme, d\u00e9passer l\u2019alarmisme. <em><a style=\"color: #000000\" href=\"https:\/\/red-revue.univ-lille.fr\/fileadmin\/user_upload\/red-revue\/user_upload\/documents\/document_pour_la_revue\/appel_publi_IA_recherches_en_dida.pdf\">Recherches en Didactiques<\/a><\/em>, 41(1).<\/span><\/p>\n<p style=\"font-weight: 400\"><span style=\"color: #000000\">Divoux, A. &amp; <strong>Hamza-Jamann, A.<\/strong> (en cours, juin 2026). Didactique des langues 4.0 : Penser, analyser, \u00e9crire l\u2019avenir de la recherche \u00e0 l\u2019\u00e8re de l\u2019IAG. <em><a style=\"color: #000000\" href=\"https:\/\/www.atilf.fr\/wp-content\/uploads\/publications\/MelangesCrapel\/MelangesCrapel_Appel_DidactiqueDesLangues4.0_2026_HS.pdf\">M\u00e9langes CRAPEL.<\/a><\/em> H-S.<\/span><\/p>\n<p style=\"font-weight: 400\"><span style=\"color: #000000\">Boulton, A., <strong>Hamza-Jamann, A.<\/strong> &amp; Miras, G. (en cours, juin 2026). Naturel et artificiel en linguistique appliqu\u00e9e : Une \u00e9poque de paradoxe. <a style=\"color: #000000\" href=\"https:\/\/shs-cairn-info.bases-doc.univ-lorraine.fr\/revue-ela?lang=fr\">\u00c9la<\/a>, N\u00b0 217.<\/span><\/p>\n<p style=\"font-weight: 400\"><span style=\"color: #000000\"><strong>Hamza, A.<\/strong> &amp; Coelho, C. (dir). (2022). Repr\u00e9sentations. <em>Dixit Grammatica<\/em> (vol : 10), Paris : \u00c9ditions l&rsquo;Harmattan.\u00a0<\/span><\/p>\n<p style=\"font-weight: 400\"><span style=\"color: #000000\">Schmitt, F &amp; <strong>Hamza, A.<\/strong> (dir). (2022). Perceptions. <em>Dixit Grammatica<\/em> (vol : 11), Paris : \u00c9ditions l&rsquo;Harmattan.\u00a0<\/span><\/p>\n<p><span style=\"text-decoration: underline\"><strong>Documents p\u00e9dagogiques\u00a0<\/strong><\/span><\/p>\n<p class=\"p1\">Balezo, J., Cl\u00e9mence, C., Delpy, M., Falgas, J., Gu\u00e9ly-Costa, E. , <strong>Hamza-Jamann, A.<\/strong>, Issenmann, N., Nowakowski, S et Pieron, L. (2026). <a href=\"https:\/\/sup.univ-lorraine.fr\/wp-content\/uploads\/2026\/02\/a4_oupepo-iag.pdf\">Intelligence Artificielle g\u00e9n\u00e9rative (IAG) : Comment se positionner dans nos pratiques p\u00e9dagogiques ?<\/a><em> OuP\u00e9Po, R\u00e9cit 4. Dacip. <\/em>Universit\u00e9 de Lorraine<em>.<\/em><\/p>\n<p style=\"font-weight: 400\"><span style=\"color: #000000\"><strong><u>Comptes rendus d&rsquo;ouvrage et recensions<\/u><\/strong><\/span><\/p>\n<p style=\"font-weight: 400\"><span style=\"color: #000000\"><strong>Hamza, A.<\/strong> (2017), Review of Michael Cronin\u2019s <em>Translation in the Digital Age<\/em>, <em>RANAM<\/em> N\u00b048, Presses universitaires de Strasbourg.<\/span><\/p>\n<p style=\"font-weight: 400\"><strong><u>Th\u00e8se de doctorat<\/u><\/strong><strong>\u00a0<\/strong><\/p>\n<p style=\"font-weight: 400\"><strong>Hamza, A.<\/strong> (2019). La d\u00e9tection et la traduction automatiques de l\u2019ellipse : enjeux th\u00e9oriques et pratiques. [<a href=\"https:\/\/theses.fr\/2019STRAC015\">th\u00e8se<\/a>]. Universit\u00e9 de strasbourg.<\/p>\n<p style=\"font-weight: 400\">\n","protected":false},"excerpt":{"rendered":"<p>Articles de revues Hamza-Jamann, A. (2026). La langue est-elle encore une affaire d\u2019humains ? M\u00e9langes CRAPEL, 46(2). Hamza-Jamann, A., et Molle, N. (2025). Cartographie des usages de l\u2019Intelligence Artificielle G\u00e9n\u00e9rative dans l\u2019apprentissage des langues chez les \u00e9tudiants Lansad.\u00a0RDLC, 23(2).\u00a0https:\/\/journals.openedition.org\/rdlc\/16438 Lemoine-Bresson, &hellip; <a href=\"https:\/\/perso.atilf.fr\/ahamza\/publications\/\">Continuer la lecture <span class=\"meta-nav\">&rarr;<\/span><\/a><\/p>\n","protected":false},"author":1,"featured_media":0,"parent":0,"menu_order":0,"comment_status":"closed","ping_status":"closed","template":"","meta":{"footnotes":""},"class_list":["post-17","page","type-page","status-publish","hentry"],"_links":{"self":[{"href":"https:\/\/perso.atilf.fr\/ahamza\/wp-json\/wp\/v2\/pages\/17","targetHints":{"allow":["GET"]}}],"collection":[{"href":"https:\/\/perso.atilf.fr\/ahamza\/wp-json\/wp\/v2\/pages"}],"about":[{"href":"https:\/\/perso.atilf.fr\/ahamza\/wp-json\/wp\/v2\/types\/page"}],"author":[{"embeddable":true,"href":"https:\/\/perso.atilf.fr\/ahamza\/wp-json\/wp\/v2\/users\/1"}],"replies":[{"embeddable":true,"href":"https:\/\/perso.atilf.fr\/ahamza\/wp-json\/wp\/v2\/comments?post=17"}],"version-history":[{"count":23,"href":"https:\/\/perso.atilf.fr\/ahamza\/wp-json\/wp\/v2\/pages\/17\/revisions"}],"predecessor-version":[{"id":559,"href":"https:\/\/perso.atilf.fr\/ahamza\/wp-json\/wp\/v2\/pages\/17\/revisions\/559"}],"wp:attachment":[{"href":"https:\/\/perso.atilf.fr\/ahamza\/wp-json\/wp\/v2\/media?parent=17"}],"curies":[{"name":"wp","href":"https:\/\/api.w.org\/{rel}","templated":true}]}}