{"id":13,"date":"2015-06-29T13:43:15","date_gmt":"2015-06-29T12:43:15","guid":{"rendered":"https:\/\/apps.atilf.fr\/homepages\/?page_id=13"},"modified":"2026-04-08T12:45:29","modified_gmt":"2026-04-08T11:45:29","slug":"enseignement","status":"publish","type":"page","link":"https:\/\/perso.atilf.fr\/ajingand\/enseignement\/","title":{"rendered":"Enseignement"},"content":{"rendered":"<table style=\"height: 1101px\" width=\"824\">\n<tbody>\n<tr>\n<td colspan=\"4\" width=\"100%\">\n<p style=\"text-align: center\"><strong>Insp\u00e9 de l\u2019Universit\u00e9 de Lorraine, ATER (2025-2026)<\/strong><\/p>\n<\/td>\n<\/tr>\n<tr>\n<td rowspan=\"7\" width=\"30%\">Master 1 M\u00e9tiers de l\u2019Enseignement, de l\u2019\u00e9ducation et de la Formation (MEEF) 1<sup>er<\/sup> degr\u00e9<\/td>\n<td width=\"41%\">Pratique d\u2019une langue-culture \u00e9trang\u00e8re\u00a0: allemand<\/td>\n<td width=\"18%\">Pratique de l\u2019allemand<\/td>\n<td width=\"9%\">27 HTD<\/td>\n<\/tr>\n<tr>\n<td width=\"41%\">Suivi de m\u00e9moire (2 \u00e9tudiants)<\/td>\n<td rowspan=\"2\" width=\"18%\">Mission d\u2019encadrement<\/td>\n<td width=\"9%\">2 HTD<\/td>\n<\/tr>\n<tr>\n<td width=\"41%\">Suivi des stages (2 \u00e9tudiants)<\/td>\n<td width=\"9%\">2 HTD<\/td>\n<\/tr>\n<tr>\n<td width=\"41%\">Albums jeunesse\u00a0: histoires vivantes, langues vivantes<\/td>\n<td rowspan=\"2\" width=\"18%\">Didactique des langues<\/td>\n<td width=\"9%\">6 HTD<\/td>\n<\/tr>\n<tr>\n<td width=\"41%\">S\u2019approprier les fondamentaux de l\u2019enseignement des langues-cultures \u00e9trang\u00e8res<\/td>\n<td width=\"9%\">15 HTD<\/td>\n<\/tr>\n<tr>\n<td width=\"41%\">Initiation \u00e0 la recherche, le m\u00e9moire de master MEEF<\/td>\n<td width=\"18%\">M\u00e9thodologie de la recherche<\/td>\n<td width=\"9%\">6 HTD<\/td>\n<\/tr>\n<tr>\n<td width=\"41%\">Pratique d\u2019une langue-culture \u00e9trang\u00e8re\u00a0: tutorat (3 \u00e9tudiants)<\/td>\n<td width=\"18%\">Mission d\u2019accompagnement<\/td>\n<td width=\"9%\">12 HTD<\/td>\n<\/tr>\n<tr>\n<td rowspan=\"2\" width=\"30%\">Master 2 MEEF 1<sup>er<\/sup> degr\u00e9<\/td>\n<td width=\"41%\">Albums jeunesse et langues vivantes \u00e9trang\u00e8res\u00a0: des histoires en jeu<\/td>\n<td width=\"18%\">Didactique des langues<\/td>\n<td width=\"9%\">10 HTD<\/td>\n<\/tr>\n<tr>\n<td width=\"41%\">Suivi des stages (3 \u00e9tudiants)<\/td>\n<td width=\"18%\">Mission d\u2019encadrement<\/td>\n<td width=\"9%\">4 HTD<\/td>\n<\/tr>\n<tr>\n<td width=\"30%\">Master 2 Fonctionnaires Stagiaires \u00e0 Mi-Temps<\/td>\n<td width=\"41%\">Didactique des langues-cultures et plurilinguisme<\/td>\n<td width=\"18%\">Didactique des langues<\/td>\n<td width=\"9%\">6 HTD<\/td>\n<\/tr>\n<tr>\n<td width=\"30%\">Master 2 Ing\u00e9nierie P\u00e9dagogique<\/td>\n<td width=\"41%\">D\u00e9marche d\u2019\u00e9criture et pratiques d\u2019\u00e9critures<\/td>\n<td width=\"18%\">Mission d\u2019encadrement<\/td>\n<td width=\"9%\">12 HTD<\/td>\n<\/tr>\n<tr>\n<td width=\"30%\">Master 1 Design &amp; Ing\u00e9nierie P\u00e9dagogique pour l\u2019Exp\u00e9rience d\u2019Apprentissage<\/td>\n<td width=\"41%\">Bloc recherche<\/td>\n<td width=\"18%\">M\u00e9thodologie de la recherche<\/td>\n<td width=\"9%\">24,5 HTD<\/td>\n<\/tr>\n<tr>\n<td width=\"30%\">Certificat d\u2019Aptitude \u00e0 la Participation \u00e0 l\u2019Enseignement du Fran\u00e7ais \u00e0 l\u2019\u00e9tranger (CAPEFE)<\/td>\n<td width=\"41%\">La dimension interculturelle dans la pratique enseignante et dans la relation avec les familles<\/td>\n<td width=\"18%\">Didactique des langues<\/td>\n<td width=\"9%\">3 HCM \/<br \/>\n4, 5 HTD<\/td>\n<\/tr>\n<tr>\n<td width=\"30%\">Licence 1 Sciences du Langage<\/td>\n<td width=\"41%\">Diversit\u00e9 en linguistique appliqu\u00e9e<\/td>\n<td rowspan=\"2\" width=\"18%\">Sciences du langage<\/td>\n<td width=\"9%\">7 HTD<\/td>\n<\/tr>\n<tr>\n<td width=\"30%\">Licence 3 Sciences du Langage<\/td>\n<td width=\"41%\">Grammaire\u00a0: phras\u00e9ologie<\/td>\n<td width=\"9%\">24 HTD<\/td>\n<\/tr>\n<\/tbody>\n<\/table>\n<p>&nbsp;<\/p>\n<table style=\"height: 694px\" width=\"819\">\n<tbody>\n<tr>\n<td style=\"text-align: center\" colspan=\"4\" width=\"708\"><strong>Insp\u00e9 de l\u2019Universit\u00e9 de Lorraine, ATER (2023-2024)<\/strong><\/td>\n<\/tr>\n<tr>\n<td style=\"text-align: center\" rowspan=\"2\" width=\"184\">Master 1 M\u00e9tiers de l\u2019Enseignement, de l\u2019\u00e9ducation et de la Formation (MEEF) 1<sup>er<\/sup> degr\u00e9<\/td>\n<td width=\"293\">M\u00e9thodologie de la recherche<\/td>\n<td width=\"166\">M\u00e9thodologie de la recherche<\/td>\n<td width=\"65\">35 HTD<\/td>\n<\/tr>\n<tr>\n<td width=\"293\">Pratique d\u2019une Langue-Culture \u00e9trang\u00e8re\u00a0: allemand<\/td>\n<td width=\"166\">Pratique de l\u2019allemand<\/td>\n<td width=\"65\">27 HTD<\/td>\n<\/tr>\n<tr>\n<td style=\"text-align: center\" rowspan=\"2\" width=\"184\">Master 2 MEEF<\/td>\n<td width=\"293\">Suivi de stage<\/td>\n<td rowspan=\"2\" width=\"166\">Mission d\u2019encadrement<\/td>\n<td width=\"65\">5 HTD<\/td>\n<\/tr>\n<tr>\n<td width=\"293\">Suivi de m\u00e9moire<\/td>\n<td width=\"65\">2 HTD<\/td>\n<\/tr>\n<tr>\n<td style=\"text-align: center\" width=\"184\">Master 1 Droit international<\/td>\n<td width=\"293\">Pratique de l\u2019allemand<\/td>\n<td width=\"166\">Allemand LANSAD<\/td>\n<td width=\"65\">30 HTD<\/td>\n<\/tr>\n<tr>\n<td style=\"text-align: center\" rowspan=\"2\" width=\"184\">Certificat d\u2019Aptitude \u00e0 la Participation \u00e0 l\u2019Enseignement du Fran\u00e7ais \u00e0 l\u2019\u00e9tranger (CAPEFE)<\/td>\n<td width=\"293\">La dimension interculturelle dans la pratique enseignante et dans la relation avec les familles<\/td>\n<td rowspan=\"2\" width=\"166\">Didactique des langues<\/td>\n<td width=\"65\">3 HCM \/<\/p>\n<p>4, 5 HTD<\/td>\n<\/tr>\n<tr>\n<td width=\"293\">Interagir avec des \u00e9l\u00e8ves dans un contexte plurilingue\u00a0: le portfolio<\/td>\n<td width=\"65\">13, 5 HTD<\/td>\n<\/tr>\n<tr>\n<td rowspan=\"2\" width=\"184\">\n<p style=\"text-align: center\">Dipl\u00f4me Universitaire (DU)<\/p>\n<p style=\"text-align: center\">Pratiquer et Enseigner l\u2019allemand<\/p>\n<\/td>\n<td width=\"293\">Comp\u00e9tences linguistiques<\/td>\n<td width=\"166\">Pratique de l\u2019allemand<\/td>\n<td width=\"65\">27 HCM \/ 40, 5 HTD<\/td>\n<\/tr>\n<tr>\n<td width=\"293\">Comp\u00e9tences de projet<\/td>\n<td width=\"166\">Didactique des langues<\/td>\n<td width=\"65\">32 HCM \/48 HTD<\/td>\n<\/tr>\n<\/tbody>\n<\/table>\n<p>&nbsp;<\/p>\n<table style=\"height: 730px\" width=\"819\">\n<tbody>\n<tr>\n<td style=\"text-align: center\" colspan=\"4\" width=\"708\"><strong>Universit\u00e9 de Bretagne Sud, ATER (2022-2023)<\/strong><\/td>\n<\/tr>\n<tr>\n<td style=\"text-align: center\" rowspan=\"3\" width=\"184\">Licence 1 Langues \u00e9trang\u00e8res Appliqu\u00e9es (LEA)<\/td>\n<td width=\"293\">Grammaire allemande<\/td>\n<td width=\"169\">Linguistique allemande<\/td>\n<td width=\"62\">24 HTD<\/td>\n<\/tr>\n<tr>\n<td width=\"293\">Expression orale allemande<\/td>\n<td rowspan=\"5\" width=\"169\">Pratique de l\u2019allemand<\/td>\n<td width=\"62\">12 HTD<\/td>\n<\/tr>\n<tr>\n<td width=\"293\">Soutien allemand<\/td>\n<td width=\"62\">24 HTD<\/td>\n<\/tr>\n<tr>\n<td style=\"text-align: center\" rowspan=\"3\" width=\"184\">Licence 2 LEA<\/td>\n<td width=\"293\">Traduction allemand &#8211; fran\u00e7ais<\/td>\n<td width=\"62\">22 HTD<\/td>\n<\/tr>\n<tr>\n<td width=\"293\">Compr\u00e9hension et expression allemande<\/td>\n<td width=\"62\">33 HTD<\/td>\n<\/tr>\n<tr>\n<td width=\"293\">Langue \u00e9conomique et commerciale allemande<\/td>\n<td width=\"62\">22 HTD<\/td>\n<\/tr>\n<tr>\n<td style=\"text-align: center\" width=\"184\">Licences 2 et 3 LEA<\/td>\n<td width=\"293\">Suivi de stage + soutenance<\/td>\n<td width=\"169\">Mission d\u2019encadrement<\/td>\n<td width=\"62\">10 HTD<\/td>\n<\/tr>\n<tr>\n<td style=\"text-align: center\" width=\"184\">Licence 3 LEA<\/td>\n<td width=\"293\">Compr\u00e9hension et expression allemande<\/td>\n<td rowspan=\"3\" width=\"169\">Pratique de l\u2019allemand<\/td>\n<td width=\"62\">30 HTD<\/td>\n<\/tr>\n<tr>\n<td width=\"184\">\n<p style=\"text-align: center\">Licence 3 LEA<\/p>\n<p style=\"text-align: center\">Master 1 Responsable du D\u00e9veloppement International (RDI)<\/p>\n<\/td>\n<td width=\"293\">Communication professionnelle allemande<\/td>\n<td width=\"62\">24 HTD<\/td>\n<\/tr>\n<tr>\n<td width=\"184\">\n<p style=\"text-align: center\">Licence 3 LEA<\/p>\n<p style=\"text-align: center\">Master 1 RDI<\/p>\n<p style=\"text-align: center\">Master 1 Gestion de Projets R\u00e9gionaux et Europ\u00e9ens<\/p>\n<\/td>\n<td width=\"293\">Traduction allemand &#8211; fran\u00e7ais<\/td>\n<td width=\"62\">20 HTD<\/td>\n<\/tr>\n<\/tbody>\n<\/table>\n<p>&nbsp;<\/p>\n<table style=\"height: 692px\" width=\"818\">\n<tbody>\n<tr>\n<td style=\"text-align: center\" colspan=\"4\" width=\"708\"><strong>Universit\u00e9 de Lorraine, ATER (2021-2022)<\/strong><\/td>\n<\/tr>\n<tr>\n<td width=\"184\">\n<p style=\"text-align: center\">Licence 1<\/p>\n<p style=\"text-align: center\">Langues, litt\u00e9ratures et civilisations \u00e9trang\u00e8res et r\u00e9gionales (LLCER)<\/p>\n<\/td>\n<td width=\"293\">L\u2019anglais dans le monde\u00a0: linguistique (les emprunts)<\/td>\n<td width=\"168\">Sociolinguistique<\/td>\n<td width=\"63\">06 HTD<\/td>\n<\/tr>\n<tr>\n<td rowspan=\"2\" width=\"184\">\n<p style=\"text-align: center\">Licence 2<\/p>\n<p style=\"text-align: center\">LLCER<\/p>\n<p style=\"text-align: center\">Parcours bilangue<\/p>\n<\/td>\n<td width=\"293\">Grammaire allemande<\/td>\n<td width=\"168\">Linguistique allemande<\/td>\n<td width=\"63\">36<\/td>\n<\/tr>\n<tr>\n<td width=\"293\">Expression \u00e9crite et orale<\/td>\n<td width=\"168\">Pratique de l\u2019allemand<\/td>\n<td width=\"63\">15 HTD<\/td>\n<\/tr>\n<tr>\n<td rowspan=\"3\" width=\"184\">\n<p style=\"text-align: center\">Licence 3<\/p>\n<p style=\"text-align: center\">LLCER<br \/>\nParcours bilangue<\/p>\n<\/td>\n<td width=\"293\">Grammaire allemande<\/td>\n<td width=\"168\">Linguistique allemande<\/td>\n<td width=\"63\">36 HTD<\/td>\n<\/tr>\n<tr>\n<td width=\"293\">Expression \u00e9crite et orale<\/td>\n<td rowspan=\"2\" width=\"168\">Pratique de l\u2019allemand<\/td>\n<td width=\"63\">12 HTD<\/td>\n<\/tr>\n<tr>\n<td width=\"293\">Compr\u00e9hension \u00e9crite et orale<\/td>\n<td width=\"63\">12 HTD<\/td>\n<\/tr>\n<tr>\n<td rowspan=\"4\" width=\"184\">\n<p style=\"text-align: center\">Master 1 et 2<\/p>\n<p style=\"text-align: center\">Langues et Soci\u00e9t\u00e9s<\/p>\n<\/td>\n<td width=\"293\">Traduction allemande et traductologie<\/td>\n<td rowspan=\"3\" width=\"168\">Linguistique allemande<\/td>\n<td width=\"63\">36 HTD<\/td>\n<\/tr>\n<tr>\n<td width=\"293\">Traductologie\u00a0: th\u00e9orie<\/td>\n<td width=\"63\">07 HTD<\/td>\n<\/tr>\n<tr>\n<td width=\"293\">Traductologie<\/td>\n<td width=\"63\">09 HTD<\/td>\n<\/tr>\n<tr>\n<td width=\"293\">Contacts de langues : les repr\u00e9sentations sociolinguistiques<\/td>\n<td width=\"168\">Sociolinguistique<\/td>\n<td width=\"63\">14 HTD<\/td>\n<\/tr>\n<tr>\n<td rowspan=\"2\" width=\"184\">\n<p style=\"text-align: center\">Master 1<\/p>\n<p style=\"text-align: center\">Langues \u00e9trang\u00e8res Appliqu\u00e9es &#8211; bilangue<\/p>\n<\/td>\n<td width=\"293\">Pratique de la langue professionnelle orale en allemand<\/td>\n<td rowspan=\"2\" width=\"168\">Pratique de l\u2019allemand<\/td>\n<td width=\"63\">12 HTD<\/td>\n<\/tr>\n<tr>\n<td width=\"293\">Pratique de la langue technique en allemand<\/td>\n<td width=\"63\">12 HTD<\/td>\n<\/tr>\n<\/tbody>\n<\/table>\n<p>&nbsp;<\/p>\n<table style=\"height: 1092px\" width=\"817\">\n<tbody>\n<tr>\n<td style=\"text-align: center\" colspan=\"4\" width=\"708\"><strong>Universit\u00e9 de Strasbourg, Attach\u00e9e temporaire de vacation (2017-2021)<\/strong><\/td>\n<\/tr>\n<tr>\n<td rowspan=\"2\" width=\"184\">\n<p style=\"text-align: center\">Licence 3 LLCER<\/p>\n<p style=\"text-align: center\">Parcours\u00a0: \u00e9tudes allemandes<\/p>\n<p style=\"text-align: center\">Enseignement \u00e0 distance (EAD)<\/p>\n<\/td>\n<td width=\"293\">Histoire de la langue allemande<\/td>\n<td rowspan=\"4\" width=\"169\">Linguistique allemande<\/td>\n<td width=\"62\">10 HTD<\/td>\n<\/tr>\n<tr>\n<td width=\"293\">Traduction\u00a0: th\u00e8me et version<\/td>\n<td width=\"62\">12 HTD<\/td>\n<\/tr>\n<tr>\n<td width=\"184\">\n<p style=\"text-align: center\">Licence 2 LLCER<\/p>\n<p style=\"text-align: center\">Parcours\u00a0: \u00e9tudes allemandes<\/p>\n<\/td>\n<td width=\"293\">Traduction\u00a0: version<\/td>\n<td width=\"62\">12 HTD<\/td>\n<\/tr>\n<tr>\n<td width=\"184\">\n<p style=\"text-align: center\">Licence 3 LLCER EAD<\/p>\n<p style=\"text-align: center\">Parcours\u00a0: \u00e9tudes allemandes<\/p>\n<\/td>\n<td width=\"293\">Grammaire linguistique allemande\u00a0: phras\u00e9ologie<\/td>\n<td width=\"62\">10 HTD<\/td>\n<\/tr>\n<tr>\n<td style=\"text-align: center\" width=\"184\">3eme ann\u00e9e du cycle ing\u00e9nieur de l\u2019\u00c9cole europ\u00e9enne de Chimie, Polym\u00e8res et Mat\u00e9riaux<\/td>\n<td width=\"293\">Allemand LV2\u00a0: pr\u00e9paration \u00e0 la certification du Goethe Institut niveau A2<\/td>\n<td width=\"169\">Allemand Lansad<\/td>\n<td width=\"62\">21 HTD<\/td>\n<\/tr>\n<tr>\n<td width=\"184\">\n<p style=\"text-align: center\">Master 1<\/p>\n<p style=\"text-align: center\">Plurilinguisme et interculturalit\u00e9<\/p>\n<\/td>\n<td width=\"293\">Nouvelles technologies\u00a0: PowerPoint, Word<\/td>\n<td rowspan=\"5\" width=\"169\">M\u00e9thodologie de la recherche<\/td>\n<td width=\"62\">14 HTD<\/td>\n<\/tr>\n<tr>\n<td width=\"184\">\n<p style=\"text-align: center\">Licence 1<\/p>\n<p style=\"text-align: center\">Tronc commun<\/p>\n<\/td>\n<td width=\"293\">M\u00e9thodologie au Travail Universitaire<\/td>\n<td width=\"62\">08 HTD<\/td>\n<\/tr>\n<tr>\n<td width=\"184\">\n<p style=\"text-align: center\">Licence 3<\/p>\n<p style=\"text-align: center\">LEA et LLCER<\/p>\n<p style=\"text-align: center\">Tronc commun<\/p>\n<\/td>\n<td width=\"293\">Initiation \u00e0 la recherche<\/td>\n<td width=\"62\">14 HTD<\/td>\n<\/tr>\n<tr>\n<td width=\"184\">\n<p style=\"text-align: center\">Master 2<\/p>\n<p style=\"text-align: center\">Plurilinguisme et interculturalit\u00e9<\/p>\n<\/td>\n<td width=\"293\">M\u00e9thodologie de la recherche<\/td>\n<td width=\"62\">09 HTD<\/td>\n<\/tr>\n<tr>\n<td width=\"184\">\n<p style=\"text-align: center\">Licence 2<\/p>\n<p style=\"text-align: center\">LEA et LLCER<\/p>\n<p style=\"text-align: center\">Tronc commun<\/p>\n<\/td>\n<td width=\"293\">Sensibilisation \u00e0 la recherche<\/td>\n<td width=\"62\">04 HTD<\/td>\n<\/tr>\n<\/tbody>\n<\/table>\n<p>&nbsp;<\/p>\n<p><span style=\"text-decoration: underline\"><strong>Direction de m\u00e9moire<br \/>\n<\/strong><\/span><\/p>\n<p>2023-2024 : direction d&rsquo;un m\u00e9moire de Master 2 \u00e0 l&rsquo;Insp\u00e9 de Lorraine<\/p>\n<p>A. Laval : <em>Repr\u00e9sentations et approches p\u00e9dagogiques en langue-culture \u00e9trang\u00e8re dans le premier degr\u00e9<\/em><\/p>\n","protected":false},"excerpt":{"rendered":"<p>Insp\u00e9 de l\u2019Universit\u00e9 de Lorraine, ATER (2025-2026) Master 1 M\u00e9tiers de l\u2019Enseignement, de l\u2019\u00e9ducation et de la Formation (MEEF) 1er degr\u00e9 Pratique d\u2019une langue-culture \u00e9trang\u00e8re\u00a0: allemand Pratique de l\u2019allemand 27 HTD Suivi de m\u00e9moire (2 \u00e9tudiants) Mission d\u2019encadrement 2 HTD Suivi des stages (2 \u00e9tudiants) 2 HTD Albums jeunesse\u00a0: histoires vivantes, langues vivantes Didactique des [&hellip;]<\/p>\n","protected":false},"author":1,"featured_media":0,"parent":0,"menu_order":0,"comment_status":"closed","ping_status":"closed","template":"","meta":{"footnotes":""},"class_list":["post-13","page","type-page","status-publish","hentry"],"_links":{"self":[{"href":"https:\/\/perso.atilf.fr\/ajingand\/wp-json\/wp\/v2\/pages\/13","targetHints":{"allow":["GET"]}}],"collection":[{"href":"https:\/\/perso.atilf.fr\/ajingand\/wp-json\/wp\/v2\/pages"}],"about":[{"href":"https:\/\/perso.atilf.fr\/ajingand\/wp-json\/wp\/v2\/types\/page"}],"author":[{"embeddable":true,"href":"https:\/\/perso.atilf.fr\/ajingand\/wp-json\/wp\/v2\/users\/1"}],"replies":[{"embeddable":true,"href":"https:\/\/perso.atilf.fr\/ajingand\/wp-json\/wp\/v2\/comments?post=13"}],"version-history":[{"count":12,"href":"https:\/\/perso.atilf.fr\/ajingand\/wp-json\/wp\/v2\/pages\/13\/revisions"}],"predecessor-version":[{"id":415,"href":"https:\/\/perso.atilf.fr\/ajingand\/wp-json\/wp\/v2\/pages\/13\/revisions\/415"}],"wp:attachment":[{"href":"https:\/\/perso.atilf.fr\/ajingand\/wp-json\/wp\/v2\/media?parent=13"}],"curies":[{"name":"wp","href":"https:\/\/api.w.org\/{rel}","templated":true}]}}