{"id":17,"date":"2015-06-29T13:43:37","date_gmt":"2015-06-29T12:43:37","guid":{"rendered":"https:\/\/apps.atilf.fr\/homepages\/?page_id=17"},"modified":"2026-04-08T12:53:19","modified_gmt":"2026-04-08T11:53:19","slug":"publications","status":"publish","type":"page","link":"https:\/\/perso.atilf.fr\/ajingand\/publications\/","title":{"rendered":"Publications"},"content":{"rendered":"<h3><a name=\"_Toc226066238\"><\/a><a name=\"_Toc161653512\"><\/a><a name=\"_Toc161058500\"><\/a>Articles dans des revues internationales \u00e0 comit\u00e9 de r\u00e9daction et\/ou de lecture (3)<\/h3>\n<ol>\n<li>Jingand, A. 2026. La dimension argumentative et le lexique de l\u2019\u00e9cologie dans les discours de collectifs militants \u00e9cologistes, regards crois\u00e9s entre France et Allemagne. In <a href=\"https:\/\/journals-openedition-org.bases-doc.univ-lorraine.fr\/trajectoires\/14791\"><em>Trajectoires<\/em><\/a><em>, revue de la jeunesse franco-allemande.<\/em><\/li>\n<li>Jingand, A. 2023. Einstellungen\u00a0zu Sprache\/n und Sprachebenen in modernen Dystopie-Werken: eine soziolinguistische Analyse. In <a href=\"https:\/\/journals.openedition.org\/trajectoires\/9740\"><em>Revue du CIERA Trajectoires<\/em><\/a>, 16.<\/li>\n<li>Jingand, A. 2018. Repr\u00e9sentations linguistiques dans \u00ab\u00a0Bruxelles Insurrection\u00a0\u00bb de Nicolas Ancion. In <a href=\"https:\/\/gerflint.fr\/Base\/Paysgermanophones11\/jingend.pdf\"><em>Synergies Pays Germanophones<\/em><\/a>, 11, 123-135.<\/li>\n<\/ol>\n<h3><a name=\"_Toc226066239\"><\/a><a name=\"_Toc161653513\"><\/a><a name=\"_Toc161058501\"><\/a>Articles dans des revues nationales \u00e0 comit\u00e9 de r\u00e9daction et\/ou de lecture (5)<\/h3>\n<ol>\n<li>George, C. &amp; <strong>Jingand, A.<\/strong> \u00ab\u00a0Allez allez, on y va\u00a0!\u00a0\u00bb Le lexique pr\u00e9fabriqu\u00e9 de l\u2019interaction en cuisine professionnelle\u00a0: description constructionnelle et exploitations didactiques possibles en FLE. In <a href=\"https:\/\/www.peren-revues.fr\/lexique\/2115\"><em>Lexique<\/em><\/a>, 37.<\/li>\n<li>Jingand, A. 2024. Les imaginaires de l\u2019enseignement et de l\u2019apprentissage des langues dans trois romans de science-fiction dystopique. In <a href=\"http:\/\/journals.openedition.org\/resf\/13073\"><em>Res Futurae<\/em><\/a>, 22.<\/li>\n<li><strong>Jingand, A<\/strong>. et Schneider-Mizony, O. 2021. L\u2019imaginaire de la manipulation linguistique dans <em>Das kugeltranszendentale Vorhaben<\/em> des \u00e9poux Braun. In<em> Les Nouveaux Cahiers d\u2019allemand<\/em>, 39, 311-323.<\/li>\n<li>Jingand, A. 2017. Compte-rendu de LORENZ, Christoph F. (dir.), <em>Lexikon der Science Fiction-Literatur seit 1900, mit einem Blick auf Osteuropa<\/em>. In<em> Nouveaux Cahiers d\u2019allemand<\/em>, 35, 403-407.<\/li>\n<li>Jingand, A. 2016. Diversit\u00e9s et pluralit\u00e9s : le r\u00f4le de la langue dans la construction identitaire d\u2019une communaut\u00e9 linguistique.\u00a0In<em> Nouveaux Cahiers d\u2019allemand<\/em>, 3, 339-343.<\/li>\n<\/ol>\n<h3><a name=\"_Toc226066240\"><\/a><a name=\"_Toc161653514\"><\/a><a name=\"_Toc161058503\"><\/a>Articles dans des actes de colloques internationaux (3)<\/h3>\n<ol>\n<li>Jingand, A. \u00c0 para\u00eetre. Die Krise im \u00f6kologischen Diskurs von Aktivist:innen in Frankreich und Deutschland, eine kontrastive Analyse. Beitr\u00e4ge des XV. IVG-Kongresses in Graz 2025 (Publikationen der Internationalen Vereinigung f\u00fcr Germanistik (IVG)). Graz University Library Publishing 2026.<\/li>\n<li>Jingand, A. \u00c0 para\u00eetre. Wenn Spracheinstellungen und Science Fiction-Literatur zusammentreffen: neue Perspektiven f\u00fcr die Soziolinguistik. In<em> Sprache und Sprachen <\/em>actes du congr\u00e8s international de la GeSuS, Cr\u00e9teil,<\/li>\n<li>Jingand, A. 2024. Dystopie et personnages f\u00e9minins : repr\u00e9sentations des linguistes savantes. In <a href=\"https:\/\/scriptum.vocum.ca\/index.php\/scriptum\/article\/view\/70\"><em>ScriptUM<\/em><\/a>, 6, 1-21.<\/li>\n<\/ol>\n<h3><a name=\"_Toc161058502\"><\/a><a name=\"_Toc226066241\"><\/a><a name=\"_Toc161653515\"><\/a><a name=\"_Toc161058504\"><\/a>Articles dans des actes de colloques nationaux (2)<\/h3>\n<ol>\n<li>Jingand, A. \u00c0 para\u00eetre. Strat\u00e9gies discursives des militants \u00e9cologistes en France et en Allemagne. In <em>Actes de la journ\u00e9e d\u2019\u00e9tude Violence et pouvoir <\/em>(Chamb\u00e9ry, Universit\u00e9 de Savoie Mont-Blanc, 17 et 18 avril 2024).<\/li>\n<li>Jingand, A. 2021. <em>2084<\/em> de Boualem Sansal : de la fiction politique \u00e0 la fiction linguistique. <a href=\"https:\/\/lis.hypotheses.org\/\">In<em> Carnets du LIS<\/em><\/a>, actes du colloque \u00ab Fiction politique \u00bb, Nancy.<\/li>\n<\/ol>\n<h3><a name=\"_Toc226066242\"><\/a><a name=\"_Toc161653516\"><\/a>Chapitre d\u2019ouvrage collectif (1)<\/h3>\n<ol>\n<li>Jingand, A. 2025. Attitudes langagi\u00e8res et normes morphosyntaxiques des n\u00e9ologismes fictionnels : de la R\u00e9publique D\u00e9mocratique Allemande \u00e0 la plan\u00e8te 37a dans <em>Das kugeltranszendentale Vorhaben<\/em> de Johanna et G\u00fcnter Braun. In Dias, D., Gautherot, L. et Schnitzer, N. (dir.), <em>La Langue en tension. Critiques soci\u00e9tales et \u00e9volutions linguistiques. <\/em>Ibidem, p. 281-300.<\/li>\n<\/ol>\n","protected":false},"excerpt":{"rendered":"<p>Articles dans des revues internationales \u00e0 comit\u00e9 de r\u00e9daction et\/ou de lecture (3) Jingand, A. 2026. La dimension argumentative et le lexique de l\u2019\u00e9cologie dans les discours de collectifs militants \u00e9cologistes, regards crois\u00e9s entre France et Allemagne. In Trajectoires, revue de la jeunesse franco-allemande. Jingand, A. 2023. Einstellungen\u00a0zu Sprache\/n und Sprachebenen in modernen Dystopie-Werken: eine [&hellip;]<\/p>\n","protected":false},"author":1,"featured_media":0,"parent":0,"menu_order":0,"comment_status":"closed","ping_status":"closed","template":"","meta":{"footnotes":""},"class_list":["post-17","page","type-page","status-publish","hentry"],"_links":{"self":[{"href":"https:\/\/perso.atilf.fr\/ajingand\/wp-json\/wp\/v2\/pages\/17","targetHints":{"allow":["GET"]}}],"collection":[{"href":"https:\/\/perso.atilf.fr\/ajingand\/wp-json\/wp\/v2\/pages"}],"about":[{"href":"https:\/\/perso.atilf.fr\/ajingand\/wp-json\/wp\/v2\/types\/page"}],"author":[{"embeddable":true,"href":"https:\/\/perso.atilf.fr\/ajingand\/wp-json\/wp\/v2\/users\/1"}],"replies":[{"embeddable":true,"href":"https:\/\/perso.atilf.fr\/ajingand\/wp-json\/wp\/v2\/comments?post=17"}],"version-history":[{"count":13,"href":"https:\/\/perso.atilf.fr\/ajingand\/wp-json\/wp\/v2\/pages\/17\/revisions"}],"predecessor-version":[{"id":420,"href":"https:\/\/perso.atilf.fr\/ajingand\/wp-json\/wp\/v2\/pages\/17\/revisions\/420"}],"wp:attachment":[{"href":"https:\/\/perso.atilf.fr\/ajingand\/wp-json\/wp\/v2\/media?parent=17"}],"curies":[{"name":"wp","href":"https:\/\/api.w.org\/{rel}","templated":true}]}}

<h3><a name="_Toc226066238"></a><a name="_Toc161653512"></a><a name="_Toc161058500"></a>Articles dans des revues internationales à comité de rédaction et/ou de lecture (3)</h3>
<ol>
<li>Jingand, A. 2026. La dimension argumentative et le lexique de l’écologie dans les discours de collectifs militants écologistes, regards croisés entre France et Allemagne. In <a href="https://journals-openedition-org.bases-doc.univ-lorraine.fr/trajectoires/14791"><em>Trajectoires</em></a><em>, revue de la jeunesse franco-allemande.</em></li>
<li>Jingand, A. 2023. Einstellungen zu Sprache/n und Sprachebenen in modernen Dystopie-Werken: eine soziolinguistische Analyse. In <a href="https://journals.openedition.org/trajectoires/9740"><em>Revue du CIERA Trajectoires</em></a>, 16.</li>
<li>Jingand, A. 2018. Représentations linguistiques dans « Bruxelles Insurrection » de Nicolas Ancion. In <a href="https://gerflint.fr/Base/Paysgermanophones11/jingend.pdf"><em>Synergies Pays Germanophones</em></a>, 11, 123-135.</li>
</ol>
<h3><a name="_Toc226066239"></a><a name="_Toc161653513"></a><a name="_Toc161058501"></a>Articles dans des revues nationales à comité de rédaction et/ou de lecture (5)</h3>
<ol>
<li>George, C. &amp; <strong>Jingand, A.</strong> « Allez allez, on y va ! » Le lexique préfabriqué de l’interaction en cuisine professionnelle : description constructionnelle et exploitations didactiques possibles en FLE. In <a href="https://www.peren-revues.fr/lexique/2115"><em>Lexique</em></a>, 37.</li>
<li>Jingand, A. 2024. Les imaginaires de l’enseignement et de l’apprentissage des langues dans trois romans de science-fiction dystopique. In <a href="http://journals.openedition.org/resf/13073"><em>Res Futurae</em></a>, 22.</li>
<li><strong>Jingand, A</strong>. et Schneider-Mizony, O. 2021. L’imaginaire de la manipulation linguistique dans <em>Das kugeltranszendentale Vorhaben</em> des époux Braun. In<em> Les Nouveaux Cahiers d’allemand</em>, 39, 311-323.</li>
<li>Jingand, A. 2017. Compte-rendu de LORENZ, Christoph F. (dir.), <em>Lexikon der Science Fiction-Literatur seit 1900, mit einem Blick auf Osteuropa</em>. In<em> Nouveaux Cahiers d’allemand</em>, 35, 403-407.</li>
<li>Jingand, A. 2016. Diversités et pluralités : le rôle de la langue dans la construction identitaire d’une communauté linguistique. In<em> Nouveaux Cahiers d’allemand</em>, 3, 339-343.</li>
</ol>
<h3><a name="_Toc226066240"></a><a name="_Toc161653514"></a><a name="_Toc161058503"></a>Articles dans des actes de colloques internationaux (3)</h3>
<ol>
<li>Jingand, A. À paraître. Die Krise im ökologischen Diskurs von Aktivist:innen in Frankreich und Deutschland, eine kontrastive Analyse. Beiträge des XV. IVG-Kongresses in Graz 2025 (Publikationen der Internationalen Vereinigung für Germanistik (IVG)). Graz University Library Publishing 2026.</li>
<li>Jingand, A. À paraître. Wenn Spracheinstellungen und Science Fiction-Literatur zusammentreffen: neue Perspektiven für die Soziolinguistik. In<em> Sprache und Sprachen </em>actes du congrès international de la GeSuS, Créteil,</li>
<li>Jingand, A. 2024. Dystopie et personnages féminins : représentations des linguistes savantes. In <a href="https://scriptum.vocum.ca/index.php/scriptum/article/view/70"><em>ScriptUM</em></a>, 6, 1-21.</li>
</ol>
<h3><a name="_Toc161058502"></a><a name="_Toc226066241"></a><a name="_Toc161653515"></a><a name="_Toc161058504"></a>Articles dans des actes de colloques nationaux (2)</h3>
<ol>
<li>Jingand, A. À paraître. Stratégies discursives des militants écologistes en France et en Allemagne. In <em>Actes de la journée d’étude Violence et pouvoir </em>(Chambéry, Université de Savoie Mont-Blanc, 17 et 18 avril 2024).</li>
<li>Jingand, A. 2021. <em>2084</em> de Boualem Sansal : de la fiction politique à la fiction linguistique. <a href="https://lis.hypotheses.org/">In<em> Carnets du LIS</em></a>, actes du colloque « Fiction politique », Nancy.</li>
</ol>
<h3><a name="_Toc226066242"></a><a name="_Toc161653516"></a>Chapitre d’ouvrage collectif (1)</h3>
<ol>
<li>Jingand, A. 2025. Attitudes langagières et normes morphosyntaxiques des néologismes fictionnels : de la République Démocratique Allemande à la planète 37a dans <em>Das kugeltranszendentale Vorhaben</em> de Johanna et Günter Braun. In Dias, D., Gautherot, L. et Schnitzer, N. (dir.), <em>La Langue en tension. Critiques sociétales et évolutions linguistiques. </em>Ibidem, p. 281-300.</li>
</ol>

<p>Articles dans des revues internationales à comité de rédaction et/ou de lecture (3) Jingand, A. 2026. La dimension argumentative et le lexique de l’écologie dans les discours de collectifs militants écologistes, regards croisés entre France et Allemagne. In Trajectoires, revue de la jeunesse franco-allemande. Jingand, A. 2023. Einstellungen zu Sprache/n und Sprachebenen in modernen Dystopie-Werken: eine [&hellip;]</p>
