{"id":19,"date":"2015-06-29T13:43:50","date_gmt":"2015-06-29T12:43:50","guid":{"rendered":"https:\/\/apps.atilf.fr\/homepages\/?page_id=19"},"modified":"2025-02-07T10:03:55","modified_gmt":"2025-02-07T09:03:55","slug":"animations","status":"publish","type":"page","link":"https:\/\/perso.atilf.fr\/ajingand\/animations\/","title":{"rendered":"M\u00e9diation scientifique"},"content":{"rendered":"<p>Jingand, A. 2025. Entretien pour la revue <em>FUTU&amp;R<\/em>, <em>le magazine d\u2019Usbek &amp; Rica<\/em>, 46 pour le dossier \u00ab\u00a0L\u2019\u00e9criture va dispara\u00eetre, et alors\u00a0?\u00a0\u00bb, p. 24. <strong>Invit\u00e9e.<\/strong><\/p>\n<p>Jingand, A. (2024, 20 juin). Repr\u00e9sentations sociolinguistiques, innovations langagi\u00e8res et science-fiction\u00a0: entretien autour de <em>Dune<\/em>. Soir\u00e9e Cult\u2019 organis\u00e9e par l\u2019Universit\u00e9 de Lorraine, Nancy. <strong>Invit\u00e9e<\/strong>.<\/p>\n<p>Jingand, A. (2023, 22 mai). Que nous apprennent les langues de la science-fiction sur le langage\u00a0? Pint of Science, Lorient.<\/p>\n<p>Jingand, A. (2022, 23 mai). Futurologie linguistique, ou quand les auteurs imaginent les langues de l\u2019avenir. Conf\u00e9rences du lundi du Jardin des Sciences, Strasbourg. Conf\u00e9rence d\u2019une heure, <strong>invit\u00e9e<\/strong>.<\/p>\n<p>Jingand, A. (2022, 04 mai). Entretien pour la revue de l\u2019Universit\u00e9 de Strasbourg <em>Savoir(s) <\/em>dans le cadre des Conf\u00e9rences du lundi du Jardin des Sciences Url\u00a0:<a href=\"https:\/\/savoirs.unistra.fr\/eclairage\/quand-la-science-fiction-cree-sa-propre-langue\"> https:\/\/savoirs.unistra.fr\/eclairage\/quand-la-science-fiction-cree-sa-propre-langue<\/a><\/p>\n<p>Jingand, A. (2019, 17 janvier). Les femmes dans la science-fiction. Conf\u00e9rences en r\u00e9gion du Jardin des Sciences, Molsheim (67).<\/p>\n<p>Jingand, A. (2017, 28 novembre). Un travail de m\u00e9diation scientifique\u00a0: l\u2019exp\u00e9rience des <em>Kids University<\/em>. Rentr\u00e9e de l\u2019\u00e9cole Doctorale des Humanit\u00e9s, Strasbourg. <strong>Invit\u00e9e<\/strong>.<\/p>\n<p>Jingand, A. (2017, 12 octobre). Le parcours de doctorante en sciences humaines, pr\u00e9sentation \u00e0 destination de lyc\u00e9ens. F\u00eate de la science, Strasbourg.<\/p>\n<p>Jingand, A. (2017, 01 juin). Conception d\u2019un atelier de sensibilisation translangagi\u00e8re aux langues romanes, \u00e0 destination de coll\u00e9giens. Kids Universit\u00e9, Strasbourg.<\/p>\n","protected":false},"excerpt":{"rendered":"<p>Jingand, A. 2025. Entretien pour la revue FUTU&amp;R, le magazine d\u2019Usbek &amp; Rica, 46 pour le dossier \u00ab\u00a0L\u2019\u00e9criture va dispara\u00eetre, et alors\u00a0?\u00a0\u00bb, p. 24. Invit\u00e9e. Jingand, A. (2024, 20 juin). Repr\u00e9sentations sociolinguistiques, innovations langagi\u00e8res et science-fiction\u00a0: entretien autour de Dune. Soir\u00e9e Cult\u2019 organis\u00e9e par l\u2019Universit\u00e9 de Lorraine, Nancy. Invit\u00e9e. Jingand, A. (2023, 22 mai). Que [&hellip;]<\/p>\n","protected":false},"author":1,"featured_media":0,"parent":0,"menu_order":0,"comment_status":"closed","ping_status":"closed","template":"","meta":{"footnotes":""},"class_list":["post-19","page","type-page","status-publish","hentry"],"_links":{"self":[{"href":"https:\/\/perso.atilf.fr\/ajingand\/wp-json\/wp\/v2\/pages\/19","targetHints":{"allow":["GET"]}}],"collection":[{"href":"https:\/\/perso.atilf.fr\/ajingand\/wp-json\/wp\/v2\/pages"}],"about":[{"href":"https:\/\/perso.atilf.fr\/ajingand\/wp-json\/wp\/v2\/types\/page"}],"author":[{"embeddable":true,"href":"https:\/\/perso.atilf.fr\/ajingand\/wp-json\/wp\/v2\/users\/1"}],"replies":[{"embeddable":true,"href":"https:\/\/perso.atilf.fr\/ajingand\/wp-json\/wp\/v2\/comments?post=19"}],"version-history":[{"count":5,"href":"https:\/\/perso.atilf.fr\/ajingand\/wp-json\/wp\/v2\/pages\/19\/revisions"}],"predecessor-version":[{"id":389,"href":"https:\/\/perso.atilf.fr\/ajingand\/wp-json\/wp\/v2\/pages\/19\/revisions\/389"}],"wp:attachment":[{"href":"https:\/\/perso.atilf.fr\/ajingand\/wp-json\/wp\/v2\/media?parent=19"}],"curies":[{"name":"wp","href":"https:\/\/api.w.org\/{rel}","templated":true}]}}