{"id":17,"date":"2015-06-29T13:43:37","date_gmt":"2015-06-29T12:43:37","guid":{"rendered":"https:\/\/apps.atilf.fr\/homepages\/apolguer\/?page_id=17"},"modified":"2024-11-27T20:41:55","modified_gmt":"2024-11-27T19:41:55","slug":"publications","status":"publish","type":"page","link":"https:\/\/perso.atilf.fr\/apolguere\/fr\/publications\/","title":{"rendered":"Publications"},"content":{"rendered":"<h4><strong><a href=\"https:\/\/perso.atilf.fr\/polguere\/wp-content\/uploads\/sites\/17\/2019\/01\/POLGUERE-PUBLICATIONS.pdf\" target=\"_blank\" rel=\"noopener\">Liste compl\u00e8te des publications (format PDF)<\/a><\/strong><\/h4>\n<h4><strong>R\u00e9sum\u00e9 des publications<\/strong><\/h4>\n<p style=\"text-align: left\"><strong>Monographies<\/strong><\/p>\n<ul>\n<li><a class=\"lien\" href=\"https:\/\/www.pum.umontreal.ca\/catalogue\/lexicologie_et_semantique_lexicale_3e_ed\" target=\"_blank\" rel=\"noopener\">Polgu\u00e8re A. (2016) <i>Lexicologie et s\u00e9mantique lexicale. Notions fondamentales<\/i>. Troisi\u00e8me \u00e9dition, Les Presses de l\u2019Universit\u00e9 de Montr\u00e9al, Montr\u00e9al.<\/a> [Premi\u00e8re \u00e9dition en 2003 ; 4<sup>e<\/sup> \u00e9dition pr\u00e9vue pour l&rsquo;\u00e9t\u00e9 2025]\nTraduction en portugais :<br \/>\n<a class=\"lien\" href=\"https:\/\/www.editoracontexto.com.br\/produto\/lexicologia-e-semantica-lexical-nocoes-fundamentais\/1496746\" target=\"_blank\" rel=\"noopener\">Polgu\u00e8re A. (2018) <i>Lexicologia e Sem\u00e2ntica Lexical. No\u00e7\u00f5es Fundamentais<\/i>. Editora Contexto, S\u00e3o Paulo.<\/a> [Traduction de Sabrina Pereira de Abreu].<\/li>\n<li>Mel\u2019\u010duk I., Polgu\u00e8re A. (2007) <i>Lexique actif du fran\u00e7ais. L\u2019apprentissage du vocabulaire fond\u00e9 sur 20\u2009000 d\u00e9rivations s\u00e9mantiques et collocations du fran\u00e7ais<\/i>, De Boeck &amp; Larcier, Bruxelles.<\/li>\n<li>Mel\u2019\u010duk I., Arbatchewsky-Jumarie N., Iordanskaja L., Mantha S., Polgu\u00e8re A. (1999) <i>Dictionnaire explicatif et combinatoire du fran\u00e7ais contemporain. Recherches lexico-s\u00e9mantiques IV<\/i>, Les Presses de l\u2019Universit\u00e9 de Montr\u00e9al, Montr\u00e9al.<\/li>\n<li>Mel\u2019\u010duk I., Clas A., Polgu\u00e8re A. (1995) <i>Introduction \u00e0 la lexicologie explicative et combinatoire<\/i>, Duculot, Paris\/Louvain-la-Neuve.<\/li>\n<\/ul>\n<p style=\"text-align: left\"><strong>Directions d&rsquo;ouvrages<\/strong><\/p>\n<ul>\n<li>Jacquet-Pfau, Polgu\u00e8re A. [dir.]  (2024) <i>Cahiers de lexicologie<\/i>, num\u00e9ro \u00ab\u00a0Varia \u00bb <b>124<\/b>. <\/li>\n<li>Iomdin L., Mili\u0107evi\u0107 J., Polgu\u00e8re, A. [dir.]  (2022) <i>Lifetime linguistic inspirations. To Igor Mel\u2019\u010duk from colleagues and friends for his 90<sup>th<\/sup> birthday<\/i>, Wiener Slawistischer Almanach, Sonderband 101. Peter Lang, Berlin <i>et al.<\/i> <\/li>\n<li>Jacquet-Pfau, Polgu\u00e8re A. [dir.]  (2022) <i>Cahiers de lexicologie<\/i>, num\u00e9ro \u00ab\u00a0Varia \u00bb <b>120<\/b>. <\/li>\n<li>Jacquet-Pfau, Polgu\u00e8re A. [dir.]  (2020) <i>Cahiers de lexicologie<\/i>, num\u00e9ro \u00ab\u00a0Varia \u00bb <b>117<\/b>. <\/li>\n<li>Jacquet-Pfau, Polgu\u00e8re A. [dir.]  (2019) <i>Cahiers de lexicologie<\/i>, num\u00e9ro \u00ab\u00a0Varia \u00bb <b>115<\/b>. <\/li>\n<li>Polgu\u00e8re A., Sikora D. [dir.] (2016) <i>Cahiers de lexicologie<\/i>, num\u00e9ro th\u00e9matique \u00ab\u00a0La d\u00e9finition\u00a0\u00bb <b>109<\/b>.<\/li>\n<li>Apresjan Y., Boguslavsky I., L\u2019Homme M.-C., Iomdin L., Mili\u0107evi\u0107 J., Polgu\u00e8re, A., Wanner L. [dir.] (2012) <i>Meanings, Texts, and Other Exciting Things. A Festschrift to Commemorate the 80<sup>th<\/sup> Anniversary of Professor Igor Alexandrovi\u010d Mel\u2019\u010duk<\/i>, Jazyki slavjanskoj kultury publishers, Moscou.<\/li>\n<li>Polgu\u00e8re A., Mel\u2019\u010duk I. [dir.] (2009) <i>Dependency in Linguistic Description<\/i>, John Benjamins, Amsterdam\/Philadelphia.<\/li>\n<li>Beck D., Gerdes K., Mili\u0107evi\u0107 J., Polgu\u00e8re A. [dir.] (2009) <i>Proceedings of the Fourth International Conference on Meaning-Text Theory (MTT\u201909)<\/i>, Universit\u00e9 de Montr\u00e9al, Montr\u00e9al.<\/li>\n<li>Kahane S., Polgu\u00e8re A. [dir.] (1998) <i>Processing of Dependency-Based Grammars\u00a0: Proceedings of the Workshop<\/i>, Universit\u00e9 de Montr\u00e9al, Montr\u00e9al.<\/li>\n<\/ul>\n<p style=\"text-align: left\"><strong>Co-direction de publication de monographies<\/strong><\/p>\n<ul>\n<li>Mel\u2019\u010duk I. (2015) <i>Semantics : From meaning to text, volume 3<\/i>, Studies in Language Companion Series 168, John Benjamins, Amsterdam\/Philadelphia. D. Beck &amp; A. Polgu\u00e8re (dir.).<\/li>\n<li>Mel\u2019\u010duk I. (2013) <i>Semantics : From meaning to text, volume 2<\/i>, Studies in Language Companion Series 135, John Benjamins, Amsterdam\/Philadelphia. D. Beck &amp; A. Polgu\u00e8re (dir.).<\/li>\n<li>Mel\u2019\u010duk I. (2012) <i>Semantics : From meaning to text<\/i> (volume 1), Studies in Language Companion Series 129, John Benjamins, Amsterdam\/Philadelphia. D. Beck &amp; A. Polgu\u00e8re (dir.).<\/li>\n<\/ul>\n<p style=\"text-align: left\"><strong>S\u00e9lection d\u2019articles<\/strong><\/p>\n<ul>\n<li><a class=\"lien\" href=\"http:\/\/jcs.snu.ac.kr\/jcs\/issue\/vol19\/no4\/01+Igor+Alain.pdf\" target=\"_blank\" rel=\"noopener\">Mel\u2019\u010duk I., Polgu\u00e8re A. (2018) Theory and Practice of Lexicographic Definition. <i>Journal of Cognitive Science<\/i> <b>19(4)<\/b>, pp. 417\u2013470.<\/a><\/li>\n<li><a class=\"lien\" href=\"http:\/\/journals.rudn.ru\/linguistics\/article\/view\/20165\" target=\"_blank\" rel=\"noopener\">Polgu\u00e8re A. (2018) A Lexicographic Approach to the Study of Copolysemy Relations. <i>Russian Journal of Linguistics<\/i> <b>22(4)<\/b>, pp. 788\u2013820.<\/a><\/li>\n<li>Kim M. H., Polgu\u00e8re A. (2017) Korean Morphological Collocations : Theoretical and Descriptive Implications. Dans R. Mitkov (dir.) : <i>Computational and Corpus-Based Phraseology (Second International Conference, Europhras 2017 London, UK, November 13\u201314, 2017 Proceedings)<\/i>, Lecture Notes in Computer Science (LNCS) 10596, Springer, Berlin\/Heidelberg, pp. 398\u2013411.<\/li>\n<li>Mel\u2019\u010duk I., Polgu\u00e8re A. (2016) La d\u00e9finition lexicographique selon la lexicologie explicative et combinatoire. <i>Cahiers de lexicologie<\/i> <b>109<\/b>, pp. 61\u201391.<\/li>\n<li>Polgu\u00e8re A. (2016) La question de la g\u00e9om\u00e9trie du lexique. <i>SHS Web of Conferences<\/i> <b>27<\/b>, 01002 [F. Neveu et coll.\u00a0: <i>Actes du \u00ab\u00a05<sup>e<\/sup> Congr\u00e8s Mondial de Linguistique Fran\u00e7aise (CMLF 2016)\u00a0\u00bb<\/i>, Tours].<\/li>\n<li>Polgu\u00e8re A. (2016) Il y a un tra\u00eetre par minou\u00a0: le statut lexical des clich\u00e9s linguistiques. <i>Corela<\/i> <b>19<\/b> [En ligne].<\/li>\n<li>Polgu\u00e8re A. (2015) Lexical Contextualism : The Ab\u00e9lard Syndrome. Dans N. Gala, R. Rapp &amp; G. Bel-Enguix (dir.) : <i>Language Production, Cognition, and the Lexicon<\/i>, Text, Speech and Language Technology 48, Springer, Cham Hei-delberg New York Dordrecht Londres, pp. 53\u201373.<\/li>\n<li>Ingrosso, F., Polgu\u00e8re A. (2015) How Terms Meet in Small-World Lexical Networks : The Case of Chemistry Terminology. <i>Proceedings of the 11<sup>th<\/sup> International Conference on Terminology and Artificial Intelligence (TIA 2015)<\/i>, Grenade, pp. 167\u2013171.<\/li>\n<li>Polgu\u00e8re A. (2015) Non-compositionnalit\u00e9 : ce sont toujours les locutions faibles qui trinquent. <i>Verbum<\/i> <b>XXXVII(2)<\/b>, pp. 257\u2013280.<\/li>\n<li>Polgu\u00e8re A. (2015) Lexicon Embedded Syntax. <i>Proceedings of the Third International Conference on Dependency Linguistics (Depling 2015)<\/i>, Uppsala, pp. 2\u20139.<\/li>\n<li>Polgu\u00e8re A. (2014) From Writing Dictionaries to Weaving Lexical Networks. <i>International Journal of Lexicography<\/i> <b>27(4)<\/b>, pp. 396\u2013418.<\/li>\n<li>Gader\u00a0N., Koehl\u00a0A., Polgu\u00e8re\u00a0A. (2014) A Lexical Network with a Morphological Model in It. <i>Proceedings of the 4<sup>th<\/sup> Workshop on Cognitive Aspects of the Lexicon (CogALex IV)<\/i>, Association for Computational Linguistics and Dublin City University, Dublin, pp. 154\u2013165.<\/li>\n<li>Gader\u00a0N., Ollinger\u00a0S., Polgu\u00e8re\u00a0A. (2014) One Lexicon, Two Structures : So What Gives? Dans H.\u00a0Orav, C.\u00a0D.\u00a0Fellbaum &amp; P.\u00a0Vossen (dir.) : <i>Proceedings of the Seventh Global Wordnet Conference (GWC2014)<\/i>, Global WordNet Association, Tartu, pp. 163\u2013171.<\/li>\n<li>Polgu\u00e8re A. (2014) Terminologie grammaticale&#8230; et lexicale. <i>Rep\u00e8res (recherches en didactique du fran\u00e7ais langue maternelle)<\/i> <b>49<\/b>, pp. 115\u2013130.<\/li>\n<li>Polgu\u00e8re A. (2014) Rection nominale : retour sur les constructions \u00e9valuatives. <i>Travaux de linguistique<\/i> <b>68<\/b>, pp. 83\u2013102.<\/li>\n<li>Polgu\u00e8re A. (2014) Du syncr\u00e9tisme \u00e0 SYNCR\u00c9TISME : perspective lexicographique. Dans M. B. Collini &amp; P. Auraix-Jonchi\u00e8re (dir.) : <i>Syncr\u00e9tismes, mythes et litt\u00e9ratures<\/i>, Crois\u00e9e des SHS, Presses Universitaires Blaise Pascal, Clermont-Ferrand, pp. 41\u201365.<\/li>\n<li>Polgu\u00e8re A. (2013) Les petits soucis ne poussent plus dans le champ lexical des sentiments. Dans F. Baider &amp; G. Cislaru (dir.) : <i>Cartographie des \u00e9motions. Propositions linguistiques et sociolinguistiques<\/i>, Presses Sorbonne Nouvelle, Paris, pp. 21\u201341.<\/li>\n<li>Barque L., Polgu\u00e8re A. (2013) Enrichissement formel des d\u00e9finitions du <i>Tr\u00e9sor de la Langue Fran\u00e7aise informatis\u00e9<\/i> (TLFi) dans une perspective lexicographique. <i>Lexique<\/i> <b>21<\/b>, pp. 221\u2013244.<\/li>\n<li>Polgu\u00e8re A., Sikora D. (2013) Mod\u00e8le lexicographique de croissance du vocabulaire fond\u00e9 sur un processus al\u00e9atoire, mais syst\u00e9matique. Dans C. Garcia-Debanc, C. Masseron &amp; C. Ronveaux (dir.) : <i>Enseigner le lexique<\/i>, Recherches en didactique du fran\u00e7ais 5, Presses Universitaires de Namur, Namur, pp. 35\u201363.<\/li>\n<li>Delaite C., Polgu\u00e8re A. (2013) Sex-Based Nominal Pairs in the French Lexical Network : It&rsquo;s Not What You Think. Dans V. Apresjan, B. Iomdin &amp; E. Ageeva (dir.) : <i>Proceedings of the Sixth International Conference on Meaning-Text Theory (MTT&rsquo;13)<\/i>, Prague, pp. 29\u201340. Republi\u00e9 dans <i>Wiener Slawistischer Almanach<\/i>, Sonderband 85 (2013).<\/li>\n<li>Gader N., Lux-Pogodalla V., Polgu\u00e8re A. (2012) Hand-Crafting a Lexical Network With a Knowledge-Based Graph Editor. <i>Proceedings of the Third Workshop on Cognitive Aspects of the Lexicon (CogALex\u00a0III)<\/i>, The COLING 2012 Organizing Committee, Mumbai, pp.\u00a0109\u2013125.<\/li>\n<li>Fl\u00e9chon G., Frassi P., Polgu\u00e8re A. (2012) Les pragmat\u00e8mes ont-ils un charme ind\u00e9finissable\u00a0? Dans P.\u00a0Ligas &amp; P.\u00a0Frassi (dir.)\u00a0: <i>Lexiques. Identit\u00e9s. Cultures<\/i>, QuiEdit, V\u00e9rone, pp.\u00a081\u2013104.<\/li>\n<li>Polgu\u00e8re A. (2012) Lexicographie des dictionnaires virtuels. Dans Y.\u00a0Apresjan, I.\u00a0Boguslavsky, M.-C.\u00a0L\u2019Homme, L.\u00a0Iomdin, J.\u00a0Mili\u0107evi\u0107, A.\u00a0Polgu\u00e8re &amp; L.\u00a0Wanner (dir.)\u00a0: <i>Meanings, Texts, and Other Exciting Things. A Festschrift to Commemorate the 80<sup>th<\/sup> Anniversary of Professor Igor Alexandrovi\u010d Mel\u2019\u010duk<\/i>, Jazyki slavjanskoj kultury Publishers, Moscou, pp.\u00a0509\u2013523.<\/li>\n<li>Polgu\u00e8re A. (2012) Propri\u00e9t\u00e9s s\u00e9mantiques et combinatoires des quasi-pr\u00e9dicats s\u00e9mantiques, <i>Scolia<\/i> <b>26<\/b>, pp.\u00a0131\u2013152.<\/li>\n<li>Lux-Pogodalla V., Polgu\u00e8re A. (2011) Construction of a French Lexical Network\u00a0: Methodological Issues. <i>Proceedings of the First International Workshop on Lexical Resources, WoLeR 2011. An ESSLLI 2011 Workshop<\/i>, Ljubljana, pp.\u00a054\u201361.<\/li>\n<li>Polgu\u00e8re A. (2011) Classification s\u00e9mantique des lexies fond\u00e9e sur le paraphrasage, <i>Cahiers de lexicologie<\/i> <b>98<\/b>, pp.\u00a0197\u2013211.<\/li>\n<li>Polgu\u00e8re A. (2011) Perspective \u00e9pist\u00e9mologique sur l\u2019approche linguistique Sens-Texte, <i>M\u00e9moires de la Soci\u00e9t\u00e9 de Linguistique de Paris<\/i> <b>XX<\/b>, pp.\u00a079\u2013114.<\/li>\n<li>Polgu\u00e8re A. (2011) Figement et ellipse dans une perspective lexicographique\u00a0: le cas de <i>d\u00e9 \u00e0 jouer<\/i> et <i>d\u00e9 \u00e0 coudre<\/i>. Dans J.-C.\u00a0Anscombre &amp; S.\u00a0Mejri (dir.)\u00a0: <i>Le figement linguistique\u00a0: la parole entrav\u00e9e<\/i>, Champion, Paris, pp.\u00a0363\u2013373.<\/li>\n<li>Barque L., Nasr A., Polgu\u00e8re A. (2010) From the Definitions of the <i>Tr\u00e9sor de la Langue Fran\u00e7aise<\/i> To a Semantic Database of the French Language. Dans A.\u00a0Dykstra &amp; T.\u00a0Schoonheim (dir.)\u00a0: <i>Proceedings of the XIV Euralex International Congress<\/i>, Fryske Akademy, Leeuwarden, pp.\u00a0245\u2013252.<\/li>\n<li>Mili\u0107evi\u0107 J., Polgu\u00e8re A. (2010) Ambivalence s\u00e9mantique des noms de communication langagi\u00e8re du fran\u00e7ais. Dans F.\u00a0Neveu, V.\u00a0Muni Toke, J.\u00a0Durand, T.\u00a0Klingler, L.\u00a0Mondada &amp; S.\u00a0Pr\u00e9vost (dir.)\u00a0: <i>Actes de la section \u00ab Lexique et morphologie \u00bb du 2<sup>e<\/sup> Congr\u00e8s Mondial de Linguistique Fran\u00e7aise (CMLF\u201910)<\/i>, Institut de Linguistique Fran\u00e7aise (ILF), La Nouvelle-Orl\u00e9ans, pp.\u00a01029\u20131050.<\/li>\n<li>Polgu\u00e8re A. (2009) Lexical systems\u00a0: graph models of natural language lexicons, <i>Language Resources and Evaluation<\/i> <b>43(1)<\/b>, pp.\u00a041\u201355.<\/li>\n<li>Mel\u2019\u010duk I. &amp; Polgu\u00e8re A. (2008) Pr\u00e9dicats et quasi-pr\u00e9dicats s\u00e9mantiques dans une perspective lexicographique,<i> Revue de linguistique et de didactique des langues (Lidil)<\/i> <b>37<\/b>, pp.\u00a099\u2013114.<\/li>\n<li>Polgu\u00e8re A. (2007) Lexical function standardness. Dans L.\u00a0Wanner (dir.)\u00a0: <i>Selected Lexical and Grammatical Issues in the Meaning-Text Theory. In Honour of Igor Mel\u2019\u010duk<\/i>, John Benjamins, Amsterdam\/Philadelphia, pp.\u00a043\u201395.<\/li>\n<li>Polgu\u00e8re A. (2007) <i>Soleil insoutenable<\/i> et <i>chaleur de plomb<\/i>\u00a0: le statut linguistique des greffes collocationnelles. Dans M.-C.\u00a0L\u2019Homme &amp; S.\u00a0Vandaele (dir.)\u00a0: <i>Lexicographie et terminologie\u00a0: compatibilit\u00e9 des mod\u00e8les et des m\u00e9thodes<\/i>, Les Presses de l\u2019Universit\u00e9 d\u2019Ottawa, Ottawa, pp.\u00a0247\u2013291.<\/li>\n<li>Polgu\u00e8re A. (2007) Is \u00ab\u00a0Meaning-Text Generative Lexicon\u00a0\u00bb a Swearword\u00a0? <i>Proceedings of the Fourth International Workshop on Generative Approaches to the Lexicon (GL\u20192007)<\/i>, Paris.<\/li>\n<li>Polgu\u00e8re A. (2007) Lessons from the <i>Lexique actif du fran\u00e7ais<\/i>. Dans K.\u00a0Gerdes, T.\u00a0Reuther &amp; L.\u00a0Wanner (dir.)\u00a0: <i>Meaning-Text Theory 2007. Proceedings of the Third International Conference on the Meaning Text Theory<\/i>, Klagenfurt, May 20\u201324, 2007, Wiener Slawistischer Almanach Sonderband\u00a069, M\u00fcnchen\u2013Wien, pp.\u00a0397\u2013405.<\/li>\n<li>Polgu\u00e8re A., Mel\u2019\u010duk I. (2006) D\u00e9rivations s\u00e9mantiques et collocations dans le DiCo\/LAF, <i>Langue fran\u00e7aise<\/i> <b>150<\/b>, pp.\u00a066\u201383.<\/li>\n<li>Iordanskaja L., Polgu\u00e8re A. (2005) Hooking up syntagmatic lexical functions to lexicographic definitions. <i>Proceedings of the Second International Conference on the Meaning Text Theory (MTT\u20192005)<\/i>, Moscou, pp.\u00a0176\u2013186.<\/li>\n<li>Steinlin J., Kahane S., Polgu\u00e8re A. (2005) Compiling a \u00ab\u00a0classical\u00a0\u00bb explanatory combinatorial lexicographic description into a relational database. <i>Proceedings of the Second International Conference on the Meaning Text Theory (MTT\u20192005)<\/i>, Moscou, pp.\u00a0477\u2013485.<\/li>\n<li>Polgu\u00e8re A. (2003) Collocations et fonctions lexicales\u00a0: pour un mod\u00e8le d\u2019apprentissage, <i>Revue Fran\u00e7aise de Linguistique Appliqu\u00e9e<\/i> <b>E(1)<\/b>, pp.\u00a0117\u2013133.<\/li>\n<li>Polgu\u00e8re A. (2003) \u00c9tiquetage s\u00e9mantique des lexies dans la base de donn\u00e9es DiCo, <i>Traitement Automatique des Langues (T.a.l.)<\/i> <b>44(2)<\/b>, pp.\u00a039\u201368.<\/li>\n<li>Kahane S., Polgu\u00e8re A. (2001) Formal Foundation of Lexical Functions. <i>Actes du colloque \u00ab\u00a0COLLOCATION\u00a0: Computational Extraction, Analysis and Exploitation\u00a0\u00bb<\/i>, Toulouse, pp.\u00a08\u201315.<\/li>\n<li>Polgu\u00e8re A. (2000) Une base de donn\u00e9es lexicales du fran\u00e7ais et ses applications possibles en didactique, <i>Revue de linguistique et de didactique des langues (Lidil)<\/i> <b>21<\/b>, pp.\u00a075\u201397.<\/li>\n<li>Dostie G., Mel\u2019\u010duk I., Polgu\u00e8re A. (1999) M\u00e9thodologie d\u2019\u00e9laboration des articles du Dictionnaire explicatif et combinatoire du fran\u00e7ais contemporain. Dans I.\u00a0Mel\u2019\u010duk, N.\u00a0Arbatchewsky-Jumarie, L.\u00a0Iordanskaja, S.\u00a0Mantha &amp; A.\u00a0Polgu\u00e8re (dir.)\u00a0: <i>Dictionnaire explicatif et combinatoire du fran\u00e7ais contemporain\u00a0: recherches lexico-s\u00e9mantiques IV<\/i>, Les Presses de l\u2019Universit\u00e9 de Montr\u00e9al, Montr\u00e9al, pp.\u00a011\u201328.<\/li>\n<li>Polgu\u00e8re A. (1998) Pour un mod\u00e8le stratifi\u00e9 de la lexicalisation en g\u00e9n\u00e9ration de texte, <i>Traitement Automatique des Langues (T.a.l.)<\/i> <b>39(2)<\/b>, pp.\u00a057\u201376.<\/li>\n<li>Polgu\u00e8re A. (1997) Meaning-Text Semantic Networks as a Formal Language. Dans L.\u00a0Wanner (dir.)\u00a0: <i>Recent Trends in Meaning-Text Theory<\/i>, John Benjamins, Amsterdam\/Philadelphia, pp.\u00a01\u201324.<\/li>\n<li>Iordanskaja L., Kim M., Polgu\u00e8re A. (1996) Some Procedural Problems in the Implementation of Lexical Functions for Text Generation. Dans L.\u00a0Wanner (dir.)\u00a0: <i>Lexical Functions in Lexicography and Natural Language Processing<\/i>, John Benjamins, Amsterdam\/Philadelphia, pp.\u00a0279\u2013297.<\/li>\n<li>Kittredge R., Polgu\u00e8re A. (1991) Dependency Grammars for Bilingual Text Generation\u00a0: Inside FoG\u2019s Stratificational Models. <i>Proceedings of the International Conference on Current Issues in Computational Linguistics<\/i>, Penang, pp.\u00a0318\u2013330.<\/li>\n<li>Goldberg E., Kittredge R., Polgu\u00e8re A. (1988) Computer Generation of Marine Weather Forecast Text, <i>Journal of Atmospheric and Oceanic Technology<\/i> <b>5(4)<\/b>, pp.\u00a0473\u2013483.<\/li>\n<\/ul>\n","protected":false},"excerpt":{"rendered":"<p>Liste compl\u00e8te des publications (format PDF) R\u00e9sum\u00e9 des publications Monographies Polgu\u00e8re A. (2016) Lexicologie et s\u00e9mantique lexicale. Notions fondamentales. Troisi\u00e8me \u00e9dition, Les Presses de l\u2019Universit\u00e9 de Montr\u00e9al, Montr\u00e9al. [Premi\u00e8re \u00e9dition en 2003 ; 4e \u00e9dition pr\u00e9vue pour l&rsquo;\u00e9t\u00e9 2025] Traduction en portugais : Polgu\u00e8re A. (2018) Lexicologia e Sem\u00e2ntica Lexical. No\u00e7\u00f5es Fundamentais. Editora Contexto, S\u00e3o [&hellip;]<\/p>\n","protected":false},"author":1,"featured_media":0,"parent":0,"menu_order":0,"comment_status":"closed","ping_status":"closed","template":"","meta":{"footnotes":""},"class_list":["post-17","page","type-page","status-publish","hentry"],"_links":{"self":[{"href":"https:\/\/perso.atilf.fr\/apolguere\/wp-json\/wp\/v2\/pages\/17","targetHints":{"allow":["GET"]}}],"collection":[{"href":"https:\/\/perso.atilf.fr\/apolguere\/wp-json\/wp\/v2\/pages"}],"about":[{"href":"https:\/\/perso.atilf.fr\/apolguere\/wp-json\/wp\/v2\/types\/page"}],"author":[{"embeddable":true,"href":"https:\/\/perso.atilf.fr\/apolguere\/wp-json\/wp\/v2\/users\/1"}],"replies":[{"embeddable":true,"href":"https:\/\/perso.atilf.fr\/apolguere\/wp-json\/wp\/v2\/comments?post=17"}],"version-history":[{"count":90,"href":"https:\/\/perso.atilf.fr\/apolguere\/wp-json\/wp\/v2\/pages\/17\/revisions"}],"predecessor-version":[{"id":969,"href":"https:\/\/perso.atilf.fr\/apolguere\/wp-json\/wp\/v2\/pages\/17\/revisions\/969"}],"wp:attachment":[{"href":"https:\/\/perso.atilf.fr\/apolguere\/wp-json\/wp\/v2\/media?parent=17"}],"curies":[{"name":"wp","href":"https:\/\/api.w.org\/{rel}","templated":true}]}}