{"id":35,"date":"2015-06-29T13:47:31","date_gmt":"2015-06-29T12:47:31","guid":{"rendered":"https:\/\/apps.atilf.fr\/homepages\/apotheloz\/?page_id=35"},"modified":"2020-09-21T07:45:28","modified_gmt":"2020-09-21T06:45:28","slug":"accueil","status":"publish","type":"page","link":"https:\/\/perso.atilf.fr\/apotheloz\/","title":{"rendered":""},"content":{"rendered":"<h6 style=\"text-align: left\"><span style=\"text-decoration: underline\"><strong><a href=\"https:\/\/perso.atilf.fr\/apotheloz\/wp-content\/uploads\/sites\/59\/2015\/06\/m.jpg\"><img loading=\"lazy\" decoding=\"async\" class=\"wp-image-244 alignleft\" src=\"https:\/\/perso.atilf.fr\/apotheloz\/wp-content\/uploads\/sites\/59\/2015\/06\/m-191x300.jpg\" alt=\"dA\" width=\"141\" height=\"222\" srcset=\"https:\/\/perso.atilf.fr\/apotheloz\/wp-content\/uploads\/sites\/59\/2015\/06\/m-191x300.jpg 191w, https:\/\/perso.atilf.fr\/apotheloz\/wp-content\/uploads\/sites\/59\/2015\/06\/m-768x1208.jpg 768w, https:\/\/perso.atilf.fr\/apotheloz\/wp-content\/uploads\/sites\/59\/2015\/06\/m-651x1024.jpg 651w, https:\/\/perso.atilf.fr\/apotheloz\/wp-content\/uploads\/sites\/59\/2015\/06\/m.jpg 901w\" sizes=\"auto, (max-width: 141px) 100vw, 141px\" \/><\/a><\/strong><\/span><\/h6>\n<p>&nbsp;<\/p>\n<p>&nbsp;<\/p>\n<p>&nbsp;<\/p>\n<p>&nbsp;<\/p>\n<h5><strong>Denis Apoth\u00e9loz<\/strong><br \/>\n<strong>Professeur \u00e9m\u00e9rite de linguistique<br \/>\n<\/strong><strong>Universit\u00e9 de Lorraine<br \/>\n<\/strong><strong>Laboratoire ATILF (UMR 7118, CNRS &amp; Universit\u00e9 de Lorraine)<\/strong><\/h5>\n<h6><\/h6>\n<p>&nbsp;<\/p>\n<h6>\n<table id=\"tablepress-4\" class=\"tablepress tablepress-id-4\">\n<tbody class=\"row-striping\">\n<tr class=\"row-1\">\n\t<td class=\"column-1\">\u00c9quipe<\/td><td class=\"column-2\"><a href=\"https:\/\/www.atilf.fr\/recherche\/equipes\/discours\/\">Discours<\/a><\/td>\n<\/tr>\n<tr class=\"row-2\">\n\t<td class=\"column-1\">T\u00e9l\u00e9phone<\/td><td class=\"column-2\">+33 (0)3 54 50 53 14<\/td>\n<\/tr>\n<tr class=\"row-3\">\n\t<td class=\"column-1\">Identifiant ORCID<\/td><td class=\"column-2\"><a href=\"https:\/\/orcid.org\/0000-0002-1332-8561\/\">0000-0002-1332-8561<\/a><\/td>\n<\/tr>\n<tr class=\"row-4\">\n\t<td class=\"column-1\">Lieu<\/td><td class=\"column-2\">Bureau 210 - 2e \u00e9tage - B\u00e2timent CNRS<\/a><\/td>\n<\/tr>\n<tr class=\"row-5\">\n\t<td class=\"column-1\">Courriel<\/td><td class=\"column-2\">prenom.nom(at)univ-lorraine.fr<\/td>\n<\/tr>\n<tr class=\"row-6\">\n\t<td class=\"column-1\">Adresse<\/td><td class=\"column-2\">ATILF (CNRS &amp; Universit\u00e9 de Lorraine) <br \/>\n44, avenue de la Lib\u00e9ration <br \/>\nB.P. 30687 <br \/>\n54063 Nancy Cedex<\/td>\n<\/tr>\n<\/tbody>\n<\/table>\n<!-- #tablepress-4 from cache --><\/h6>\n<h6>\u00a0 \u00a0Direction scientifique de la revue <a href=\"https:\/\/www.atilf.fr\/publications\/revues-atilf\/verbum\/\" target=\"_blank\" rel=\"noopener noreferrer\"><em>VERBUM<\/em><\/a><\/h6>\n<h6><\/h6>\n<h6>\n<table id=\"tablepress-5\" class=\"tablepress tablepress-id-5\">\n<tbody class=\"row-striping row-hover\">\n<tr class=\"row-1\">\n\t<td class=\"column-1\"><\/td><td class=\"column-2\"><\/td>\n<\/tr>\n<\/tbody>\n<\/table>\n<!-- #tablepress-5 from cache --><\/h6>\n","protected":false},"excerpt":{"rendered":"<p>&nbsp; &nbsp; &nbsp; &nbsp; Denis Apoth\u00e9loz Professeur \u00e9m\u00e9rite de linguistique Universit\u00e9 de Lorraine Laboratoire ATILF (UMR 7118, CNRS &amp; Universit\u00e9 de Lorraine) &nbsp; \u00a0 \u00a0Direction scientifique de la revue VERBUM<\/p>\n","protected":false},"author":1,"featured_media":0,"parent":0,"menu_order":0,"comment_status":"closed","ping_status":"closed","template":"","meta":{"footnotes":""},"class_list":["post-35","page","type-page","status-publish","hentry"],"_links":{"self":[{"href":"https:\/\/perso.atilf.fr\/apotheloz\/wp-json\/wp\/v2\/pages\/35","targetHints":{"allow":["GET"]}}],"collection":[{"href":"https:\/\/perso.atilf.fr\/apotheloz\/wp-json\/wp\/v2\/pages"}],"about":[{"href":"https:\/\/perso.atilf.fr\/apotheloz\/wp-json\/wp\/v2\/types\/page"}],"author":[{"embeddable":true,"href":"https:\/\/perso.atilf.fr\/apotheloz\/wp-json\/wp\/v2\/users\/1"}],"replies":[{"embeddable":true,"href":"https:\/\/perso.atilf.fr\/apotheloz\/wp-json\/wp\/v2\/comments?post=35"}],"version-history":[{"count":86,"href":"https:\/\/perso.atilf.fr\/apotheloz\/wp-json\/wp\/v2\/pages\/35\/revisions"}],"predecessor-version":[{"id":1488,"href":"https:\/\/perso.atilf.fr\/apotheloz\/wp-json\/wp\/v2\/pages\/35\/revisions\/1488"}],"wp:attachment":[{"href":"https:\/\/perso.atilf.fr\/apotheloz\/wp-json\/wp\/v2\/media?parent=35"}],"curies":[{"name":"wp","href":"https:\/\/api.w.org\/{rel}","templated":true}]}}