{"id":576,"date":"2016-11-18T10:50:54","date_gmt":"2016-11-18T09:50:54","guid":{"rendered":"https:\/\/apps.atilf.fr\/homepages\/apotheloz\/?page_id=576"},"modified":"2017-11-25T11:16:30","modified_gmt":"2017-11-25T10:16:30","slug":"ressources-diverses","status":"publish","type":"page","link":"https:\/\/perso.atilf.fr\/apotheloz\/ressources-diverses\/","title":{"rendered":"Ressources diverses"},"content":{"rendered":"<p><span style=\"text-decoration: underline\">TEMPORALIT\u00c9 ET ASPECT DANS LE DISCOURS<\/span><\/p>\n<p><a href=\"https:\/\/perso.atilf.fr\/apotheloz\/wp-content\/uploads\/sites\/59\/2016\/11\/Tabl_de_conjugaison.pdf\" target=\"_blank\" rel=\"noopener\"><img loading=\"lazy\" decoding=\"async\" class=\"\" src=\"https:\/\/perso.atilf.fr\/apotheloz\/wp-content\/uploads\/sites\/59\/2016\/11\/pdf.png\" width=\"24\" height=\"24\" \/><\/a>\u00a0 \u00a0Tableaux de conjugaisons<\/p>\n<p><a href=\"https:\/\/perso.atilf.fr\/apotheloz\/wp-content\/uploads\/sites\/59\/2016\/11\/Reichenbach3.pdf\" target=\"_blank\" rel=\"noopener\"><img loading=\"lazy\" decoding=\"async\" class=\"\" src=\"https:\/\/perso.atilf.fr\/apotheloz\/wp-content\/uploads\/sites\/59\/2016\/11\/pdf.png\" width=\"24\" height=\"24\" \/><\/a>\u00a0 \u00a0H. Reichenbach: The tenses of verbs. \u00a7 51 de:\u00a0<em>Elements of symbolic logic<\/em>. Toronto: Macmillan, 1947.<\/p>\n<p><a href=\"https:\/\/perso.atilf.fr\/apotheloz\/wp-content\/uploads\/sites\/59\/2016\/11\/Benveniste.pdf\" target=\"_blank\" rel=\"noopener\"><img loading=\"lazy\" decoding=\"async\" class=\"\" src=\"https:\/\/perso.atilf.fr\/apotheloz\/wp-content\/uploads\/sites\/59\/2016\/11\/pdf.png\" width=\"24\" height=\"24\" \/><\/a>\u00a0 \u00a0E. Benveniste: Les relations de temps dans le verbe fran\u00e7ais. In:\u00a0<em>Probl\u00e8mes de linguistique g\u00e9n\u00e9rale, 1.<br \/>\n<\/em>\u00a0 \u00a0 \u00a0 \u00a0 \u00a0 \u00a0Paris: Gallimard, 1966, 237-250.<\/p>\n<p><a href=\"https:\/\/perso.atilf.fr\/apotheloz\/wp-content\/uploads\/sites\/59\/2016\/11\/Vendler_1957.pdf\" target=\"_blank\" rel=\"noopener\"><img loading=\"lazy\" decoding=\"async\" class=\"\" src=\"https:\/\/perso.atilf.fr\/apotheloz\/wp-content\/uploads\/sites\/59\/2016\/11\/pdf.png\" width=\"25\" height=\"25\" \/><\/a>\u00a0 \u00a0Z. Vendler: Verbs and times.\u00a0<em>The Philosophocal Review<\/em>, LXVI, 1957, 143-160.<br \/>\nR\u00e9\u00e9dit\u00e9 dans:\u00a0Z. Vendler,\u00a0<em>Linguistics in Philosophy<\/em>. Ithaca, New York: Cornell University Press, 1967, 97-121.<\/p>\n<p><a href=\"https:\/\/perso.atilf.fr\/apotheloz\/wp-content\/uploads\/sites\/59\/2017\/06\/Verbum_2017_1.pdf\" target=\"_blank\" rel=\"noopener\"><img loading=\"lazy\" decoding=\"async\" class=\"alignnone\" src=\"https:\/\/perso.atilf.fr\/apotheloz\/wp-content\/uploads\/sites\/59\/2016\/11\/pdf.png\" alt=\"\" width=\"25\" height=\"25\" \/><\/a>\u00a0\u00a0\u00a0D. Apoth\u00e9loz: Reichenbach revisit\u00e9.\u00a0<em>VERBUM,\u00a0<\/em>39, no 1, 2017, 5-30.<\/p>\n<h6><\/h6>\n","protected":false},"excerpt":{"rendered":"<p>TEMPORALIT\u00c9 ET ASPECT DANS LE DISCOURS \u00a0 \u00a0Tableaux de conjugaisons \u00a0 \u00a0H. Reichenbach: The tenses of verbs. \u00a7 51 de:\u00a0Elements of symbolic logic. Toronto: Macmillan, 1947. \u00a0 \u00a0E. Benveniste: Les relations de temps dans le verbe fran\u00e7ais. In:\u00a0Probl\u00e8mes de linguistique g\u00e9n\u00e9rale, 1. \u00a0 \u00a0 \u00a0 \u00a0 \u00a0 \u00a0Paris: Gallimard, 1966, 237-250. \u00a0 \u00a0Z. Vendler: Verbs [&hellip;]<\/p>\n","protected":false},"author":59,"featured_media":0,"parent":0,"menu_order":0,"comment_status":"closed","ping_status":"closed","template":"","meta":{"footnotes":""},"class_list":["post-576","page","type-page","status-publish","hentry"],"_links":{"self":[{"href":"https:\/\/perso.atilf.fr\/apotheloz\/wp-json\/wp\/v2\/pages\/576","targetHints":{"allow":["GET"]}}],"collection":[{"href":"https:\/\/perso.atilf.fr\/apotheloz\/wp-json\/wp\/v2\/pages"}],"about":[{"href":"https:\/\/perso.atilf.fr\/apotheloz\/wp-json\/wp\/v2\/types\/page"}],"author":[{"embeddable":true,"href":"https:\/\/perso.atilf.fr\/apotheloz\/wp-json\/wp\/v2\/users\/59"}],"replies":[{"embeddable":true,"href":"https:\/\/perso.atilf.fr\/apotheloz\/wp-json\/wp\/v2\/comments?post=576"}],"version-history":[{"count":47,"href":"https:\/\/perso.atilf.fr\/apotheloz\/wp-json\/wp\/v2\/pages\/576\/revisions"}],"predecessor-version":[{"id":966,"href":"https:\/\/perso.atilf.fr\/apotheloz\/wp-json\/wp\/v2\/pages\/576\/revisions\/966"}],"wp:attachment":[{"href":"https:\/\/perso.atilf.fr\/apotheloz\/wp-json\/wp\/v2\/media?parent=576"}],"curies":[{"name":"wp","href":"https:\/\/api.w.org\/{rel}","templated":true}]}}

<p><span style="text-decoration: underline">TEMPORALITÉ ET ASPECT DANS LE DISCOURS</span></p>
<p><a href="https://perso.atilf.fr/apotheloz/wp-content/uploads/sites/59/2016/11/Tabl_de_conjugaison.pdf" target="_blank" rel="noopener"><img loading="lazy" decoding="async" class="" src="https://perso.atilf.fr/apotheloz/wp-content/uploads/sites/59/2016/11/pdf.png" width="24" height="24" /></a>   Tableaux de conjugaisons</p>
<p><a href="https://perso.atilf.fr/apotheloz/wp-content/uploads/sites/59/2016/11/Reichenbach3.pdf" target="_blank" rel="noopener"><img loading="lazy" decoding="async" class="" src="https://perso.atilf.fr/apotheloz/wp-content/uploads/sites/59/2016/11/pdf.png" width="24" height="24" /></a>   H. Reichenbach: The tenses of verbs. § 51 de: <em>Elements of symbolic logic</em>. Toronto: Macmillan, 1947.</p>
<p><a href="https://perso.atilf.fr/apotheloz/wp-content/uploads/sites/59/2016/11/Benveniste.pdf" target="_blank" rel="noopener"><img loading="lazy" decoding="async" class="" src="https://perso.atilf.fr/apotheloz/wp-content/uploads/sites/59/2016/11/pdf.png" width="24" height="24" /></a>   E. Benveniste: Les relations de temps dans le verbe français. In: <em>Problèmes de linguistique générale, 1.<br />
</em>           Paris: Gallimard, 1966, 237-250.</p>
<p><a href="https://perso.atilf.fr/apotheloz/wp-content/uploads/sites/59/2016/11/Vendler_1957.pdf" target="_blank" rel="noopener"><img loading="lazy" decoding="async" class="" src="https://perso.atilf.fr/apotheloz/wp-content/uploads/sites/59/2016/11/pdf.png" width="25" height="25" /></a>   Z. Vendler: Verbs and times. <em>The Philosophocal Review</em>, LXVI, 1957, 143-160.<br />
Réédité dans: Z. Vendler, <em>Linguistics in Philosophy</em>. Ithaca, New York: Cornell University Press, 1967, 97-121.</p>
<p><a href="https://perso.atilf.fr/apotheloz/wp-content/uploads/sites/59/2017/06/Verbum_2017_1.pdf" target="_blank" rel="noopener"><img loading="lazy" decoding="async" class="alignnone" src="https://perso.atilf.fr/apotheloz/wp-content/uploads/sites/59/2016/11/pdf.png" alt="" width="25" height="25" /></a>   D. Apothéloz: Reichenbach revisité. <em>VERBUM, </em>39, no 1, 2017, 5-30.</p>
<h6></h6>

<p>TEMPORALITÉ ET ASPECT DANS LE DISCOURS    Tableaux de conjugaisons    H. Reichenbach: The tenses of verbs. § 51 de: Elements of symbolic logic. Toronto: Macmillan, 1947.    E. Benveniste: Les relations de temps dans le verbe français. In: Problèmes de linguistique générale, 1.            Paris: Gallimard, 1966, 237-250.    Z. Vendler: Verbs [&hellip;]</p>
