{"id":13,"date":"2015-06-29T13:43:15","date_gmt":"2015-06-29T12:43:15","guid":{"rendered":"https:\/\/apps.atilf.fr\/homepages\/?page_id=13"},"modified":"2024-01-18T13:20:00","modified_gmt":"2024-01-18T12:20:00","slug":"enseignement","status":"publish","type":"page","link":"https:\/\/perso.atilf.fr\/asmith\/enseignement\/","title":{"rendered":"Enseignement"},"content":{"rendered":"<p><span style=\"text-decoration: underline\"><strong>Contexte institutionnel<\/strong><\/span><\/p>\n<p>Ma\u00eetre de Conf\u00e9rences HCl. \u00e0 l&rsquo;<a href=\"http:\/\/inspe.univ-lorraine.fr\/\" target=\"_blank\" rel=\"noopener\">INSPE de Lorraine.<\/a><\/p>\n<p><span style=\"text-decoration: underline\"><strong>Enseignements<\/strong><\/span><\/p>\n<p>Allemand en tant que langue \u00e9trang\u00e8re \/ en tant que langue d&rsquo;enseignement \/ d&rsquo;apprentissage en <a href=\"http:\/\/inspe.univ-lorraine.fr\/master-meef-les-langues\/la-formation\" target=\"_blank\" rel=\"noopener\">Master MEEF 1er degr\u00e9<\/a> et au P\u00f4le d&rsquo;Enseignement et d&rsquo;Autoformation en Langues (<a href=\"https:\/\/lansad.univ-lorraine.fr\/nos-departements\/pole-denseignement-dautoformation-et-de-recherches-en-langue\/\" target=\"_blank\" rel=\"noopener\">PEARL, UFR LANSAD<\/a>) ; TD d&rsquo;allemand en <a href=\"https:\/\/fac-droit.univ-lorraine.fr\/content\/master-2-juriste-daffaires-international-et-europeen\" target=\"_blank\" rel=\"noopener\">Magist\u00e8re 2<\/a> \u00e0 la facult\u00e9 de droit ; formatrice dans le <a href=\"http:\/\/inspe.univ-lorraine.fr\/formations-continues-formation-diplomante\/du-pratiquer-et-enseigner-lallemand\" target=\"_blank\" rel=\"noopener\">DU Pratiquer et Enseigner l&rsquo;Allemand<\/a> ; TD Outils linguistiques appliqu\u00e9s (L1) et Techniques de Communication (L2) en licence <a href=\"http:\/\/all-nancy.univ-lorraine.fr\/formations\/licence-lea-langues-etrangeres-appliquees\" target=\"_blank\" rel=\"noopener\">LEA \/ UFR ALL<\/a> (Universit\u00e9 de Lorraine) ; TD de th\u00e8me (L1 et L2) en licence <a href=\"http:\/\/all-nancy.univ-lorraine.fr\/formations\/licence-lea-langues-etrangeres-appliquees\" target=\"_blank\" rel=\"noopener\">BILANGUE-BICULTURE (fr-all)<\/a> \u00e0 l&rsquo;UFR Arts, Lettres et Langues (ALL) Nancy.<\/p>\n<p><span style=\"text-decoration: underline\"><strong>Direction de m\u00e9moires et de th\u00e8ses<\/strong><\/span><\/p>\n<p>Direction de 3 &#8211; 4 m\u00e9moires \/ ann\u00e9e universitaire en Master MEEF 1er degr\u00e9.<\/p>\n<p>Direction de 3 m\u00e9moires dans le cadre du European Master of Lexicography (<a href=\"https:\/\/www.atilf.fr\/formation\/emlex-master-sciences-du-langage-lexicographie-nancy\/\" target=\"_blank\" rel=\"noopener\">EMLex<\/a>). (2020, 2022, 2023).<\/p>\n","protected":false},"excerpt":{"rendered":"<p>Contexte institutionnel Ma\u00eetre de Conf\u00e9rences HCl. \u00e0 l&rsquo;INSPE de Lorraine. Enseignements Allemand en tant que langue \u00e9trang\u00e8re \/ en tant que langue d&rsquo;enseignement \/ d&rsquo;apprentissage en Master MEEF 1er degr\u00e9 et au P\u00f4le d&rsquo;Enseignement et d&rsquo;Autoformation en Langues (PEARL, UFR LANSAD) ; TD d&rsquo;allemand en Magist\u00e8re 2 \u00e0 la facult\u00e9 de droit ; formatrice dans [&hellip;]<\/p>\n","protected":false},"author":1,"featured_media":0,"parent":0,"menu_order":0,"comment_status":"closed","ping_status":"closed","template":"","meta":{"footnotes":""},"class_list":["post-13","page","type-page","status-publish","hentry"],"_links":{"self":[{"href":"https:\/\/perso.atilf.fr\/asmith\/wp-json\/wp\/v2\/pages\/13","targetHints":{"allow":["GET"]}}],"collection":[{"href":"https:\/\/perso.atilf.fr\/asmith\/wp-json\/wp\/v2\/pages"}],"about":[{"href":"https:\/\/perso.atilf.fr\/asmith\/wp-json\/wp\/v2\/types\/page"}],"author":[{"embeddable":true,"href":"https:\/\/perso.atilf.fr\/asmith\/wp-json\/wp\/v2\/users\/1"}],"replies":[{"embeddable":true,"href":"https:\/\/perso.atilf.fr\/asmith\/wp-json\/wp\/v2\/comments?post=13"}],"version-history":[{"count":9,"href":"https:\/\/perso.atilf.fr\/asmith\/wp-json\/wp\/v2\/pages\/13\/revisions"}],"predecessor-version":[{"id":377,"href":"https:\/\/perso.atilf.fr\/asmith\/wp-json\/wp\/v2\/pages\/13\/revisions\/377"}],"wp:attachment":[{"href":"https:\/\/perso.atilf.fr\/asmith\/wp-json\/wp\/v2\/media?parent=13"}],"curies":[{"name":"wp","href":"https:\/\/api.w.org\/{rel}","templated":true}]}}

<p><span style="text-decoration: underline"><strong>Contexte institutionnel</strong></span></p>
<p>Maître de Conférences HCl. à l&rsquo;<a href="http://inspe.univ-lorraine.fr/" target="_blank" rel="noopener">INSPE de Lorraine.</a></p>
<p><span style="text-decoration: underline"><strong>Enseignements</strong></span></p>
<p>Allemand en tant que langue étrangère / en tant que langue d&rsquo;enseignement / d&rsquo;apprentissage en <a href="http://inspe.univ-lorraine.fr/master-meef-les-langues/la-formation" target="_blank" rel="noopener">Master MEEF 1er degré</a> et au Pôle d&rsquo;Enseignement et d&rsquo;Autoformation en Langues (<a href="https://lansad.univ-lorraine.fr/nos-departements/pole-denseignement-dautoformation-et-de-recherches-en-langue/" target="_blank" rel="noopener">PEARL, UFR LANSAD</a>) ; TD d&rsquo;allemand en <a href="https://fac-droit.univ-lorraine.fr/content/master-2-juriste-daffaires-international-et-europeen" target="_blank" rel="noopener">Magistère 2</a> à la faculté de droit ; formatrice dans le <a href="http://inspe.univ-lorraine.fr/formations-continues-formation-diplomante/du-pratiquer-et-enseigner-lallemand" target="_blank" rel="noopener">DU Pratiquer et Enseigner l&rsquo;Allemand</a> ; TD Outils linguistiques appliqués (L1) et Techniques de Communication (L2) en licence <a href="http://all-nancy.univ-lorraine.fr/formations/licence-lea-langues-etrangeres-appliquees" target="_blank" rel="noopener">LEA / UFR ALL</a> (Université de Lorraine) ; TD de thème (L1 et L2) en licence <a href="http://all-nancy.univ-lorraine.fr/formations/licence-lea-langues-etrangeres-appliquees" target="_blank" rel="noopener">BILANGUE-BICULTURE (fr-all)</a> à l&rsquo;UFR Arts, Lettres et Langues (ALL) Nancy.</p>
<p><span style="text-decoration: underline"><strong>Direction de mémoires et de thèses</strong></span></p>
<p>Direction de 3 &#8211; 4 mémoires / année universitaire en Master MEEF 1er degré.</p>
<p>Direction de 3 mémoires dans le cadre du European Master of Lexicography (<a href="https://www.atilf.fr/formation/emlex-master-sciences-du-langage-lexicographie-nancy/" target="_blank" rel="noopener">EMLex</a>). (2020, 2022, 2023).</p>

<p>Contexte institutionnel Maître de Conférences HCl. à l&rsquo;INSPE de Lorraine. Enseignements Allemand en tant que langue étrangère / en tant que langue d&rsquo;enseignement / d&rsquo;apprentissage en Master MEEF 1er degré et au Pôle d&rsquo;Enseignement et d&rsquo;Autoformation en Langues (PEARL, UFR LANSAD) ; TD d&rsquo;allemand en Magistère 2 à la faculté de droit ; formatrice dans [&hellip;]</p>
