{"id":13,"date":"2015-06-29T13:43:15","date_gmt":"2015-06-29T12:43:15","guid":{"rendered":"https:\/\/apps.atilf.fr\/homepages\/bbouard\/?page_id=13"},"modified":"2020-09-04T14:52:42","modified_gmt":"2020-09-04T13:52:42","slug":"enseignement","status":"publish","type":"page","link":"https:\/\/perso.atilf.fr\/bbouard\/enseignement\/","title":{"rendered":"Enseignement"},"content":{"rendered":"<h4 style=\"text-align: center\">UNIVERSIT\u00c9 DE LORRAINE &#8211; SITE DE NANCY<\/h4>\n<h4><\/h4>\n<h4>UFR Arts Lettres Langues &#8211; D\u00e9partement Lettres<\/h4>\n<h5><span style=\"text-decoration: underline\">2020-2018<\/span><\/h5>\n<p>\u2022 <strong>Master M\u00e9tiers de l\u2019Enseignement<\/strong>, de l\u2019\u00c9ducation et de la Formation (MEEF) : second degr\u00e9 Lettres<br \/>\n<strong>Master 2<\/strong><br \/>\nUE 101 Approfondissement disciplinaire Enseigner la langue fran\u00e7aise dans le secondaire<br \/>\n<strong>Master 1<\/strong><br \/>\nUE 72 Langue fran\u00e7aise 1 \u00c9tude de la langue Pr\u00e9paration de l\u2019\u00e9preuve \u00e9crite de Fran\u00e7ais moderne du CAPES de Lettres Modernes (grammaire, orthographe)<br \/>\nUE 72 Langue fran\u00e7aise 1 Didactique\/ Pr\u00e9sentation des programmes &#8211; Fran\u00e7ais moderne (mise en perspective des savoirs grammaticaux)<br \/>\nUE 81 EC2 Langue fran\u00e7aise 2 Pr\u00e9paration \u00e0 l&rsquo;oral Fran\u00e7ais moderne (question de grammaire)<br \/>\nUE 81 Pr\u00e9paration \u00e0 l\u2019oral Colles publiques<br \/>\n\u2022 <strong>Licence 1 de Lettres Modernes<\/strong><br \/>\nUE 103- D\u00e9couverte du fran\u00e7ais 1EC1 Unit\u00e9s de la langue\u00a0: morphologie, phon\u00e9tique et m\u00e9trique<br \/>\nUE 203- D\u00e9couverte du fran\u00e7ais 2 EC1 La phrase simple \u2013 syntaxe et stylistique<\/p>\n<h5><span style=\"text-decoration: underline\">2018-2012<\/span><\/h5>\n<p><strong>Master M\u00e9tiers de l\u2019Enseignement,<\/strong> de l\u2019\u00c9ducation et de la Formation (MEEF) : second degr\u00e9 Lettres<br \/>\n<strong>Master 2<\/strong><br \/>\nUE 101 Approfondissement disciplinaire Enseigner la langue fran\u00e7aise dans le secondaire<br \/>\n<strong>Master 1<\/strong><br \/>\nUE 72 Langue fran\u00e7aise 1 \u00c9tude de la langue Pr\u00e9paration de l\u2019\u00e9crit de Fran\u00e7ais moderne du CAPES Lettres Modernes<br \/>\n(grammaire, orthographe)<br \/>\nUE 72 Langue fran\u00e7aise 1 Didactique\/ Programmes Fran\u00e7ais moderne (mise en perspective des savoirs grammaticaux)<br \/>\nUE 81 EC2 Langue fran\u00e7aise 2 Pr\u00e9paration \u00e0 l&rsquo;oral Fran\u00e7ais moderne (question de grammaire)<br \/>\nUE 81 Pr\u00e9paration \u00e0 l\u2019oral Colles publiques<br \/>\n<strong>Licence de Lettres Modernes<\/strong><br \/>\n<strong>Licence 2<\/strong><br \/>\nUE 33 Les unit\u00e9s de la langue- Description du lexique\u00a0: morphologie<br \/>\nUEO 41 Fran\u00e7ais et enseignement \u2013 EC1a Enseigner la grammaire<br \/>\nUEO 41 Fran\u00e7ais et enseignement \u2013 EC2 L\u2019Orthographe en d\u00e9bat<br \/>\n<strong>Licence 1<\/strong><br \/>\nUE 13 D\u00e9couverte du fran\u00e7ais &#8211; Initiation \u00e0 la syntaxe\u00a0: cat\u00e9gories et fonctions<br \/>\nUE 23 Le texte et la langue &#8211; Syntaxe\u00a0: approche de la phrase<\/p>\n<p>&nbsp;<\/p>\n<h4>UFR Sciences Humaines et Sociales<\/h4>\n<h5><span style=\"text-decoration: underline\">D\u00e9partement des Sciences du Langage<\/span><\/h5>\n<p><strong>Master de Sciences du Langage<\/strong><br \/>\n<strong>Master 2<\/strong> Sp\u00e9cialit\u00e9s Apprentissage et Acquisition des Langues et Lexique Textes Discours (tronc commun)<br \/>\nUE 903 M\u00e9thodologie et \u00e9pist\u00e9mologie &#8211; EC 2 \u00c9pist\u00e9mologie des disciplines<\/p>\n<h5><span style=\"text-decoration: underline\">D\u00e9partement des Sciences de l\u2019\u00c9ducation<\/span><\/h5>\n<p><strong>Licence 2<\/strong><br \/>\nUFO 41 Pr\u00e9paration au professorat des \u00e9coles (UE Libre pour les autres licences)<br \/>\nEC1 \u00c9l\u00e9ments de th\u00e9orie grammaticale<br \/>\nEC1.2 Th\u00e9orie grammaticale et didactique<\/p>\n","protected":false},"excerpt":{"rendered":"<p>UNIVERSIT\u00c9 DE LORRAINE &#8211; SITE DE NANCY UFR Arts Lettres Langues &#8211; D\u00e9partement Lettres 2020-2018 \u2022 Master M\u00e9tiers de l\u2019Enseignement, de l\u2019\u00c9ducation et de la Formation (MEEF) : second degr\u00e9 Lettres Master 2 UE 101 Approfondissement disciplinaire Enseigner la langue fran\u00e7aise dans le secondaire Master 1 UE 72 Langue fran\u00e7aise 1 \u00c9tude de la langue [&hellip;]<\/p>\n","protected":false},"author":1,"featured_media":0,"parent":0,"menu_order":0,"comment_status":"closed","ping_status":"closed","template":"","meta":{"footnotes":""},"class_list":["post-13","page","type-page","status-publish","hentry"],"_links":{"self":[{"href":"https:\/\/perso.atilf.fr\/bbouard\/wp-json\/wp\/v2\/pages\/13","targetHints":{"allow":["GET"]}}],"collection":[{"href":"https:\/\/perso.atilf.fr\/bbouard\/wp-json\/wp\/v2\/pages"}],"about":[{"href":"https:\/\/perso.atilf.fr\/bbouard\/wp-json\/wp\/v2\/types\/page"}],"author":[{"embeddable":true,"href":"https:\/\/perso.atilf.fr\/bbouard\/wp-json\/wp\/v2\/users\/1"}],"replies":[{"embeddable":true,"href":"https:\/\/perso.atilf.fr\/bbouard\/wp-json\/wp\/v2\/comments?post=13"}],"version-history":[{"count":11,"href":"https:\/\/perso.atilf.fr\/bbouard\/wp-json\/wp\/v2\/pages\/13\/revisions"}],"predecessor-version":[{"id":219,"href":"https:\/\/perso.atilf.fr\/bbouard\/wp-json\/wp\/v2\/pages\/13\/revisions\/219"}],"wp:attachment":[{"href":"https:\/\/perso.atilf.fr\/bbouard\/wp-json\/wp\/v2\/media?parent=13"}],"curies":[{"name":"wp","href":"https:\/\/api.w.org\/{rel}","templated":true}]}}