{"id":15,"date":"2015-06-29T13:43:26","date_gmt":"2015-06-29T12:43:26","guid":{"rendered":"https:\/\/apps.atilf.fr\/homepages\/benzitoun\/?page_id=15"},"modified":"2021-10-06T21:57:38","modified_gmt":"2021-10-06T20:57:38","slug":"projets","status":"publish","type":"page","link":"https:\/\/perso.atilf.fr\/benzitoun\/projets\/","title":{"rendered":"Projets"},"content":{"rendered":"<table width=\"1249\">\n<tbody>\n<tr>\n<td width=\"100\">2021-2022<\/p>\n<p>Depuis 2019<\/td>\n<td width=\"1149\">Encadrement du m\u00e9moire de M2 de Paul Valentin portant sur les insultes sur Twitter.<\/p>\n<p>Membre du projet EVALANG portant sur l\u2019\u00e9valuation du langage oral chez les jeunes enfants.<\/td>\n<\/tr>\n<tr>\n<td>Depuis 2018<\/td>\n<td>Intervention dans le cadre d\u2019un REP+ pour faire des conf\u00e9rences aupr\u00e8s des enseignants sur la sensibilisation des diff\u00e9rences entre fran\u00e7ais parl\u00e9 et \u00e9crit dans un contexte d\u2019enseignement (4 interventions). Mise en place de deux recherches-actions\u00a0: l\u2019une sur l\u2019enseignement du langage oral en CE2 et l\u2019autre sur la formulation des exercices de math\u00e9matiques en primaire.<\/td>\n<\/tr>\n<tr>\n<td>2017-2020<\/td>\n<td>Membre du projet <em>Donnez votre fran\u00e7ais \u00e0 la science<\/em>. Il s\u2019agit de d\u00e9velopper une plateforme de collecte de donn\u00e9es \u00e9crites et orales en ligne. Ce projet a \u00e9t\u00e9 financ\u00e9 par la DGLFLF.<\/td>\n<\/tr>\n<tr>\n<td><\/td>\n<td><\/td>\n<\/tr>\n<tr>\n<td>2016<\/td>\n<td>Participation au projet UOH (responsable\u00a0: G. Dal, Universit\u00e9 Lille 3). Enregistrement d\u2019une vid\u00e9o abordant la th\u00e9matique de la grammaire pour des non-sp\u00e9cialistes.<\/td>\n<\/tr>\n<tr>\n<td>2014-2017<\/td>\n<td>Responsable du projet CANET (co-financement R\u00e9gion Lorraine) \u2013 Constitution Annotation Normalisation et Exploitation de Transcriptions de fran\u00e7ais parl\u00e9.<\/td>\n<\/tr>\n<tr>\n<td>2013-2016<\/td>\n<td>Responsable des donn\u00e9es dans le cadre du projet ANR ORFEO (responsable du projet\u00a0: Jeanne-Marie Debaisieux)<\/td>\n<\/tr>\n<tr>\n<td>Depuis 2012<\/td>\n<td>Membre du groupe de travail (GT2) de l\u2019IRCOM portant sur l\u2019interop\u00e9rabilit\u00e9. Membre du conseil scientifique de l\u2019IRCOM.<\/td>\n<\/tr>\n<tr>\n<td>Depuis 2012<\/td>\n<td>Participation au projet FRACOV \u2013 Fran\u00e7ais Contemporain Vernaculaire \u2013 de l\u2019ILF (responsables\u00a0: P. Larriv\u00e9e et F. Lefeuvre)<\/td>\n<\/tr>\n<tr>\n<td>2011-2012<\/td>\n<td>Responsable du projet PERCEO\u00a0: mise \u00e0 disposition d\u2019un corpus de fran\u00e7ais parl\u00e9 annot\u00e9 en POS et lemmatis\u00e9 servant d\u2019entra\u00eenement pour un \u00e9tiqueteur automatique. Ce projet comporte \u00e9galement une phase d\u2019annotation et d\u2019entra\u00eenement sur des donn\u00e9es \u00e9crites provenant de type de texte diff\u00e9rents.<\/td>\n<\/tr>\n<tr>\n<td>2010-2011<\/td>\n<td>Responsable d\u2019un projet de mutualisation de corpus de fran\u00e7ais parl\u00e9 diss\u00e9min\u00e9s.<\/td>\n<\/tr>\n<tr>\n<td>2009-2010<\/td>\n<td>Participation au groupe de travail pour la cr\u00e9ation d\u2019un Frantext 2. R\u00e9flexions autour du moteur d\u2019interrogation et de la politique \u00e9ditoriale. Responsable\u00a0: V\u00e9ronique Mont\u00e9mont.<\/td>\n<\/tr>\n<tr>\n<td>2008<\/td>\n<td>Participation au projet Systematic Lexicon Validator (Sylva) au laboratoire LORIA. Responsables\u00a0: Claire Gardent, Bruno Guillaume, Kar\u00ebn Fort.<\/td>\n<\/tr>\n<tr>\n<td>2008-2009<\/td>\n<td>Participation au projet du CPER TALC Align en collaboration avec le LORIA. Test et sp\u00e9cification du logiciel JTRANS.<\/td>\n<\/tr>\n<tr>\n<td>2007-2012<\/td>\n<td>Membre du projet de l\u2019Agence Nationale de la Recherche (ANR) Corpus Prosodique de R\u00e9f\u00e9rence en Fran\u00e7ais Parl\u00e9 (Rhapsodie). Responsable\u00a0: Anne Lacheret.<\/td>\n<\/tr>\n<tr>\n<td>Depuis 2007<\/td>\n<td>Constitution, archivage et mise \u00e0 disposition de corpus oraux au sein de l\u2019ATILF (projet TCOF).<\/td>\n<\/tr>\n<tr>\n<td>2007-2008<\/td>\n<td>Recherches autour des \u00ab\u00a0ajouts apr\u00e8s le point\u00a0\u00bb dans le cadre de l\u2019\u00e9quipe Macrosyntaxe de l\u2019\u00e9crit et de l\u2019oral au sein du laboratoire ATILF.<\/td>\n<\/tr>\n<tr>\n<td>Depuis 2006<\/td>\n<td>Participation \u00e0 l\u2019Encyclop\u00e9die Grammaticale du Fran\u00e7ais (EGF), projet destin\u00e9 \u00e0 faire un bilan des savoirs en linguistique fran\u00e7aise, coordonn\u00e9 par C. Blanche-Benveniste, M.-J. B\u00e9guelin, D. Willems et A. Berrendonner (r\u00e9union \u00e0 l\u2019EPHE \u00e0 Paris le 16 d\u00e9cembre 2006).<\/td>\n<\/tr>\n<tr>\n<td>2006-2007<\/td>\n<td>Membre du projet de l\u2019Agence Nationale de la Recherche (ANR) Prosodie dans la grammaire (Pro-Gram). Responsable\u00a0: Jean-Marie Marandin.<\/td>\n<\/tr>\n<tr>\n<td>Juil. 2005<\/td>\n<td>Coordinateur pour le corpus de fran\u00e7ais parl\u00e9 du projet japonais The 21st Century COE Program Usage-Based Linguistic Informatics<\/td>\n<\/tr>\n<tr>\n<td><\/td>\n<td>Responsable du projet\u00a0: Yuji KAWAGUCHI<\/td>\n<\/tr>\n<tr>\n<td><\/td>\n<td>Universit\u00e9 organisatrice\u00a0: Tokyo University of Foreign Studies<\/td>\n<\/tr>\n<tr>\n<td><\/td>\n<td>Adresse\u00a0: http:\/\/www.coelang.tufs.ac.jp\/multilingual_corpus\/fr\/<\/td>\n<\/tr>\n<tr>\n<td>2004<\/td>\n<td>Participation \u00e0 la campagne d\u2019\u00e9valuation EASY (Evaluation des Analyseurs SYntaxiques) du projet Technolangue EVALDA : responsable de l\u2019annotation syntaxique du corpus oral de r\u00e9f\u00e9rence.<\/td>\n<\/tr>\n<tr>\n<td>ao\u00fbt-02<\/td>\n<td>Charg\u00e9 par J. V\u00e9ronis de la centralisation et de la saisie informatique des corrections apport\u00e9es au Corpus de R\u00e9f\u00e9rence du Fran\u00e7ais Parl\u00e9 (projet commenc\u00e9 par Cl. Blanche-Benveniste, continu\u00e9 par M. Bilger et A. Valli pour le Minist\u00e8re de la Culture, D\u00e9l\u00e9gation G\u00e9n\u00e9rale \u00e0 la Langue Fran\u00e7aise, re\u00e7u par Mme Anne Magnan) \u2013 Contrat CNRS.<\/td>\n<\/tr>\n<tr>\n<td>juin-02<\/td>\n<td>Annotation prosodique de corpus pour le projet europ\u00e9en COralRom, projet g\u00e9r\u00e9 par E. Cresti et M. Moneglia \u00e0 Florence donnant lieu \u00e0 la r\u00e9alisation de corpus oraux dans quatre langues romanes\u00a0: italien, fran\u00e7ais, espagnol et portugais + formation des annotatrices-v\u00e9rificatrices \u00e0 Turin.<\/td>\n<\/tr>\n<tr>\n<td>avr-02<\/td>\n<td>Fin de l\u2019alignement texte\/son du Corpus de R\u00e9f\u00e9rence du Fran\u00e7ais Parl\u00e9 \u00e0 la demande de J. V\u00e9ronis.<\/td>\n<\/tr>\n<tr>\n<td>Juil-sept 2001<\/td>\n<td>Transcription et alignement de corpus de fran\u00e7ais oral informatis\u00e9s et r\u00e9alisation de divers outils informatiques (projet Corpus de R\u00e9f\u00e9rence du Fran\u00e7ais Parl\u00e9) \u2013 Contrat CNRS.<\/td>\n<\/tr>\n<\/tbody>\n<\/table>\n","protected":false},"excerpt":{"rendered":"<p>2021-2022 Depuis 2019 Encadrement du m\u00e9moire de M2 de Paul Valentin portant sur les insultes sur Twitter. Membre du projet EVALANG portant sur l\u2019\u00e9valuation du langage oral chez les jeunes enfants. Depuis 2018 Intervention dans le cadre d\u2019un REP+ pour faire des conf\u00e9rences aupr\u00e8s des enseignants sur la sensibilisation des diff\u00e9rences entre fran\u00e7ais parl\u00e9 et [&hellip;]<\/p>\n","protected":false},"author":1,"featured_media":0,"parent":0,"menu_order":0,"comment_status":"closed","ping_status":"closed","template":"","meta":{"footnotes":""},"class_list":["post-15","page","type-page","status-publish","hentry"],"_links":{"self":[{"href":"https:\/\/perso.atilf.fr\/benzitoun\/wp-json\/wp\/v2\/pages\/15","targetHints":{"allow":["GET"]}}],"collection":[{"href":"https:\/\/perso.atilf.fr\/benzitoun\/wp-json\/wp\/v2\/pages"}],"about":[{"href":"https:\/\/perso.atilf.fr\/benzitoun\/wp-json\/wp\/v2\/types\/page"}],"author":[{"embeddable":true,"href":"https:\/\/perso.atilf.fr\/benzitoun\/wp-json\/wp\/v2\/users\/1"}],"replies":[{"embeddable":true,"href":"https:\/\/perso.atilf.fr\/benzitoun\/wp-json\/wp\/v2\/comments?post=15"}],"version-history":[{"count":12,"href":"https:\/\/perso.atilf.fr\/benzitoun\/wp-json\/wp\/v2\/pages\/15\/revisions"}],"predecessor-version":[{"id":188,"href":"https:\/\/perso.atilf.fr\/benzitoun\/wp-json\/wp\/v2\/pages\/15\/revisions\/188"}],"wp:attachment":[{"href":"https:\/\/perso.atilf.fr\/benzitoun\/wp-json\/wp\/v2\/media?parent=15"}],"curies":[{"name":"wp","href":"https:\/\/api.w.org\/{rel}","templated":true}]}}