{"id":13,"date":"2015-06-29T13:43:15","date_gmt":"2015-06-29T12:43:15","guid":{"rendered":"https:\/\/apps.atilf.fr\/homepages\/?page_id=13"},"modified":"2021-09-20T09:19:20","modified_gmt":"2021-09-20T08:19:20","slug":"enseignement","status":"publish","type":"page","link":"https:\/\/perso.atilf.fr\/bfrancioni\/enseignement\/","title":{"rendered":"Exp\u00e9rience acad\u00e9mique"},"content":{"rendered":"<p><span style=\"text-decoration: underline\"><strong>Contexte institutionnel<\/strong><\/span><\/p>\n<ul>\n<li>Depuis septembre 2020: \u00ab\u00a0<strong>cultrice della materia<\/strong>\u00a0\u00bb en Philologie Romane pour les cours de Lettres et Langues \u00e9trang\u00e8res \u00e0 l&rsquo;Universit\u00e0 degli Studi di Bari, avec M. Riccardo Viel.<\/li>\n<li>09\/10\/2021:\u00a0<strong>Prix Aim\u00e9 Bonpland<\/strong> pour jeunes chercheurs conf\u00e9r\u00e9 par l&rsquo;Association Italienne Alexander von Humboldt \u00e0 la suite de la conf\u00e9rence en ligne de l&rsquo;association des jours 8-10 septembre 2021<\/li>\n<\/ul>\n","protected":false},"excerpt":{"rendered":"<p>Contexte institutionnel Depuis septembre 2020: \u00ab\u00a0cultrice della materia\u00a0\u00bb en Philologie Romane pour les cours de Lettres et Langues \u00e9trang\u00e8res \u00e0 l&rsquo;Universit\u00e0 degli Studi di Bari, avec M. Riccardo Viel. 09\/10\/2021:\u00a0Prix Aim\u00e9 Bonpland pour jeunes chercheurs conf\u00e9r\u00e9 par l&rsquo;Association Italienne Alexander von Humboldt \u00e0 la suite de la conf\u00e9rence en ligne de l&rsquo;association des jours 8-10 [&hellip;]<\/p>\n","protected":false},"author":1,"featured_media":0,"parent":0,"menu_order":0,"comment_status":"closed","ping_status":"closed","template":"","meta":{"footnotes":""},"class_list":["post-13","page","type-page","status-publish","hentry"],"_links":{"self":[{"href":"https:\/\/perso.atilf.fr\/bfrancioni\/wp-json\/wp\/v2\/pages\/13","targetHints":{"allow":["GET"]}}],"collection":[{"href":"https:\/\/perso.atilf.fr\/bfrancioni\/wp-json\/wp\/v2\/pages"}],"about":[{"href":"https:\/\/perso.atilf.fr\/bfrancioni\/wp-json\/wp\/v2\/types\/page"}],"author":[{"embeddable":true,"href":"https:\/\/perso.atilf.fr\/bfrancioni\/wp-json\/wp\/v2\/users\/1"}],"replies":[{"embeddable":true,"href":"https:\/\/perso.atilf.fr\/bfrancioni\/wp-json\/wp\/v2\/comments?post=13"}],"version-history":[{"count":12,"href":"https:\/\/perso.atilf.fr\/bfrancioni\/wp-json\/wp\/v2\/pages\/13\/revisions"}],"predecessor-version":[{"id":353,"href":"https:\/\/perso.atilf.fr\/bfrancioni\/wp-json\/wp\/v2\/pages\/13\/revisions\/353"}],"wp:attachment":[{"href":"https:\/\/perso.atilf.fr\/bfrancioni\/wp-json\/wp\/v2\/media?parent=13"}],"curies":[{"name":"wp","href":"https:\/\/api.w.org\/{rel}","templated":true}]}}

Expérience académique

<p><span style="text-decoration: underline"><strong>Contexte institutionnel</strong></span></p>
<ul>
<li>Depuis septembre 2020: « <strong>cultrice della materia</strong> » en Philologie Romane pour les cours de Lettres et Langues étrangères à l&rsquo;Università degli Studi di Bari, avec M. Riccardo Viel.</li>
<li>09/10/2021: <strong>Prix Aimé Bonpland</strong> pour jeunes chercheurs conféré par l&rsquo;Association Italienne Alexander von Humboldt à la suite de la conférence en ligne de l&rsquo;association des jours 8-10 septembre 2021</li>
</ul>

<p>Contexte institutionnel Depuis septembre 2020: « cultrice della materia » en Philologie Romane pour les cours de Lettres et Langues étrangères à l&rsquo;Università degli Studi di Bari, avec M. Riccardo Viel. 09/10/2021: Prix Aimé Bonpland pour jeunes chercheurs conféré par l&rsquo;Association Italienne Alexander von Humboldt à la suite de la conférence en ligne de l&rsquo;association des jours 8-10 [&hellip;]</p>
