{"id":21,"date":"2015-06-29T13:44:07","date_gmt":"2015-06-29T12:44:07","guid":{"rendered":"https:\/\/apps.atilf.fr\/homepages\/?page_id=21"},"modified":"2021-09-09T22:27:12","modified_gmt":"2021-09-09T21:27:12","slug":"conferences-seminaires","status":"publish","type":"page","link":"https:\/\/perso.atilf.fr\/bfrancioni\/conferences-seminaires\/","title":{"rendered":"Conf\u00e9rences \/ S\u00e9minaires"},"content":{"rendered":"<p><span style=\"text-decoration: underline\"><strong>Communications<\/strong><\/span><\/p>\n<ul>\n<li>11\/06\/2021 &#8211; <em>Una canzone di crociata al crocevia tra oc e o\u00efl in due manoscritti confezionati in Italia (<\/em>Bernart, di moi Fauquet qu\u2019om tient por sage<em> di Hugues de Berz\u00e9)<\/em> [<em>Une chanson de croisade entre oc et o\u00efl dans deux manuscrits produits en Italie (<\/em>Bernart di moi Fauquet qu&rsquo;on tient por sage<em> de Hugues de Berz\u00e9)<\/em>] &#8211; Canadian Association for Italian Studies, Annual Conference (04-05; 11-12\/06\/2021) &#8211; en ligne<\/li>\n<li>09\/09\/2021 &#8211;\u00a0<em>Das Licht zwischen Religion und Wissenschaft: die literarischen Versuche der Troubadours zur Zeit der H\u00e4resie der Katharer<\/em> [<em>La lumi\u00e8re entre religion et science: les exp\u00e9riences litt\u00e9raires des troubadours \u00e0 l&rsquo;\u00e9poque de l&rsquo;h\u00e9r\u00e9sie cathare<\/em>] &#8211; Conf\u00e9rence del l&rsquo;Association Italienne Alexander von Humboldt (08-10\/09\/2021 &#8211; Universit\u00e9 de Bari) &#8211; en ligne<\/li>\n<\/ul>\n<p><span style=\"text-decoration: underline\"><strong>S\u00e9minaires<\/strong><\/span><\/p>\n<ul>\n<li>\n<p id=\"swp-tcr--title\">30\/03\/2021 &#8211; <em>Questioni di contaminazione trobadorica: il caso di <\/em>Si\u00b7m fai Amors ab fizel cor amar<em> di Blacasset (BdT 96,11)<\/em> [<em>Probl\u00e8mes de contamination dans la lyrique des troubadours: le cas de <\/em>Si\u00b7m fai Amors ab fizel cor amar <em>de Blacasset (BdT 96,11)<\/em>] &#8211; Fondazione Ezio Franceschini, Florence (Italie) &#8211; en ligne<\/p>\n<\/li>\n<\/ul>\n","protected":false},"excerpt":{"rendered":"<p>Communications 11\/06\/2021 &#8211; Una canzone di crociata al crocevia tra oc e o\u00efl in due manoscritti confezionati in Italia (Bernart, di moi Fauquet qu\u2019om tient por sage di Hugues de Berz\u00e9) [Une chanson de croisade entre oc et o\u00efl dans deux manuscrits produits en Italie (Bernart di moi Fauquet qu&rsquo;on tient por sage de Hugues [&hellip;]<\/p>\n","protected":false},"author":1,"featured_media":0,"parent":0,"menu_order":0,"comment_status":"closed","ping_status":"closed","template":"","meta":{"footnotes":""},"class_list":["post-21","page","type-page","status-publish","hentry"],"_links":{"self":[{"href":"https:\/\/perso.atilf.fr\/bfrancioni\/wp-json\/wp\/v2\/pages\/21","targetHints":{"allow":["GET"]}}],"collection":[{"href":"https:\/\/perso.atilf.fr\/bfrancioni\/wp-json\/wp\/v2\/pages"}],"about":[{"href":"https:\/\/perso.atilf.fr\/bfrancioni\/wp-json\/wp\/v2\/types\/page"}],"author":[{"embeddable":true,"href":"https:\/\/perso.atilf.fr\/bfrancioni\/wp-json\/wp\/v2\/users\/1"}],"replies":[{"embeddable":true,"href":"https:\/\/perso.atilf.fr\/bfrancioni\/wp-json\/wp\/v2\/comments?post=21"}],"version-history":[{"count":7,"href":"https:\/\/perso.atilf.fr\/bfrancioni\/wp-json\/wp\/v2\/pages\/21\/revisions"}],"predecessor-version":[{"id":342,"href":"https:\/\/perso.atilf.fr\/bfrancioni\/wp-json\/wp\/v2\/pages\/21\/revisions\/342"}],"wp:attachment":[{"href":"https:\/\/perso.atilf.fr\/bfrancioni\/wp-json\/wp\/v2\/media?parent=21"}],"curies":[{"name":"wp","href":"https:\/\/api.w.org\/{rel}","templated":true}]}}

Conférences / Séminaires

<p><span style="text-decoration: underline"><strong>Communications</strong></span></p>
<ul>
<li>11/06/2021 &#8211; <em>Una canzone di crociata al crocevia tra oc e oïl in due manoscritti confezionati in Italia (</em>Bernart, di moi Fauquet qu’om tient por sage<em> di Hugues de Berzé)</em> [<em>Une chanson de croisade entre oc et oïl dans deux manuscrits produits en Italie (</em>Bernart di moi Fauquet qu&rsquo;on tient por sage<em> de Hugues de Berzé)</em>] &#8211; Canadian Association for Italian Studies, Annual Conference (04-05; 11-12/06/2021) &#8211; en ligne</li>
<li>09/09/2021 &#8211; <em>Das Licht zwischen Religion und Wissenschaft: die literarischen Versuche der Troubadours zur Zeit der Häresie der Katharer</em> [<em>La lumière entre religion et science: les expériences littéraires des troubadours à l&rsquo;époque de l&rsquo;hérésie cathare</em>] &#8211; Conférence del l&rsquo;Association Italienne Alexander von Humboldt (08-10/09/2021 &#8211; Université de Bari) &#8211; en ligne</li>
</ul>
<p><span style="text-decoration: underline"><strong>Séminaires</strong></span></p>
<ul>
<li>
<p id="swp-tcr--title">30/03/2021 &#8211; <em>Questioni di contaminazione trobadorica: il caso di </em>Si·m fai Amors ab fizel cor amar<em> di Blacasset (BdT 96,11)</em> [<em>Problèmes de contamination dans la lyrique des troubadours: le cas de </em>Si·m fai Amors ab fizel cor amar <em>de Blacasset (BdT 96,11)</em>] &#8211; Fondazione Ezio Franceschini, Florence (Italie) &#8211; en ligne</p>
</li>
</ul>

<p>Communications 11/06/2021 &#8211; Una canzone di crociata al crocevia tra oc e oïl in due manoscritti confezionati in Italia (Bernart, di moi Fauquet qu’om tient por sage di Hugues de Berzé) [Une chanson de croisade entre oc et oïl dans deux manuscrits produits en Italie (Bernart di moi Fauquet qu&rsquo;on tient por sage de Hugues [&hellip;]</p>
