{"id":19,"date":"2015-06-29T13:43:50","date_gmt":"2015-06-29T12:43:50","guid":{"rendered":"https:\/\/apps.atilf.fr\/homepages\/bgaiffe\/?page_id=19"},"modified":"2015-06-30T09:27:16","modified_gmt":"2015-06-30T08:27:16","slug":"animations","status":"publish","type":"page","link":"https:\/\/perso.atilf.fr\/bgaiffe\/animations\/","title":{"rendered":"Animations"},"content":{"rendered":"<p><span style=\"text-decoration: underline;\"><strong>Responsabilit\u00e9s actuelles<\/strong><\/span><\/p>\n<p>&nbsp;<\/p>\n<p><span style=\"text-decoration: underline;\"><strong>Responsabilit\u00e9s pass\u00e9es<\/strong><\/span><\/p>\n","protected":false},"excerpt":{"rendered":"<p>Responsabilit\u00e9s actuelles &nbsp; Responsabilit\u00e9s pass\u00e9es<\/p>\n","protected":false},"author":1,"featured_media":0,"parent":0,"menu_order":0,"comment_status":"closed","ping_status":"closed","template":"onecolumn-page.php","meta":{"footnotes":""},"class_list":["post-19","page","type-page","status-publish","hentry"],"_links":{"self":[{"href":"https:\/\/perso.atilf.fr\/bgaiffe\/wp-json\/wp\/v2\/pages\/19","targetHints":{"allow":["GET"]}}],"collection":[{"href":"https:\/\/perso.atilf.fr\/bgaiffe\/wp-json\/wp\/v2\/pages"}],"about":[{"href":"https:\/\/perso.atilf.fr\/bgaiffe\/wp-json\/wp\/v2\/types\/page"}],"author":[{"embeddable":true,"href":"https:\/\/perso.atilf.fr\/bgaiffe\/wp-json\/wp\/v2\/users\/1"}],"replies":[{"embeddable":true,"href":"https:\/\/perso.atilf.fr\/bgaiffe\/wp-json\/wp\/v2\/comments?post=19"}],"version-history":[{"count":2,"href":"https:\/\/perso.atilf.fr\/bgaiffe\/wp-json\/wp\/v2\/pages\/19\/revisions"}],"predecessor-version":[{"id":81,"href":"https:\/\/perso.atilf.fr\/bgaiffe\/wp-json\/wp\/v2\/pages\/19\/revisions\/81"}],"wp:attachment":[{"href":"https:\/\/perso.atilf.fr\/bgaiffe\/wp-json\/wp\/v2\/media?parent=19"}],"curies":[{"name":"wp","href":"https:\/\/api.w.org\/{rel}","templated":true}]}}