{"id":13,"date":"2015-06-29T13:43:15","date_gmt":"2015-06-29T12:43:15","guid":{"rendered":"https:\/\/apps.atilf.fr\/homepages\/?page_id=13"},"modified":"2024-11-06T16:13:41","modified_gmt":"2024-11-06T15:13:41","slug":"enseignement","status":"publish","type":"page","link":"https:\/\/perso.atilf.fr\/cgeorge\/enseignement\/","title":{"rendered":"Enseignement"},"content":{"rendered":"<ul>\n<li><strong>Introduction \u00e0 la didactique des langues : acquisition et apprentissage d&rsquo;une langue \u00e9trang\u00e8re<\/strong><\/li>\n<\/ul>\n<p>Licence 1 SHS, mineure Sciences du Langage (6h TD, 6h CM &#8211; 2022\/2023, puis 8h TD, 8h CM &#8211; 2023\/2024)<\/p>\n<ul>\n<li><strong>Introduction \u00e0 la sociolinguistique<\/strong><\/li>\n<\/ul>\n<p>Licence 1 Sciences du Langage (12h TD *2 groupes &#8211; 2021\/2022, 2022\/2023, 2023\/2024)<\/p>\n<ul>\n<li><strong>Constitution de corpus<\/strong><\/li>\n<\/ul>\n<p>Licence 2 Sciences du Langage (12h TD &#8211; 2022\/2023, 2023\/2024)<\/p>\n<ul>\n<li><strong>Ecrit, oral : structures et variations<\/strong><\/li>\n<\/ul>\n<p>Licence 2 Sciences du Langage (12h TD, 12h CM &#8211; 2023\/2024)<\/p>\n<ul>\n<li><strong>Variation, normes, usages<\/strong><\/li>\n<\/ul>\n<p>Licence 3 Sciences du Langage et autres SHS (12h TD, 12h CM &#8211; 2022\/2023, 2023\/2024)<\/p>\n<ul>\n<li><strong>Acquisition et apprentissage d&rsquo;une langue \u00e9trang\u00e8re<\/strong><\/li>\n<\/ul>\n<p>Licence 3 Sciences du Langage et autres SHS (12h TD, 12h CM &#8211; 2022\/2023, 2023\/2024)<\/p>\n<ul>\n<li><strong>M\u00e9thodologie de la compr\u00e9hension orale<\/strong><\/li>\n<\/ul>\n<p>Master 1 Fran\u00e7ais Langue Etrang\u00e8re (FLE) (3h TD\u00a0 &#8211; 2021\/2022)<\/p>\n<ul>\n<li><strong>M\u00e9thodologie de la production, \u00e9crite et orale<\/strong><\/li>\n<\/ul>\n<p>Master 1 Fran\u00e7ais Langue Etrang\u00e8re (FLE) (9h TD\u00a0 &#8211; 2021\/2022, 2022\/2023, 2023\/2024)<\/p>\n<ul>\n<li><strong>Apprentissage de langue en auto-direction<\/strong><\/li>\n<\/ul>\n<p>Master 1 et Master 2 Fran\u00e7ais Langue Etrang\u00e8re (FLE) (36h TD\u00a0 &#8211; 2022\/2023, 2023\/2024)<\/p>\n","protected":false},"excerpt":{"rendered":"<p>Introduction \u00e0 la didactique des langues : acquisition et apprentissage d&rsquo;une langue \u00e9trang\u00e8re Licence 1 SHS, mineure Sciences du Langage (6h TD, 6h CM &#8211; 2022\/2023, puis 8h TD, 8h CM &#8211; 2023\/2024) Introduction \u00e0 la sociolinguistique Licence 1 Sciences du Langage (12h TD *2 groupes &#8211; 2021\/2022, 2022\/2023, 2023\/2024) Constitution de corpus Licence 2 [&hellip;]<\/p>\n","protected":false},"author":1,"featured_media":0,"parent":0,"menu_order":0,"comment_status":"closed","ping_status":"closed","template":"","meta":{"footnotes":""},"class_list":["post-13","page","type-page","status-publish","hentry"],"_links":{"self":[{"href":"https:\/\/perso.atilf.fr\/cgeorge\/wp-json\/wp\/v2\/pages\/13","targetHints":{"allow":["GET"]}}],"collection":[{"href":"https:\/\/perso.atilf.fr\/cgeorge\/wp-json\/wp\/v2\/pages"}],"about":[{"href":"https:\/\/perso.atilf.fr\/cgeorge\/wp-json\/wp\/v2\/types\/page"}],"author":[{"embeddable":true,"href":"https:\/\/perso.atilf.fr\/cgeorge\/wp-json\/wp\/v2\/users\/1"}],"replies":[{"embeddable":true,"href":"https:\/\/perso.atilf.fr\/cgeorge\/wp-json\/wp\/v2\/comments?post=13"}],"version-history":[{"count":12,"href":"https:\/\/perso.atilf.fr\/cgeorge\/wp-json\/wp\/v2\/pages\/13\/revisions"}],"predecessor-version":[{"id":351,"href":"https:\/\/perso.atilf.fr\/cgeorge\/wp-json\/wp\/v2\/pages\/13\/revisions\/351"}],"wp:attachment":[{"href":"https:\/\/perso.atilf.fr\/cgeorge\/wp-json\/wp\/v2\/media?parent=13"}],"curies":[{"name":"wp","href":"https:\/\/api.w.org\/{rel}","templated":true}]}}

<ul>
<li><strong>Introduction à la didactique des langues : acquisition et apprentissage d&rsquo;une langue étrangère</strong></li>
</ul>
<p>Licence 1 SHS, mineure Sciences du Langage (6h TD, 6h CM &#8211; 2022/2023, puis 8h TD, 8h CM &#8211; 2023/2024)</p>
<ul>
<li><strong>Introduction à la sociolinguistique</strong></li>
</ul>
<p>Licence 1 Sciences du Langage (12h TD *2 groupes &#8211; 2021/2022, 2022/2023, 2023/2024)</p>
<ul>
<li><strong>Constitution de corpus</strong></li>
</ul>
<p>Licence 2 Sciences du Langage (12h TD &#8211; 2022/2023, 2023/2024)</p>
<ul>
<li><strong>Ecrit, oral : structures et variations</strong></li>
</ul>
<p>Licence 2 Sciences du Langage (12h TD, 12h CM &#8211; 2023/2024)</p>
<ul>
<li><strong>Variation, normes, usages</strong></li>
</ul>
<p>Licence 3 Sciences du Langage et autres SHS (12h TD, 12h CM &#8211; 2022/2023, 2023/2024)</p>
<ul>
<li><strong>Acquisition et apprentissage d&rsquo;une langue étrangère</strong></li>
</ul>
<p>Licence 3 Sciences du Langage et autres SHS (12h TD, 12h CM &#8211; 2022/2023, 2023/2024)</p>
<ul>
<li><strong>Méthodologie de la compréhension orale</strong></li>
</ul>
<p>Master 1 Français Langue Etrangère (FLE) (3h TD  &#8211; 2021/2022)</p>
<ul>
<li><strong>Méthodologie de la production, écrite et orale</strong></li>
</ul>
<p>Master 1 Français Langue Etrangère (FLE) (9h TD  &#8211; 2021/2022, 2022/2023, 2023/2024)</p>
<ul>
<li><strong>Apprentissage de langue en auto-direction</strong></li>
</ul>
<p>Master 1 et Master 2 Français Langue Etrangère (FLE) (36h TD  &#8211; 2022/2023, 2023/2024)</p>

<p>Introduction à la didactique des langues : acquisition et apprentissage d&rsquo;une langue étrangère Licence 1 SHS, mineure Sciences du Langage (6h TD, 6h CM &#8211; 2022/2023, puis 8h TD, 8h CM &#8211; 2023/2024) Introduction à la sociolinguistique Licence 1 Sciences du Langage (12h TD *2 groupes &#8211; 2021/2022, 2022/2023, 2023/2024) Constitution de corpus Licence 2 [&hellip;]</p>
