{"id":25,"date":"2015-06-29T13:45:00","date_gmt":"2015-06-29T12:45:00","guid":{"rendered":"https:\/\/apps.atilf.fr\/homepages\/chaut\/?page_id=25"},"modified":"2016-03-30T16:39:46","modified_gmt":"2016-03-30T15:39:46","slug":"recherche","status":"publish","type":"page","link":"https:\/\/perso.atilf.fr\/chaut\/recherche\/","title":{"rendered":"Recherche"},"content":{"rendered":"<p><strong><span style=\"text-decoration: underline\">Th\u00e8se<\/span><\/strong><\/p>\n<p>Un cas de grammaticalisation\u00a0: La formation de certaines locutions conjonctives temporelles \u00e0 base adverbiale ou \u00e0 base nominale en fran\u00e7ais.<strong>\u00a0 <\/strong><\/p>\n<p>&nbsp;<\/p>\n<p><span style=\"text-decoration: underline\"><strong>T\u00e9l\u00e9chargement<\/strong><\/span><\/p>\n","protected":false},"excerpt":{"rendered":"<p>Th\u00e8se Un cas de grammaticalisation\u00a0: La formation de certaines locutions conjonctives temporelles \u00e0 base adverbiale ou \u00e0 base nominale en fran\u00e7ais.\u00a0 &nbsp; T\u00e9l\u00e9chargement<\/p>\n","protected":false},"author":1,"featured_media":0,"parent":0,"menu_order":0,"comment_status":"closed","ping_status":"closed","template":"","meta":{"footnotes":""},"class_list":["post-25","page","type-page","status-publish","hentry"],"_links":{"self":[{"href":"https:\/\/perso.atilf.fr\/chaut\/wp-json\/wp\/v2\/pages\/25","targetHints":{"allow":["GET"]}}],"collection":[{"href":"https:\/\/perso.atilf.fr\/chaut\/wp-json\/wp\/v2\/pages"}],"about":[{"href":"https:\/\/perso.atilf.fr\/chaut\/wp-json\/wp\/v2\/types\/page"}],"author":[{"embeddable":true,"href":"https:\/\/perso.atilf.fr\/chaut\/wp-json\/wp\/v2\/users\/1"}],"replies":[{"embeddable":true,"href":"https:\/\/perso.atilf.fr\/chaut\/wp-json\/wp\/v2\/comments?post=25"}],"version-history":[{"count":5,"href":"https:\/\/perso.atilf.fr\/chaut\/wp-json\/wp\/v2\/pages\/25\/revisions"}],"predecessor-version":[{"id":201,"href":"https:\/\/perso.atilf.fr\/chaut\/wp-json\/wp\/v2\/pages\/25\/revisions\/201"}],"wp:attachment":[{"href":"https:\/\/perso.atilf.fr\/chaut\/wp-json\/wp\/v2\/media?parent=25"}],"curies":[{"name":"wp","href":"https:\/\/api.w.org\/{rel}","templated":true}]}}