{"id":23,"date":"2015-06-29T13:44:14","date_gmt":"2015-06-29T12:44:14","guid":{"rendered":"https:\/\/apps.atilf.fr\/homepages\/?page_id=23"},"modified":"2021-11-29T09:13:21","modified_gmt":"2021-11-29T08:13:21","slug":"cv","status":"publish","type":"page","link":"https:\/\/perso.atilf.fr\/clandure\/cv\/","title":{"rendered":"Curriculum Vitae"},"content":{"rendered":"<p><strong>2015<\/strong>. Qualification CNU en 7e section (Sciences du langage) et en 11e section (Langues et litt\u00e9ratures anglaises et anglo-saxonnes)<\/p>\n<p><strong>2014<\/strong>. Doctorat en Linguistique Anglaise \u2013 \u00c9cole Doctorale Sciences du Langage (ED132) Universit\u00e9 Paris Diderot \u2013 Sorbonne Paris Cit\u00e9 &#8211; UFR EILA Laboratoire CLILLAC-ARP<br \/>\nTitre : \u00c9tude comparative de l\u2019exploitation directe de corpus g\u00e9n\u00e9rique et sp\u00e9cifique par des apprenants LANSAD<br \/>\nTh\u00e8se soutenue le 10 d\u00e9cembre 2014 (1e inscription en novembre 2010)<br \/>\nMention tr\u00e8s honorable avec les f\u00e9licitations du jury \u00e0 l\u2019unanimit\u00e9<br \/>\nPr Natalie K\u00fcbler, Universit\u00e9 Paris Diderot, Directrice de th\u00e8se<br \/>\nPr Alex Boulton, Universit\u00e9 de Lorraine, Co-directeur de th\u00e8se<br \/>\nPr Christopher Gledhill, Universit\u00e9 Paris Diderot, Pr\u00e9sident du Jury<br \/>\nPr \u00e9m\u00e9rite Richard Duda, Universit\u00e9 de Lorraine, Pr\u00e9-rapporteur<br \/>\nPr \u00e9m\u00e9rite Marie-Fran\u00e7oise Narcy-Combes, Universit\u00e9 de Nantes, Pr\u00e9-rapporteur<br \/>\nPr Shirley Carter-Thomas, Institut Mines-T\u00e9l\u00e9com Paris, Pr\u00e9-rapporteur<\/p>\n<p><strong>2009<\/strong>. Master 2 Recherche \u2013 LCE Mondes Anglophones<br \/>\nM\u00e9moire en Linguistique et Didactique des Langues : Learning and Teaching against the Grain: An Empirical Study in Second Language Learning. Mention tr\u00e8s bien.<\/p>\n<h2>Carri\u00e8re professionnelle<\/h2>\n<p><strong>2020-20..<\/strong> : Ma\u00eetre de conf\u00e9rence en anglais de sp\u00e9cialit\u00e9 &#8211; IUT \u00c9pinal Hubert Curien<\/p>\n<p><strong>2007-2019<\/strong> : Enseignante contractuelle &#8211; IUT \u00c9pinal Hubert Curien<\/p>\n<p><strong>2005-2010<\/strong> : Formatrice d\u2019anglais de sp\u00e9cialit\u00e9 en entreprise (informatique, r\u00e9seaux, tourisme). R\u00e9gion Lorraine<\/p>\n<p><strong>2001-2010<\/strong> : Fondatrice et directrice d\u2019un Centre de Formation en Langues (dans le cadre de la formation tout au long de la vie). R\u00e9gion Lorraine<\/p>\n","protected":false},"excerpt":{"rendered":"<p>2015. Qualification CNU en 7e section (Sciences du langage) et en 11e section (Langues et litt\u00e9ratures anglaises et anglo-saxonnes) 2014. Doctorat en Linguistique Anglaise \u2013 \u00c9cole Doctorale Sciences du Langage (ED132) Universit\u00e9 Paris Diderot \u2013 Sorbonne Paris Cit\u00e9 &#8211; UFR EILA Laboratoire CLILLAC-ARP Titre : \u00c9tude comparative de l\u2019exploitation directe de corpus g\u00e9n\u00e9rique et sp\u00e9cifique [&hellip;]<\/p>\n","protected":false},"author":1,"featured_media":0,"parent":0,"menu_order":0,"comment_status":"closed","ping_status":"closed","template":"","meta":{"footnotes":""},"class_list":["post-23","page","type-page","status-publish","hentry"],"_links":{"self":[{"href":"https:\/\/perso.atilf.fr\/clandure\/wp-json\/wp\/v2\/pages\/23","targetHints":{"allow":["GET"]}}],"collection":[{"href":"https:\/\/perso.atilf.fr\/clandure\/wp-json\/wp\/v2\/pages"}],"about":[{"href":"https:\/\/perso.atilf.fr\/clandure\/wp-json\/wp\/v2\/types\/page"}],"author":[{"embeddable":true,"href":"https:\/\/perso.atilf.fr\/clandure\/wp-json\/wp\/v2\/users\/1"}],"replies":[{"embeddable":true,"href":"https:\/\/perso.atilf.fr\/clandure\/wp-json\/wp\/v2\/comments?post=23"}],"version-history":[{"count":10,"href":"https:\/\/perso.atilf.fr\/clandure\/wp-json\/wp\/v2\/pages\/23\/revisions"}],"predecessor-version":[{"id":316,"href":"https:\/\/perso.atilf.fr\/clandure\/wp-json\/wp\/v2\/pages\/23\/revisions\/316"}],"wp:attachment":[{"href":"https:\/\/perso.atilf.fr\/clandure\/wp-json\/wp\/v2\/media?parent=23"}],"curies":[{"name":"wp","href":"https:\/\/api.w.org\/{rel}","templated":true}]}}