{"id":17,"date":"2015-06-29T13:43:37","date_gmt":"2015-06-29T12:43:37","guid":{"rendered":"https:\/\/apps.atilf.fr\/homepages\/cmasson\/?page_id=17"},"modified":"2016-11-22T14:57:58","modified_gmt":"2016-11-22T13:57:58","slug":"publications","status":"publish","type":"page","link":"https:\/\/perso.atilf.fr\/cmasson\/publications\/","title":{"rendered":"Publications"},"content":{"rendered":"<p><b>Masson, C. <\/b>(2015). R\u00e9flexions autour des productions pr\u00e9verbales d&rsquo;un enfant autiste: quels sont les indices d&rsquo;un dysfonctionnement pr\u00e9coce du langage?. <i>Langage et cognition dans l&rsquo;autisme chez l&rsquo;enfant. Th\u00e9orie et clinique<\/i>. De Boeck Solal.<\/p>\n<p><b>Masson, C. <\/b>(2014). Rep\u00e9rage pr\u00e9coce des dysfonctionnements langagiers: enjeux et \u00e9laboration d\u2019une action de pr\u00e9vention des troubles du langage au sein d\u2019un Centre d\u2019Action M\u00e9dico Sociale Pr\u00e9coce (CAMSP). <i>Enfance,<\/i> 2, 171-187. <a href=\"https:\/\/tel.archives-ouvertes.fr\/ATILF\/halshs-01079592v1\" target=\"_blank\" rel=\"nofollow\">Ici<\/a><\/p>\n<p>De Pontonx, S., <b>Masson, C., <\/b>Leroy-Collombel, M., Morgenstern, A. (2014). \u00ab\u00a0\u00c7a s\u2019appelle comment le docteur des animaux\u00a0?\u00a0\u00bb. Co-(re)construction des productions non-standard de l\u2019enfant. <i>4<sup>\u00e8me<\/sup> Congr\u00e8s Mondial de Linguistique Fran\u00e7aise,<\/i> SHS Web of Conferences, Vol. 8, EDP Sciences, Institut de Linguistique fran\u00e7aise, Paris, 1453-1467. <a href=\"https:\/\/halshs.archives-ouvertes.fr\/halshs-01049171\" target=\"_blank\" rel=\"nofollow\">Ici<\/a><\/p>\n<p><b>Masson, C.<\/b> (2014). Acquisition atypique du langage\u00a0: une \u00e9tude de cas du babillage d\u2019un enfant ult\u00e9rieurement diagnostiqu\u00e9 autiste. <i>In <\/i>SOCK, R. VAXELAIRE, B. &amp; FAUTH, C. (Eds.) <i>La voix et la parole perturb\u00e9es. Travaux en Phon\u00e9tique Clinique<\/i>. Mons\u00a0: Editions du CIPA.<\/p>\n<p><b>Masson, C.<\/b> (2013). Observer et d\u00e9crire l\u2019apparition du geste de pointage chez l\u2019enfant ult\u00e9rieurement diagnostiqu\u00e9 autiste\u00a0: une \u00e9tude de cas. <i>In <\/i>Andrieu, J.B., Crunelle, D., Lorendeau, A. &amp; Masson, O. (dir), <i>TEC-TED. Diagnostics diff\u00e9rentiels et d\u00e9marches d\u2019accompagnement,<\/i> Ortho Edition, 83-94.<\/p>\n<p><b>Masson, C. <\/b>(2010). Les dysfonctionnements de la multimodalit\u00e9 dans l\u2019autisme\u00a0: une \u00e9tude de cas entre 1 et 3 ans. <i>Actes du colloque AcquisiLyon 09, <\/i>130-133. <a href=\"http:\/\/www.ddl.ish-lyon.cnrs.fr\/Colloques\/Acquisilyon\/pageweb\/Fichier\/Masson.pdf\" target=\"_blank\" rel=\"nofollow\">Ici<\/a><\/p>\n<p>&nbsp;<\/p>\n<p>Leroy-Collombel, M. &amp; <b>Masson, C. <\/b>(2010). Dysfonctionnements langagiers chez l\u2019enfant autiste\u00a0: une \u00e9tude de cas entre un et trois ans. <i>In <\/i>Rousseau, T. &amp; Valette-Fruhinsholz, F. (dir), <i>Le langage oral\u00a0: donn\u00e9es actuelles et perspectives en orthophonie.\u00a0<\/i>Ortho Edition, 85-106.<\/p>\n","protected":false},"excerpt":{"rendered":"<p>Masson, C. (2015). R\u00e9flexions autour des productions pr\u00e9verbales d&rsquo;un enfant autiste: quels sont les indices d&rsquo;un dysfonctionnement pr\u00e9coce du langage?. Langage et cognition dans l&rsquo;autisme chez l&rsquo;enfant. Th\u00e9orie et clinique. De Boeck Solal. Masson, C. (2014). Rep\u00e9rage pr\u00e9coce des dysfonctionnements langagiers: enjeux et \u00e9laboration d\u2019une action de pr\u00e9vention des troubles du langage au sein d\u2019un [&hellip;]<\/p>\n","protected":false},"author":1,"featured_media":0,"parent":0,"menu_order":0,"comment_status":"closed","ping_status":"closed","template":"","meta":{"footnotes":""},"class_list":["post-17","page","type-page","status-publish","hentry"],"_links":{"self":[{"href":"https:\/\/perso.atilf.fr\/cmasson\/wp-json\/wp\/v2\/pages\/17","targetHints":{"allow":["GET"]}}],"collection":[{"href":"https:\/\/perso.atilf.fr\/cmasson\/wp-json\/wp\/v2\/pages"}],"about":[{"href":"https:\/\/perso.atilf.fr\/cmasson\/wp-json\/wp\/v2\/types\/page"}],"author":[{"embeddable":true,"href":"https:\/\/perso.atilf.fr\/cmasson\/wp-json\/wp\/v2\/users\/1"}],"replies":[{"embeddable":true,"href":"https:\/\/perso.atilf.fr\/cmasson\/wp-json\/wp\/v2\/comments?post=17"}],"version-history":[{"count":7,"href":"https:\/\/perso.atilf.fr\/cmasson\/wp-json\/wp\/v2\/pages\/17\/revisions"}],"predecessor-version":[{"id":209,"href":"https:\/\/perso.atilf.fr\/cmasson\/wp-json\/wp\/v2\/pages\/17\/revisions\/209"}],"wp:attachment":[{"href":"https:\/\/perso.atilf.fr\/cmasson\/wp-json\/wp\/v2\/media?parent=17"}],"curies":[{"name":"wp","href":"https:\/\/api.w.org\/{rel}","templated":true}]}}