{"id":35,"date":"2015-06-29T13:47:31","date_gmt":"2015-06-29T12:47:31","guid":{"rendered":"https:\/\/apps.atilf.fr\/homepages\/cmasson\/?page_id=35"},"modified":"2016-11-22T15:12:04","modified_gmt":"2016-11-22T14:12:04","slug":"accueil","status":"publish","type":"page","link":"https:\/\/perso.atilf.fr\/cmasson\/","title":{"rendered":"Accueil"},"content":{"rendered":"<p style=\"text-align: left\"><span style=\"text-decoration: underline\"><strong>Fonctions<\/strong><\/span><\/p>\n<p>Ma\u00eetre de conf\u00e9rences en Sciences du Langage<\/p>\n<p>Co-responsable de la Licence Sciences du Langage (Nancy)<\/p>\n<p><span style=\"text-decoration: underline\"><strong>Coordonn\u00e9es<\/strong><\/span><\/p>\n<p>Campus Lettres et Sciences Humaines<br \/>\n23 Boulevard Albert 1er<br \/>\nBP 13397 \u2013 54015 Nancy Cedex<\/p>\n<p>Page personnelle:\u00a0<a href=\"https:\/\/sites.google.com\/site\/massoncarolinemc\/home\">https:\/\/sites.google.com\/site\/massoncarolinemc\/home<\/a><\/p>\n","protected":false},"excerpt":{"rendered":"<p>Fonctions Ma\u00eetre de conf\u00e9rences en Sciences du Langage Co-responsable de la Licence Sciences du Langage (Nancy) Coordonn\u00e9es Campus Lettres et Sciences Humaines 23 Boulevard Albert 1er BP 13397 \u2013 54015 Nancy Cedex Page personnelle:\u00a0https:\/\/sites.google.com\/site\/massoncarolinemc\/home<\/p>\n","protected":false},"author":1,"featured_media":0,"parent":0,"menu_order":0,"comment_status":"closed","ping_status":"closed","template":"","meta":{"footnotes":""},"class_list":["post-35","page","type-page","status-publish","hentry"],"_links":{"self":[{"href":"https:\/\/perso.atilf.fr\/cmasson\/wp-json\/wp\/v2\/pages\/35","targetHints":{"allow":["GET"]}}],"collection":[{"href":"https:\/\/perso.atilf.fr\/cmasson\/wp-json\/wp\/v2\/pages"}],"about":[{"href":"https:\/\/perso.atilf.fr\/cmasson\/wp-json\/wp\/v2\/types\/page"}],"author":[{"embeddable":true,"href":"https:\/\/perso.atilf.fr\/cmasson\/wp-json\/wp\/v2\/users\/1"}],"replies":[{"embeddable":true,"href":"https:\/\/perso.atilf.fr\/cmasson\/wp-json\/wp\/v2\/comments?post=35"}],"version-history":[{"count":40,"href":"https:\/\/perso.atilf.fr\/cmasson\/wp-json\/wp\/v2\/pages\/35\/revisions"}],"predecessor-version":[{"id":219,"href":"https:\/\/perso.atilf.fr\/cmasson\/wp-json\/wp\/v2\/pages\/35\/revisions\/219"}],"wp:attachment":[{"href":"https:\/\/perso.atilf.fr\/cmasson\/wp-json\/wp\/v2\/media?parent=35"}],"curies":[{"name":"wp","href":"https:\/\/api.w.org\/{rel}","templated":true}]}}