{"id":23,"date":"2015-06-29T13:44:14","date_gmt":"2015-06-29T12:44:14","guid":{"rendered":"https:\/\/apps.atilf.fr\/homepages\/?page_id=23"},"modified":"2023-04-23T15:31:20","modified_gmt":"2023-04-23T14:31:20","slug":"cv","status":"publish","type":"page","link":"https:\/\/perso.atilf.fr\/ebeaumont\/cv\/","title":{"rendered":"M\u00e9diation scientifique"},"content":{"rendered":"<p><strong>Interventions grand public<\/strong>\u00a0<strong>: conf\u00e9rences, tables rondes<\/strong><\/p>\n<ul>\n<li>Formation \u00e0 destination des professeur\u00b7es de\/en fran\u00e7ais en Turquie : \u00ab Le fran\u00e7ais, une langue sexiste ? Enseignement du FLE et \u00e9galit\u00e9 femmes-hommes \u00bb, organis\u00e9e par l&rsquo;Association des Professeurs de fran\u00e7ais d&rsquo;Istanbul et le lyc\u00e9e Notre-Dame de Sion, 4 avril 2023, Istanbul (Turquie).<\/li>\n<li>Workshop \u00ab La communication inclusive \u00bb pour les rencontres professionnelles <em>Libert\u00e9, \u00e9galit\u00e9, linguistique<\/em>, 8 avril 2022, Dijon.<\/li>\n<li>Conf\u00e9rence \u00ab La langue est \u00e0 nous\u00a0? \u00bb pour les rencontres professionnelles <em>Libert\u00e9, \u00e9galit\u00e9, linguistique, <\/em>8 avril 2022, Dijon.<\/li>\n<li>Conf\u00e9rence \u00ab Langue et \u00e9galit\u00e9\u00a0: la langue fran\u00e7aise est-elle sexiste\u00a0? \u00bb pour les rencontres professionnelles <em>Libert\u00e9, \u00e9galit\u00e9, linguistique<\/em>, 7 avril 2022, Dijon.<\/li>\n<li>Intervention en ligne pour <em>Les Fabuleuses du FLE<\/em> (r\u00e9seau international de professeur\u00b7es de FLE), \u00e0 l\u2019occasion de la Journ\u00e9e Internationale des droits des femmes, le 8 mars 2022.<\/li>\n<li>Animation d\u2019une table ronde pour l\u2019Institut fran\u00e7ais d\u2019Istanbul, \u00ab Comment rendre l\u2019enseignement du fran\u00e7ais moins sexiste\u00a0?\u00a0\u00bb, 27 novembre 2021<\/li>\n<\/ul>\n<p><strong>Vid\u00e9os<\/strong><\/p>\n<ul>\n<li>Co-r\u00e9alisation d\u2019une vid\u00e9o pour la chaine Youtube de vulgarisation scientifique <em>Sociologos, <\/em>anim\u00e9e par Marine Ledroit : \u00ab La langue fran\u00e7aise est-elle sexiste ? \u00bb, 39 min, publi\u00e9e le 20 mars 2022 (\u00e0 voir <a href=\"https:\/\/www.youtube.com\/watch?v=yeXw2NgDgKQ)\">ici<\/a>)<\/li>\n<\/ul>\n<p><strong>\u00c9missions de radio <\/strong><\/p>\n<ul>\n<li>Radio Caraibes, \u00e9mission <em>Dialectique<\/em>, \u00ab L\u2019\u00e9criture inclusive \u00bb (partie 2), 10 d\u00e9cembre 2021 (\u00e0 \u00e9couter <a href=\"https:\/\/www.youtube.com\/watch?v=hkqg4LBmQe8\">ici<\/a>)<\/li>\n<\/ul>\n<p><strong>Articles\u00a0<\/strong><\/p>\n<ul>\n<li>Article pour le m\u00e9dia de vulgarisation scientifique <em>Papier M\u00e2ch\u00e9<\/em>\u00a0: \u00ab <a href=\"https:\/\/papiermachesciences.org\/2022\/07\/16\/pourquoi-le-langage-inclusif-est-il-adopte-plus-facilement-au-royaume-uni-quen-france\/#:~:text=En%20anglais%2C%20les%20mots%20n,sont%20impos%C3%A9es%20au%20Royaume%2DUni.\">Pourquoi le langage inclusif est-il adopt\u00e9 plus facilement au Royaume-Uni qu\u2019en France\u00a0?<\/a> \u00bb, \u00e0 partir de la publication d\u2019Ann Coady, \u00ab Jardin \u00e0 la fran\u00e7aise ou parc \u00e0 l\u2019anglaise\u00a0? Les id\u00e9ologies linguistiques\u00a0: des freins au langage non sexiste \u00bb, <em>Cahiers du Genre<\/em>, 2020.<\/li>\n<\/ul>\n","protected":false},"excerpt":{"rendered":"<p>Interventions grand public\u00a0: conf\u00e9rences, tables rondes Formation \u00e0 destination des professeur\u00b7es de\/en fran\u00e7ais en Turquie : \u00ab Le fran\u00e7ais, une langue sexiste ? Enseignement du FLE et \u00e9galit\u00e9 femmes-hommes \u00bb, organis\u00e9e par l&rsquo;Association des Professeurs de fran\u00e7ais d&rsquo;Istanbul et le lyc\u00e9e Notre-Dame de Sion, 4 avril 2023, Istanbul (Turquie). Workshop \u00ab La communication inclusive \u00bb [&hellip;]<\/p>\n","protected":false},"author":1,"featured_media":0,"parent":0,"menu_order":0,"comment_status":"closed","ping_status":"closed","template":"","meta":{"footnotes":""},"class_list":["post-23","page","type-page","status-publish","hentry"],"_links":{"self":[{"href":"https:\/\/perso.atilf.fr\/ebeaumont\/wp-json\/wp\/v2\/pages\/23","targetHints":{"allow":["GET"]}}],"collection":[{"href":"https:\/\/perso.atilf.fr\/ebeaumont\/wp-json\/wp\/v2\/pages"}],"about":[{"href":"https:\/\/perso.atilf.fr\/ebeaumont\/wp-json\/wp\/v2\/types\/page"}],"author":[{"embeddable":true,"href":"https:\/\/perso.atilf.fr\/ebeaumont\/wp-json\/wp\/v2\/users\/1"}],"replies":[{"embeddable":true,"href":"https:\/\/perso.atilf.fr\/ebeaumont\/wp-json\/wp\/v2\/comments?post=23"}],"version-history":[{"count":12,"href":"https:\/\/perso.atilf.fr\/ebeaumont\/wp-json\/wp\/v2\/pages\/23\/revisions"}],"predecessor-version":[{"id":372,"href":"https:\/\/perso.atilf.fr\/ebeaumont\/wp-json\/wp\/v2\/pages\/23\/revisions\/372"}],"wp:attachment":[{"href":"https:\/\/perso.atilf.fr\/ebeaumont\/wp-json\/wp\/v2\/media?parent=23"}],"curies":[{"name":"wp","href":"https:\/\/api.w.org\/{rel}","templated":true}]}}