{"id":35,"date":"2015-06-29T13:47:31","date_gmt":"2015-06-29T12:47:31","guid":{"rendered":"https:\/\/apps.atilf.fr\/homepages\/?page_id=35"},"modified":"2023-12-12T10:45:49","modified_gmt":"2023-12-12T09:45:49","slug":"accueil","status":"publish","type":"page","link":"https:\/\/perso.atilf.fr\/ebeaumont\/","title":{"rendered":"\u00c9l\u00e9onore de Beaumont"},"content":{"rendered":"<p style=\"text-align: left\"><span style=\"text-decoration: underline\"><strong><a href=\"https:\/\/perso.atilf.fr\/ebeaumont\/wp-content\/uploads\/sites\/111\/2023\/04\/Photo-2023.jpeg\"><img loading=\"lazy\" decoding=\"async\" class=\"wp-image-373 size-medium alignleft\" src=\"https:\/\/perso.atilf.fr\/ebeaumont\/wp-content\/uploads\/sites\/111\/2023\/04\/Photo-2023-225x300.jpeg\" alt=\"\" width=\"225\" height=\"300\" srcset=\"https:\/\/perso.atilf.fr\/ebeaumont\/wp-content\/uploads\/sites\/111\/2023\/04\/Photo-2023-225x300.jpeg 225w, https:\/\/perso.atilf.fr\/ebeaumont\/wp-content\/uploads\/sites\/111\/2023\/04\/Photo-2023.jpeg 768w\" sizes=\"auto, (max-width: 225px) 100vw, 225px\" \/><\/a><\/strong><\/span><\/p>\n<p style=\"text-align: left\"><span style=\"text-decoration: underline\"><strong>Fonctions<\/strong><\/span><\/p>\n<p><a href=\"https:\/\/www.atilf.fr\/recherche\/hdr-theses-et-doctorat\/theses-en-cours\/\">Doctorante en Sciences du Langage<\/a><br \/>\n<a href=\"https:\/\/www.univ-lorraine.fr\/\">Universit\u00e9 de Lorraine<\/a>, Nancy<br \/>\ncampus LSHS Lettres Sciences Humaines et sociales<\/p>\n<p><a href=\"https:\/\/www.atilf.fr\/\">Laboratoire ATILF<\/a> (UMR 7118 CNRS\/UL)<br \/>\n<a href=\"https:\/\/www.atilf.fr\/recherche\/equipes\/didactique-des-langues-et-sociolinguistique\/\">\u00c9quipe Didactique des langues et sociolinguistique (Crapel)<\/a><\/p>\n<p><span style=\"text-decoration: underline\"><strong>Coordonn\u00e9es<\/strong><\/span><\/p>\n<p>eleonore.de-beaumont[at]univ-lorraine.fr<br \/>\nebeaumont[at]atilf.fr<\/p>\n<p>&nbsp;<\/p>\n<p><span style=\"text-decoration: underline\"><strong>Sp\u00e9cialisation<\/strong><\/span><\/p>\n<blockquote>\n<p style=\"margin: 0cm\">Genre et Langage<\/p>\n<p style=\"margin: 0cm\">Didactique du FLE<\/p>\n<p style=\"margin: 0cm\">Langage non sexiste, \u00e9criture inclusive, pratiques langagi\u00e8res f\u00e9ministes et queer<\/p>\n<p style=\"margin: 0cm\">P\u00e9dagogies f\u00e9ministes<\/p>\n<p style=\"margin: 0cm\">Recherche collaborative<\/p>\n<p style=\"margin: 0cm\">Turquie<\/p>\n<\/blockquote>\n<p><span style=\"text-decoration: underline\"><strong>Animation de la recherche\u00a0<\/strong><\/span><\/p>\n<ul>\n<li>Membre du groupe de recherche Collectif GIFLEX (ATILF) : approches f\u00e9ministes en formation et enseignement des langues-cultures \u00e9trang\u00e8res<\/li>\n<li>Membre du comit\u00e9 de r\u00e9daction de la revue\u00a0<em>GLAD!<\/em>, revue sur le langage, le genre et les sexualit\u00e9s<\/li>\n<li>Membre fondatrice du groupe de recherche JCGL (Jeunes Chercheureuses en Genre &amp; Langage), qui anime l&rsquo;atelier <em>Genre et Langage<\/em> de l&rsquo;association Effigies<\/li>\n<li>Membre du groupe de jeunes chercheureuses francophones en Turquie AYAK<\/li>\n<\/ul>\n","protected":false},"excerpt":{"rendered":"<p>Fonctions Doctorante en Sciences du Langage Universit\u00e9 de Lorraine, Nancy campus LSHS Lettres Sciences Humaines et sociales Laboratoire ATILF (UMR 7118 CNRS\/UL) \u00c9quipe Didactique des langues et sociolinguistique (Crapel) Coordonn\u00e9es eleonore.de-beaumont[at]univ-lorraine.fr ebeaumont[at]atilf.fr &nbsp; Sp\u00e9cialisation Genre et Langage Didactique du FLE Langage non sexiste, \u00e9criture inclusive, pratiques langagi\u00e8res f\u00e9ministes et queer P\u00e9dagogies f\u00e9ministes Recherche collaborative Turquie [&hellip;]<\/p>\n","protected":false},"author":1,"featured_media":0,"parent":0,"menu_order":0,"comment_status":"closed","ping_status":"closed","template":"","meta":{"footnotes":""},"class_list":["post-35","page","type-page","status-publish","hentry"],"_links":{"self":[{"href":"https:\/\/perso.atilf.fr\/ebeaumont\/wp-json\/wp\/v2\/pages\/35","targetHints":{"allow":["GET"]}}],"collection":[{"href":"https:\/\/perso.atilf.fr\/ebeaumont\/wp-json\/wp\/v2\/pages"}],"about":[{"href":"https:\/\/perso.atilf.fr\/ebeaumont\/wp-json\/wp\/v2\/types\/page"}],"author":[{"embeddable":true,"href":"https:\/\/perso.atilf.fr\/ebeaumont\/wp-json\/wp\/v2\/users\/1"}],"replies":[{"embeddable":true,"href":"https:\/\/perso.atilf.fr\/ebeaumont\/wp-json\/wp\/v2\/comments?post=35"}],"version-history":[{"count":46,"href":"https:\/\/perso.atilf.fr\/ebeaumont\/wp-json\/wp\/v2\/pages\/35\/revisions"}],"predecessor-version":[{"id":384,"href":"https:\/\/perso.atilf.fr\/ebeaumont\/wp-json\/wp\/v2\/pages\/35\/revisions\/384"}],"wp:attachment":[{"href":"https:\/\/perso.atilf.fr\/ebeaumont\/wp-json\/wp\/v2\/media?parent=35"}],"curies":[{"name":"wp","href":"https:\/\/api.w.org\/{rel}","templated":true}]}}