{"id":17,"date":"2015-06-29T13:43:37","date_gmt":"2015-06-29T12:43:37","guid":{"rendered":"https:\/\/apps.atilf.fr\/homepages\/?page_id=17"},"modified":"2025-11-18T12:47:25","modified_gmt":"2025-11-18T11:47:25","slug":"publications","status":"publish","type":"page","link":"https:\/\/perso.atilf.fr\/egermain\/publications\/","title":{"rendered":"Publications et communications"},"content":{"rendered":"<h4 style=\"text-align: center\"><span style=\"text-decoration: underline\"><strong>Publications<\/strong><\/span><\/h4>\n<p>&nbsp;<\/p>\n<h4 style=\"text-align: center\"><span style=\"text-decoration: underline\"><strong>Communications<\/strong><\/span><\/h4>\n<ul>\n<li>Enora Germain. Les d\u00e9fis langagiers du quotidien des adultes migrants : enqu\u00eate en contexte associatif. Le voyage de la th\u00e8se : trajectoires scientifiques des doctorants, ATILF, May 2025, Nancy, France. <a href=\"https:\/\/hal.science\/hal-05236467v1\">\u27e8hal-05236467\u27e9<\/a><\/li>\n<\/ul>\n<p>&nbsp;<\/p>\n<ul>\n<li>Enora Germain. Comparer les discours et les pratiques des formateurs b\u00e9n\u00e9voles. Journ\u00e9e scientifique de l&rsquo;\u00e9cole doctorale SLTC &#8211; \u00ab\u00a0A chacun sa m\u00e9thode\u00a0\u00bb, May 2025, Nancy, France. 2025. <a href=\"https:\/\/hal.science\/hal-05150460v1\">\u27e8hal-05150460\u27e9<\/a><\/li>\n<\/ul>\n<p>&nbsp;<\/p>\n<ul>\n<li>Enora Germain. Adapter la m\u00e9thodologie pour la recherche sur son terrain professionnel. Journ\u00e9e d&rsquo;\u00e9tude des doctorants de l&rsquo;ATILF : r\u00e9flexion et pratique autour des m\u00e9thodologies de recherche, ATILF, May 2024, Nancy, France. <a href=\"https:\/\/hal.science\/hal-05236480v1\">\u27e8hal-05236480\u27e9<\/a><\/li>\n<\/ul>\n<p>&nbsp;<\/p>\n<ul>\n<li>Enora Germain. Prise en compte des besoins des apprenants par les b\u00e9n\u00e9voles en milieu associatif. Journ\u00e9e d&rsquo;\u00e9tude Enseignements-apprentissages et\/en migration-s : quand les questionnements s&rsquo;entrecroisent et se compl\u00e8tent vers une nouvelle \u00e9pist\u00e9mologie, LIDILEM; Institut Convergences Migrations, Oct 2025, Aubervilliers, France. <a href=\"https:\/\/hal.science\/hal-05370861\">\u27e8hal-05370861\u27e9<\/a><\/li>\n<\/ul>\n<p>&nbsp;<\/p>\n","protected":false},"excerpt":{"rendered":"<p>Publications &nbsp; Communications Enora Germain. Les d\u00e9fis langagiers du quotidien des adultes migrants : enqu\u00eate en contexte associatif. Le voyage de la th\u00e8se : trajectoires scientifiques des doctorants, ATILF, May 2025, Nancy, France. \u27e8hal-05236467\u27e9 &nbsp; Enora Germain. Comparer les discours et les pratiques des formateurs b\u00e9n\u00e9voles. Journ\u00e9e scientifique de l&rsquo;\u00e9cole doctorale SLTC &#8211; \u00ab\u00a0A chacun [&hellip;]<\/p>\n","protected":false},"author":1,"featured_media":0,"parent":0,"menu_order":0,"comment_status":"closed","ping_status":"closed","template":"","meta":{"footnotes":""},"class_list":["post-17","page","type-page","status-publish","hentry"],"_links":{"self":[{"href":"https:\/\/perso.atilf.fr\/egermain\/wp-json\/wp\/v2\/pages\/17","targetHints":{"allow":["GET"]}}],"collection":[{"href":"https:\/\/perso.atilf.fr\/egermain\/wp-json\/wp\/v2\/pages"}],"about":[{"href":"https:\/\/perso.atilf.fr\/egermain\/wp-json\/wp\/v2\/types\/page"}],"author":[{"embeddable":true,"href":"https:\/\/perso.atilf.fr\/egermain\/wp-json\/wp\/v2\/users\/1"}],"replies":[{"embeddable":true,"href":"https:\/\/perso.atilf.fr\/egermain\/wp-json\/wp\/v2\/comments?post=17"}],"version-history":[{"count":7,"href":"https:\/\/perso.atilf.fr\/egermain\/wp-json\/wp\/v2\/pages\/17\/revisions"}],"predecessor-version":[{"id":405,"href":"https:\/\/perso.atilf.fr\/egermain\/wp-json\/wp\/v2\/pages\/17\/revisions\/405"}],"wp:attachment":[{"href":"https:\/\/perso.atilf.fr\/egermain\/wp-json\/wp\/v2\/media?parent=17"}],"curies":[{"name":"wp","href":"https:\/\/api.w.org\/{rel}","templated":true}]}}