{"id":35,"date":"2015-06-29T13:47:31","date_gmt":"2015-06-29T12:47:31","guid":{"rendered":"https:\/\/apps.atilf.fr\/homepages\/?page_id=35"},"modified":"2025-05-05T11:13:27","modified_gmt":"2025-05-05T10:13:27","slug":"accueil","status":"publish","type":"page","link":"https:\/\/perso.atilf.fr\/eguelycosta\/","title":{"rendered":"Accueil"},"content":{"rendered":"<p><a href=\"https:\/\/perso.atilf.fr\/eguelycosta\/wp-content\/uploads\/sites\/94\/2021\/04\/GUELY_COSTA_Eglantine_ATILF2_202009_vign.jpg\"><img loading=\"lazy\" decoding=\"async\" class=\"size-full wp-image-306 aligncenter\" src=\"https:\/\/perso.atilf.fr\/eguelycosta\/wp-content\/uploads\/sites\/94\/2021\/04\/GUELY_COSTA_Eglantine_ATILF2_202009_vign.jpg\" alt=\"\" width=\"238\" height=\"150\" \/><\/a><\/p>\n<p>MCF SDL Didactique du FLE et du plurilinguisme \u00e0 l&rsquo;INSP\u00c9 de Lorraine<br \/>\n<span id=\"OBJ_PREFIX_DWT550_com_zimbra_url\" class=\"Object\" role=\"link\"><span id=\"OBJ_PREFIX_DWT576_com_zimbra_url\" class=\"Object\" role=\"link\">Directrice adjointe en charge du d\u00e9partement Pratiques et ing\u00e9nierie de la formation (PIF)<br \/>\n<\/span><\/span><span id=\"OBJ_PREFIX_DWT550_com_zimbra_url\" class=\"Object\" role=\"link\"><span id=\"OBJ_PREFIX_DWT576_com_zimbra_url\" class=\"Object\" role=\"link\"><a href=\"http:\/\/inspe.univ-lorraine.fr\/\" target=\"_blank\" rel=\"noopener noreferrer\">http:\/\/inspe.univ-lorraine.fr<\/a><\/span><\/span><\/p>\n<p>ATILF (CNRS), UMR 7118<br \/>\nAxe Didactique des langues et sociolinguistique<br \/>\n<span id=\"OBJ_PREFIX_DWT551_com_zimbra_url\" class=\"Object\" role=\"link\"><span id=\"OBJ_PREFIX_DWT577_com_zimbra_url\" class=\"Object\" role=\"link\"><a href=\"http:\/\/www.atilf.fr\/\" target=\"_blank\" rel=\"noopener noreferrer\">http:\/\/www.atilf.fr<\/a><\/span><\/span><\/p>\n<p>ORCID :\u00a0<a href=\"https:\/\/orcid.org\/0000-0002-6128-1200\">https:\/\/orcid.org\/0000-0002-6128-1200<\/a><br \/>\nHAL : <a href=\"https:\/\/cv.archives-ouvertes.fr\/eglantine-guely-costa\">https:\/\/cv.archives-ouvertes.fr\/eglantine-guely-costa<\/a><\/p>\n<p>Courriel : eglantine.guely[at]univ-lorraine.fr<\/p>\n","protected":false},"excerpt":{"rendered":"<p>MCF SDL Didactique du FLE et du plurilinguisme \u00e0 l&rsquo;INSP\u00c9 de Lorraine Directrice adjointe en charge du d\u00e9partement Pratiques et ing\u00e9nierie de la formation (PIF) http:\/\/inspe.univ-lorraine.fr ATILF (CNRS), UMR 7118 Axe Didactique des langues et sociolinguistique http:\/\/www.atilf.fr ORCID :\u00a0https:\/\/orcid.org\/0000-0002-6128-1200 HAL &hellip; <a href=\"https:\/\/perso.atilf.fr\/eguelycosta\/\">Continuer la lecture <span class=\"meta-nav\">&rarr;<\/span><\/a><\/p>\n","protected":false},"author":1,"featured_media":0,"parent":0,"menu_order":0,"comment_status":"closed","ping_status":"closed","template":"","meta":{"footnotes":""},"class_list":["post-35","page","type-page","status-publish","hentry"],"_links":{"self":[{"href":"https:\/\/perso.atilf.fr\/eguelycosta\/wp-json\/wp\/v2\/pages\/35","targetHints":{"allow":["GET"]}}],"collection":[{"href":"https:\/\/perso.atilf.fr\/eguelycosta\/wp-json\/wp\/v2\/pages"}],"about":[{"href":"https:\/\/perso.atilf.fr\/eguelycosta\/wp-json\/wp\/v2\/types\/page"}],"author":[{"embeddable":true,"href":"https:\/\/perso.atilf.fr\/eguelycosta\/wp-json\/wp\/v2\/users\/1"}],"replies":[{"embeddable":true,"href":"https:\/\/perso.atilf.fr\/eguelycosta\/wp-json\/wp\/v2\/comments?post=35"}],"version-history":[{"count":44,"href":"https:\/\/perso.atilf.fr\/eguelycosta\/wp-json\/wp\/v2\/pages\/35\/revisions"}],"predecessor-version":[{"id":406,"href":"https:\/\/perso.atilf.fr\/eguelycosta\/wp-json\/wp\/v2\/pages\/35\/revisions\/406"}],"wp:attachment":[{"href":"https:\/\/perso.atilf.fr\/eguelycosta\/wp-json\/wp\/v2\/media?parent=35"}],"curies":[{"name":"wp","href":"https:\/\/api.w.org\/{rel}","templated":true}]}}

<p><a href="https://perso.atilf.fr/eguelycosta/wp-content/uploads/sites/94/2021/04/GUELY_COSTA_Eglantine_ATILF2_202009_vign.jpg"><img loading="lazy" decoding="async" class="size-full wp-image-306 aligncenter" src="https://perso.atilf.fr/eguelycosta/wp-content/uploads/sites/94/2021/04/GUELY_COSTA_Eglantine_ATILF2_202009_vign.jpg" alt="" width="238" height="150" /></a></p>
<p>MCF SDL Didactique du FLE et du plurilinguisme à l&rsquo;INSPÉ de Lorraine<br />
<span id="OBJ_PREFIX_DWT550_com_zimbra_url" class="Object" role="link"><span id="OBJ_PREFIX_DWT576_com_zimbra_url" class="Object" role="link">Directrice adjointe en charge du département Pratiques et ingénierie de la formation (PIF)<br />
</span></span><span id="OBJ_PREFIX_DWT550_com_zimbra_url" class="Object" role="link"><span id="OBJ_PREFIX_DWT576_com_zimbra_url" class="Object" role="link"><a href="http://inspe.univ-lorraine.fr/" target="_blank" rel="noopener noreferrer">http://inspe.univ-lorraine.fr</a></span></span></p>
<p>ATILF (CNRS), UMR 7118<br />
Axe Didactique des langues et sociolinguistique<br />
<span id="OBJ_PREFIX_DWT551_com_zimbra_url" class="Object" role="link"><span id="OBJ_PREFIX_DWT577_com_zimbra_url" class="Object" role="link"><a href="http://www.atilf.fr/" target="_blank" rel="noopener noreferrer">http://www.atilf.fr</a></span></span></p>
<p>ORCID : <a href="https://orcid.org/0000-0002-6128-1200">https://orcid.org/0000-0002-6128-1200</a><br />
HAL : <a href="https://cv.archives-ouvertes.fr/eglantine-guely-costa">https://cv.archives-ouvertes.fr/eglantine-guely-costa</a></p>
<p>Courriel : eglantine.guely[at]univ-lorraine.fr</p>

<p>MCF SDL Didactique du FLE et du plurilinguisme à l&rsquo;INSPÉ de Lorraine Directrice adjointe en charge du département Pratiques et ingénierie de la formation (PIF) http://inspe.univ-lorraine.fr ATILF (CNRS), UMR 7118 Axe Didactique des langues et sociolinguistique http://www.atilf.fr ORCID : https://orcid.org/0000-0002-6128-1200 HAL &hellip; <a href="https://perso.atilf.fr/eguelycosta/">Continuer la lecture <span class="meta-nav">&rarr;</span></a></p>
