{"id":19,"date":"2015-06-29T13:43:50","date_gmt":"2015-06-29T12:43:50","guid":{"rendered":"https:\/\/apps.atilf.fr\/homepages\/gmelison\/?page_id=19"},"modified":"2020-03-03T16:22:39","modified_gmt":"2020-03-03T15:22:39","slug":"animations","status":"publish","type":"page","link":"https:\/\/perso.atilf.fr\/ghirchwald\/animations\/","title":{"rendered":"Animations"},"content":{"rendered":"<p><span style=\"text-decoration: underline\"><strong>Responsabilit\u00e9s actuelles<\/strong><\/span><\/p>\n<p>Directrice des \u00e9tudes en LP MN (M\u00e9tiers du Num\u00e9rique) \u00e0 l&rsquo;IUT de Saint-Di\u00e9<\/p>\n<p>Suivi de projets tutor\u00e9s<\/p>\n<p>Suivi de stages<\/p>\n<p>Accompagnatrice VAE pour la LP MN mention Cross Media<\/p>\n<p>R\u00e9f\u00e9rent langue fran\u00e7aise au laboratoire ATILF<\/p>\n<p>Responsable rem\u00e9diation en orthographe \u00e0 l\u2019IUT de Saint-Di\u00e9-des-Vosges (plateforme Orthodidacte)<\/p>\n<p>&nbsp;<\/p>\n","protected":false},"excerpt":{"rendered":"<p>Responsabilit\u00e9s actuelles Directrice des \u00e9tudes en LP MN (M\u00e9tiers du Num\u00e9rique) \u00e0 l&rsquo;IUT de Saint-Di\u00e9 Suivi de projets tutor\u00e9s Suivi de stages Accompagnatrice VAE pour la LP MN mention Cross Media R\u00e9f\u00e9rent langue fran\u00e7aise au laboratoire ATILF Responsable rem\u00e9diation en orthographe \u00e0 l\u2019IUT de Saint-Di\u00e9-des-Vosges (plateforme Orthodidacte) &nbsp;<\/p>\n","protected":false},"author":1,"featured_media":0,"parent":0,"menu_order":0,"comment_status":"closed","ping_status":"closed","template":"","meta":{"footnotes":""},"class_list":["post-19","page","type-page","status-publish","hentry"],"_links":{"self":[{"href":"https:\/\/perso.atilf.fr\/ghirchwald\/wp-json\/wp\/v2\/pages\/19","targetHints":{"allow":["GET"]}}],"collection":[{"href":"https:\/\/perso.atilf.fr\/ghirchwald\/wp-json\/wp\/v2\/pages"}],"about":[{"href":"https:\/\/perso.atilf.fr\/ghirchwald\/wp-json\/wp\/v2\/types\/page"}],"author":[{"embeddable":true,"href":"https:\/\/perso.atilf.fr\/ghirchwald\/wp-json\/wp\/v2\/users\/1"}],"replies":[{"embeddable":true,"href":"https:\/\/perso.atilf.fr\/ghirchwald\/wp-json\/wp\/v2\/comments?post=19"}],"version-history":[{"count":6,"href":"https:\/\/perso.atilf.fr\/ghirchwald\/wp-json\/wp\/v2\/pages\/19\/revisions"}],"predecessor-version":[{"id":238,"href":"https:\/\/perso.atilf.fr\/ghirchwald\/wp-json\/wp\/v2\/pages\/19\/revisions\/238"}],"wp:attachment":[{"href":"https:\/\/perso.atilf.fr\/ghirchwald\/wp-json\/wp\/v2\/media?parent=19"}],"curies":[{"name":"wp","href":"https:\/\/api.w.org\/{rel}","templated":true}]}}