{"id":21,"date":"2015-06-29T13:44:07","date_gmt":"2015-06-29T12:44:07","guid":{"rendered":"https:\/\/apps.atilf.fr\/homepages\/gmelison\/?page_id=21"},"modified":"2020-03-03T16:15:12","modified_gmt":"2020-03-03T15:15:12","slug":"conferences-seminaires","status":"publish","type":"page","link":"https:\/\/perso.atilf.fr\/ghirchwald\/conferences-seminaires\/","title":{"rendered":"Conf\u00e9rences \/ S\u00e9minaires"},"content":{"rendered":"<p>&nbsp;<\/p>\n<ul class=\"zebra\">\n<li class=\"even hover\"><strong>24 mars 2017<\/strong> (9h30 &#8211; 12h30) Paris dans le cadre du <a href=\"http:\/\/www.item.ens.fr\/?id=13710\">s\u00e9minaire Zola 2016-2017<\/a> (responsables Alain Pag\u00e8s et Olivier Lumbroso)<br \/>\nGabrielle Melison-Hirchwald (Univ. de Lorraine) et Pierre Dufief (Univ. Paris Ouest Nanterre La D\u00e9fense) \u00ab\u00a0Un genre hybride : l\u2019interview d\u2019\u00e9crivain\u00a0\u00bb<br \/>\nLieu: Centre Censier (13 rue de Santeuil, salle 410)<\/li>\n<li><strong>9 octobre 2018 \u00ab Daudet \u00e0 l\u2019\u00e9cran \u00bb<\/strong>, conf\u00e9rence invit\u00e9e par Andr\u00e9 Gardies (Les Amis de Bernis), Bernis.<\/li>\n<li><strong>25 avril 2019 \u00ab D\u2019Alphonse Daudet \u00e0 l\u2019Acad\u00e9mie Goncourt \u00bb<\/strong>, avec Pierre-Jean Dufief, Colloque Daudet et les langues (150 ans des <em>Lettres de mon moulin<\/em>), organis\u00e9 par Gabrielle Melison-Hirchwald, Universit\u00e9 de Lorraine, ATILF\/CNRS, 25 et 26 avril 2019.<\/li>\n<li><strong>14 septembre 2019 \u00ab Alphonse Daudet, \u00e9crivain de l\u2019Est parisien \u00bb<\/strong>, conf\u00e9rence invit\u00e9e par Mme Aleksic, M\u00e9diath\u00e8que de Soisy-sur-Seine, Soisy.<\/li>\n<li><strong>9 octobre 2019 \u00ab Paris et Provence dans les <em>Lettres de mon moulin<\/em><\/strong>, <em>Lettres de mon moulin<\/em> &#8211; 150 ans d\u00e9j\u00e0, journ\u00e9e d\u2019\u00e9tude organis\u00e9e par Bernard Urbani, Universit\u00e9 d\u2019Avignon.<\/li>\n<li><strong>28 f\u00e9vrier 2020 \u00ab Le lexique de Paris \u00bb<\/strong>, s\u00e9minaire Goncourt. Lieu: Centre Censier (13 rue de Santeuil, salle 410)<\/li>\n<\/ul>\n","protected":false},"excerpt":{"rendered":"<p>&nbsp; 24 mars 2017 (9h30 &#8211; 12h30) Paris dans le cadre du s\u00e9minaire Zola 2016-2017 (responsables Alain Pag\u00e8s et Olivier Lumbroso) Gabrielle Melison-Hirchwald (Univ. de Lorraine) et Pierre Dufief (Univ. Paris Ouest Nanterre La D\u00e9fense) \u00ab\u00a0Un genre hybride : l\u2019interview d\u2019\u00e9crivain\u00a0\u00bb Lieu: Centre Censier (13 rue de Santeuil, salle 410) 9 octobre 2018 \u00ab Daudet [&hellip;]<\/p>\n","protected":false},"author":1,"featured_media":0,"parent":0,"menu_order":0,"comment_status":"closed","ping_status":"closed","template":"","meta":{"footnotes":""},"class_list":["post-21","page","type-page","status-publish","hentry"],"_links":{"self":[{"href":"https:\/\/perso.atilf.fr\/ghirchwald\/wp-json\/wp\/v2\/pages\/21","targetHints":{"allow":["GET"]}}],"collection":[{"href":"https:\/\/perso.atilf.fr\/ghirchwald\/wp-json\/wp\/v2\/pages"}],"about":[{"href":"https:\/\/perso.atilf.fr\/ghirchwald\/wp-json\/wp\/v2\/types\/page"}],"author":[{"embeddable":true,"href":"https:\/\/perso.atilf.fr\/ghirchwald\/wp-json\/wp\/v2\/users\/1"}],"replies":[{"embeddable":true,"href":"https:\/\/perso.atilf.fr\/ghirchwald\/wp-json\/wp\/v2\/comments?post=21"}],"version-history":[{"count":7,"href":"https:\/\/perso.atilf.fr\/ghirchwald\/wp-json\/wp\/v2\/pages\/21\/revisions"}],"predecessor-version":[{"id":234,"href":"https:\/\/perso.atilf.fr\/ghirchwald\/wp-json\/wp\/v2\/pages\/21\/revisions\/234"}],"wp:attachment":[{"href":"https:\/\/perso.atilf.fr\/ghirchwald\/wp-json\/wp\/v2\/media?parent=21"}],"curies":[{"name":"wp","href":"https:\/\/api.w.org\/{rel}","templated":true}]}}

Conférences / Séminaires

<p>&nbsp;</p>
<ul class="zebra">
<li class="even hover"><strong>24 mars 2017</strong> (9h30 &#8211; 12h30) Paris dans le cadre du <a href="http://www.item.ens.fr/?id=13710">séminaire Zola 2016-2017</a> (responsables Alain Pagès et Olivier Lumbroso)<br />
Gabrielle Melison-Hirchwald (Univ. de Lorraine) et Pierre Dufief (Univ. Paris Ouest Nanterre La Défense) « Un genre hybride : l’interview d’écrivain »<br />
Lieu: Centre Censier (13 rue de Santeuil, salle 410)</li>
<li><strong>9 octobre 2018 « Daudet à l’écran »</strong>, conférence invitée par André Gardies (Les Amis de Bernis), Bernis.</li>
<li><strong>25 avril 2019 « D’Alphonse Daudet à l’Académie Goncourt »</strong>, avec Pierre-Jean Dufief, Colloque Daudet et les langues (150 ans des <em>Lettres de mon moulin</em>), organisé par Gabrielle Melison-Hirchwald, Université de Lorraine, ATILF/CNRS, 25 et 26 avril 2019.</li>
<li><strong>14 septembre 2019 « Alphonse Daudet, écrivain de l’Est parisien »</strong>, conférence invitée par Mme Aleksic, Médiathèque de Soisy-sur-Seine, Soisy.</li>
<li><strong>9 octobre 2019 « Paris et Provence dans les <em>Lettres de mon moulin</em></strong>, <em>Lettres de mon moulin</em> &#8211; 150 ans déjà, journée d’étude organisée par Bernard Urbani, Université d’Avignon.</li>
<li><strong>28 février 2020 « Le lexique de Paris »</strong>, séminaire Goncourt. Lieu: Centre Censier (13 rue de Santeuil, salle 410)</li>
</ul>

<p>&nbsp; 24 mars 2017 (9h30 &#8211; 12h30) Paris dans le cadre du séminaire Zola 2016-2017 (responsables Alain Pagès et Olivier Lumbroso) Gabrielle Melison-Hirchwald (Univ. de Lorraine) et Pierre Dufief (Univ. Paris Ouest Nanterre La Défense) « Un genre hybride : l’interview d’écrivain » Lieu: Centre Censier (13 rue de Santeuil, salle 410) 9 octobre 2018 « Daudet [&hellip;]</p>
