{"id":35,"date":"2015-06-29T13:47:31","date_gmt":"2015-06-29T12:47:31","guid":{"rendered":"https:\/\/apps.atilf.fr\/homepages\/gmelison\/?page_id=35"},"modified":"2023-08-02T17:42:54","modified_gmt":"2023-08-02T16:42:54","slug":"accueil","status":"publish","type":"page","link":"https:\/\/perso.atilf.fr\/ghirchwald\/","title":{"rendered":"Accueil"},"content":{"rendered":"<p style=\"text-align: left\"><span style=\"text-decoration: underline\"><strong><a href=\"https:\/\/perso.atilf.fr\/ghirchwald\/wp-content\/uploads\/sites\/43\/2023\/08\/IMG_6692-scaled.jpg\"><img loading=\"lazy\" decoding=\"async\" class=\"size-medium wp-image-292 alignright\" src=\"https:\/\/perso.atilf.fr\/ghirchwald\/wp-content\/uploads\/sites\/43\/2023\/08\/IMG_6692-300x200.jpg\" alt=\"\" width=\"300\" height=\"200\" srcset=\"https:\/\/perso.atilf.fr\/ghirchwald\/wp-content\/uploads\/sites\/43\/2023\/08\/IMG_6692-300x200.jpg 300w, https:\/\/perso.atilf.fr\/ghirchwald\/wp-content\/uploads\/sites\/43\/2023\/08\/IMG_6692-1024x683.jpg 1024w, https:\/\/perso.atilf.fr\/ghirchwald\/wp-content\/uploads\/sites\/43\/2023\/08\/IMG_6692-768x512.jpg 768w, https:\/\/perso.atilf.fr\/ghirchwald\/wp-content\/uploads\/sites\/43\/2023\/08\/IMG_6692-1536x1024.jpg 1536w, https:\/\/perso.atilf.fr\/ghirchwald\/wp-content\/uploads\/sites\/43\/2023\/08\/IMG_6692-2048x1365.jpg 2048w\" sizes=\"auto, (max-width: 300px) 100vw, 300px\" \/><\/a><br \/>\n<\/strong><\/span><\/p>\n<p><strong>Tout \u00eatre porte en lui cette capacit\u00e9<\/strong><\/p>\n<p><strong>\u00c0 savourer la vie dans sa fugacit\u00e9<\/strong><\/p>\n<p><strong>Emplissant chaque instant que nos beaux corps engramment<\/strong><\/p>\n<p>&nbsp;<\/p>\n\n<table id=\"tablepress-3\" class=\"tablepress tablepress-id-3\">\n<tbody class=\"row-striping row-hover\">\n<tr class=\"row-1\">\n\t<td class=\"column-1\">GABRIELLE HIRCHWALD<br \/>\n<br \/>\nMa\u00eetresse de conf\u00e9rences habilit\u00e9e \u00e0 diriger des recherches<br \/>\n<br \/>\nHumanit\u00e9s num\u00e9riques<br \/>\n<br \/>\nLitt\u00e9ratures fran\u00e7aise et compar\u00e9e<br \/>\n<br \/>\nSciences de l'information et de la communication<br \/>\n<br \/>\n<a href=\"https:\/\/perso.atilf.fr\/ghirchwald\/wp-content\/uploads\/sites\/43\/2016\/11\/302.jpg\"><img loading=\"lazy\" decoding=\"async\" src=\"https:\/\/perso.atilf.fr\/ghirchwald\/wp-content\/uploads\/sites\/43\/2016\/11\/302-300x168.jpg\" alt=\"\" width=\"300\" height=\"168\" class=\"alignnone size-medium wp-image-183\" srcset=\"https:\/\/perso.atilf.fr\/ghirchwald\/wp-content\/uploads\/sites\/43\/2016\/11\/302-300x168.jpg 300w, https:\/\/perso.atilf.fr\/ghirchwald\/wp-content\/uploads\/sites\/43\/2016\/11\/302-768x431.jpg 768w, https:\/\/perso.atilf.fr\/ghirchwald\/wp-content\/uploads\/sites\/43\/2016\/11\/302-1024x575.jpg 1024w\" sizes=\"auto, (max-width: 300px) 100vw, 300px\" \/><\/a><\/td><td class=\"column-2\"><\/td>\n<\/tr>\n<\/tbody>\n<\/table>\n<!-- #tablepress-3 from cache -->\n<p><span style=\"text-decoration: underline\"><strong>Coordonn\u00e9es au laboratoire ATILF<\/strong><\/span><\/p>\n\n<table id=\"tablepress-4\" class=\"tablepress tablepress-id-4\">\n<tbody class=\"row-striping\">\n<tr class=\"row-1\">\n\t<td class=\"column-1\">Axe de recherche<\/td><td class=\"column-2\">Ressources<\/td>\n<\/tr>\n<tr class=\"row-2\">\n\t<td class=\"column-1\">Courriel<\/td><td class=\"column-2\"><a href=\"mailto:gabrielle.hirchwald@atilf.fr\">gabrielle.hirchwald@atilf.fr<\/a><\/td>\n<\/tr>\n<tr class=\"row-3\">\n\t<td class=\"column-1\">T\u00e9l\u00e9phone<\/td><td class=\"column-2\">+33 (0)3 54 50 53 12<\/td>\n<\/tr>\n<tr class=\"row-4\">\n\t<td class=\"column-1\">Lieu<\/td><td class=\"column-2\">Bureau 111 - 1er \u00e9tage - <a href=\"http:\/\/www.atilf.fr\/spip.php?article70\" target=\"_blank\" rel=\"noopener noreferrer\">B\u00e2timent CNRS<\/a><\/td>\n<\/tr>\n<tr class=\"row-5\">\n\t<td class=\"column-1\">Adresse<\/td><td class=\"column-2\">ATILF (CNRS &amp; Universit\u00e9 de Lorraine) <br \/>\n44, avenue de la Lib\u00e9ration <br \/>\nB.P. 30687 <br \/>\n54063 Nancy Cedex<\/td>\n<\/tr>\n<\/tbody>\n<\/table>\n<!-- #tablepress-4 from cache -->\n<p>&nbsp;<\/p>\n","protected":false},"excerpt":{"rendered":"<p>Tout \u00eatre porte en lui cette capacit\u00e9 \u00c0 savourer la vie dans sa fugacit\u00e9 Emplissant chaque instant que nos beaux corps engramment &nbsp; Coordonn\u00e9es au laboratoire ATILF &nbsp;<\/p>\n","protected":false},"author":1,"featured_media":0,"parent":0,"menu_order":0,"comment_status":"closed","ping_status":"closed","template":"","meta":{"footnotes":""},"class_list":["post-35","page","type-page","status-publish","hentry"],"_links":{"self":[{"href":"https:\/\/perso.atilf.fr\/ghirchwald\/wp-json\/wp\/v2\/pages\/35","targetHints":{"allow":["GET"]}}],"collection":[{"href":"https:\/\/perso.atilf.fr\/ghirchwald\/wp-json\/wp\/v2\/pages"}],"about":[{"href":"https:\/\/perso.atilf.fr\/ghirchwald\/wp-json\/wp\/v2\/types\/page"}],"author":[{"embeddable":true,"href":"https:\/\/perso.atilf.fr\/ghirchwald\/wp-json\/wp\/v2\/users\/1"}],"replies":[{"embeddable":true,"href":"https:\/\/perso.atilf.fr\/ghirchwald\/wp-json\/wp\/v2\/comments?post=35"}],"version-history":[{"count":42,"href":"https:\/\/perso.atilf.fr\/ghirchwald\/wp-json\/wp\/v2\/pages\/35\/revisions"}],"predecessor-version":[{"id":306,"href":"https:\/\/perso.atilf.fr\/ghirchwald\/wp-json\/wp\/v2\/pages\/35\/revisions\/306"}],"wp:attachment":[{"href":"https:\/\/perso.atilf.fr\/ghirchwald\/wp-json\/wp\/v2\/media?parent=35"}],"curies":[{"name":"wp","href":"https:\/\/api.w.org\/{rel}","templated":true}]}}