{"id":35,"date":"2015-06-29T13:47:31","date_gmt":"2015-06-29T12:47:31","guid":{"rendered":"https:\/\/apps.atilf.fr\/homepages\/?page_id=35"},"modified":"2026-03-23T16:46:25","modified_gmt":"2026-03-23T15:46:25","slug":"accueil","status":"publish","type":"page","link":"https:\/\/perso.atilf.fr\/gnassau\/","title":{"rendered":""},"content":{"rendered":"<p style=\"text-align: left\"><span style=\"text-decoration: underline\"><strong>Fonctions<\/strong><\/span><\/p>\n\n<table id=\"tablepress-3\" class=\"tablepress tablepress-id-3\">\n<tbody class=\"row-striping row-hover\">\n<tr class=\"row-1\">\n\t<td class=\"column-1\">Ma\u00eetre de conf\u00e9rences en Sciences du langage<br \/>\nLaboratoire ATILF\/CNRS (Crapel)<br \/>\nUFR Lansad, D\u00e9partement de Fran\u00e7ais Langue Etrang\u00e8re<\/td>\n<\/tr>\n<\/tbody>\n<\/table>\n<!-- #tablepress-3 from cache -->\n<p>&nbsp;<\/p>\n<p><span style=\"text-decoration: underline\"><strong>Coordonn\u00e9es au laboratoire ATILF<\/strong><\/span><\/p>\n\n<table id=\"tablepress-4\" class=\"tablepress tablepress-id-4\">\n<tbody class=\"row-striping\">\n<tr class=\"row-1\">\n\t<td class=\"column-1\">\u00c9quipe<\/td><td class=\"column-2\">Apprentissage des langues et Sociolinguistique (Crapel)<\/td>\n<\/tr>\n<tr class=\"row-2\">\n\t<td class=\"column-1\">Courriel<\/td><td class=\"column-2\"><a href=\"mailto:guillaume.nassau@univ-lorraine.fr\">guillaume.nassau@univ-lorraine.fr<\/a><\/td>\n<\/tr>\n<tr class=\"row-3\">\n\t<td class=\"column-1\">T\u00e9l\u00e9phone<\/td><td class=\"column-2\">+33 72 74 30 44<\/td>\n<\/tr>\n<tr class=\"row-4\">\n\t<td class=\"column-1\">Adresse<\/td><td class=\"column-2\">ATILF (CNRS &amp; Universit\u00e9 de Lorraine) <br \/>\n44, avenue de la Lib\u00e9ration <br \/>\nB.P. 30687 <br \/>\n54063 Nancy Cedex<\/td>\n<\/tr>\n<\/tbody>\n<\/table>\n<!-- #tablepress-4 from cache -->\n<p>&nbsp;<\/p>\n<p><span style=\"text-decoration: underline\"><strong>Int\u00e9r\u00eats de recherche :<\/strong><\/span><\/p>\n<ul>\n<li>Autonomie \/ Apprentissage auto-dirig\u00e9 de langues<\/li>\n<li>Conseil en apprentissage de langues<\/li>\n<li>Pratiques professionnelles d&rsquo;accompagnement des apprenants de langues<\/li>\n<li>Expression des \u00e9motions \/ discours \u00e9motionn\u00e9<\/li>\n<li>Emotion et apprentissage de langues<\/li>\n<li>Rapport et interactions homme \/ machine<\/li>\n<li>Apprentissage de langues par le jeu num\u00e9rique<\/li>\n<li>Utilisation des outils de traduction automatique pour l&rsquo;apprentissage de langues<\/li>\n<\/ul>\n<p><span style=\"text-decoration: underline\"><strong>Responsabilit\u00e9s :<\/strong><\/span><\/p>\n<ul>\n<li>Directeur du D\u00e9FLE-Lorraine<\/li>\n<li>Responsable du Dipl\u00f4me Universitaire Passerelle \u00e0 l&rsquo;Universit\u00e9 de Lorraine<\/li>\n<li>Co-porteur du projet de recherche <a href=\"https:\/\/msh-lorraine.fr\/aap-3-i-resumes-des-projets\/\">Litt\u00e9rat&rsquo;IA<\/a> (financement MSHL, appel 3i)<\/li>\n<li>Pr\u00e9sident du jury DELF-DALF du D\u00e9FLE-Lorraine<\/li>\n<li>Professeur-\u00e9valuateur pour le programme d&rsquo;assistants de langues de France Eduction International<\/li>\n<\/ul>\n","protected":false},"excerpt":{"rendered":"<p>Fonctions &nbsp; Coordonn\u00e9es au laboratoire ATILF &nbsp; Int\u00e9r\u00eats de recherche : Autonomie \/ Apprentissage auto-dirig\u00e9 de langues Conseil en apprentissage de langues Pratiques professionnelles d&rsquo;accompagnement des apprenants de langues Expression des \u00e9motions \/ discours \u00e9motionn\u00e9 Emotion et apprentissage de langues Rapport et interactions homme \/ machine Apprentissage de langues par le jeu num\u00e9rique Utilisation des [&hellip;]<\/p>\n","protected":false},"author":1,"featured_media":0,"parent":0,"menu_order":0,"comment_status":"closed","ping_status":"closed","template":"","meta":{"footnotes":""},"class_list":["post-35","page","type-page","status-publish","hentry"],"_links":{"self":[{"href":"https:\/\/perso.atilf.fr\/gnassau\/wp-json\/wp\/v2\/pages\/35","targetHints":{"allow":["GET"]}}],"collection":[{"href":"https:\/\/perso.atilf.fr\/gnassau\/wp-json\/wp\/v2\/pages"}],"about":[{"href":"https:\/\/perso.atilf.fr\/gnassau\/wp-json\/wp\/v2\/types\/page"}],"author":[{"embeddable":true,"href":"https:\/\/perso.atilf.fr\/gnassau\/wp-json\/wp\/v2\/users\/1"}],"replies":[{"embeddable":true,"href":"https:\/\/perso.atilf.fr\/gnassau\/wp-json\/wp\/v2\/comments?post=35"}],"version-history":[{"count":46,"href":"https:\/\/perso.atilf.fr\/gnassau\/wp-json\/wp\/v2\/pages\/35\/revisions"}],"predecessor-version":[{"id":393,"href":"https:\/\/perso.atilf.fr\/gnassau\/wp-json\/wp\/v2\/pages\/35\/revisions\/393"}],"wp:attachment":[{"href":"https:\/\/perso.atilf.fr\/gnassau\/wp-json\/wp\/v2\/media?parent=35"}],"curies":[{"name":"wp","href":"https:\/\/api.w.org\/{rel}","templated":true}]}}