{"id":25,"date":"2015-06-29T13:45:00","date_gmt":"2015-06-29T12:45:00","guid":{"rendered":"https:\/\/apps.atilf.fr\/homepages\/gsouvay\/?page_id=25"},"modified":"2020-12-22T16:00:16","modified_gmt":"2020-12-22T15:00:16","slug":"recherche","status":"publish","type":"page","link":"https:\/\/perso.atilf.fr\/gsouvay\/recherche","title":{"rendered":"Projets pass\u00e9s"},"content":{"rendered":"<h3 class='titre_gs'>Impact : Improoving access to text<\/h3>\n\n<table id=\"tablepress-16\" class=\"tablepress tablepress-id-16\">\n<tbody class=\"row-hover\">\n<tr class=\"row-1\">\n\t<td class=\"column-1\">Description<\/td><td class=\"column-2\">IMPACT is a project funded by the European Commission. It aims to significantly improve access to historical text and to take away the barriers that stand in the way of the mass digitisation of the European cultural heritage.<br \/>\n2008-2012<\/td>\n<\/tr>\n<tr class=\"row-2\">\n\t<td class=\"column-1\">Direction scientifique<\/td><td class=\"column-2\">Hildelies Balk (Biblioth\u00e8que Nationale des Pays-Bas)<\/td>\n<\/tr>\n<tr class=\"row-3\">\n\t<td class=\"column-1\">Adresse<\/td><td class=\"column-2\"><a target='_blank' href='http:\/\/www.impact-project.eu\/' rel=\"noopener noreferrer\">http:\/\/www.impact-project.eu\/<\/a><\/td>\n<\/tr>\n<tr class=\"row-4\">\n\t<td class=\"column-1\">Responsabilit\u00e9<\/td><td class=\"column-2\">Construction du lexique pour le fran\u00e7ais du XVII<sup>e<\/sup><br \/>\n2010-2012<\/td>\n<\/tr>\n<\/tbody>\n<\/table>\n<!-- #tablepress-16 from cache -->\n<h3 class='titre_gs'>PRESTO<\/h3>\n\n<table id=\"tablepress-21\" class=\"tablepress tablepress-id-21\">\n<tbody class=\"row-hover\">\n<tr class=\"row-1\">\n\t<td class=\"column-1\">Description<\/td><td class=\"column-2\">ANR\/DFG PRESTO : L\u2019\u00e9volution du syst\u00e8me pr\u00e9positionnel du fran\u00e7ais.<br \/>\n2013-2017<\/td>\n<\/tr>\n<tr class=\"row-2\">\n\t<td class=\"column-1\">Direction scientifique<\/td><td class=\"column-2\"> Denis Vigier (Univ. Lyon 2) et Peter Blumenthal (Univ. K\u00f6ln).<\/td>\n<\/tr>\n<tr class=\"row-3\">\n\t<td class=\"column-1\">Adresse<\/td><td class=\"column-2\"><a href='http:\/\/presto.ens-lyon.fr\/' target='_blank' rel=\"noopener noreferrer\">http:\/\/presto.ens-lyon.fr\/<\/a><\/td>\n<\/tr>\n<tr class=\"row-4\">\n\t<td class=\"column-1\">Responsabilit\u00e9<\/td><td class=\"column-2\">Construction du lexique pour le fran\u00e7ais du XVI<sup>e<\/sup> et XVII<sup>e<\/sup><\/td>\n<\/tr>\n<\/tbody>\n<\/table>\n<!-- #tablepress-21 from cache -->\n<h3 class='titre_gs'><a href=\"http:\/\/stella.atilf.fr\/TLFsup\/\" target=\"_blank\" rel=\"noopener noreferrer\">TLFsup<\/a><\/h3>\n<table>\n<tr>\n<td>\nR\u00e9troconversion du suppl\u00e9ment de TLF\n<\/td>\n<\/tr>\n<\/table>\n<h3 class='titre_gs'><a href=\"http:\/\/stella.atilf.fr\/synonymes\/\" target=\"_blank\" rel=\"noopener noreferrer\">Base des synonymes<\/a><\/h3>\n<h3 class='titre_gs'>WinBrill<\/h3>\n<table>\n<tr>\n<td>\nVersion Windows du Tagger de Brill\n<\/td>\n<\/tr>\n<\/table>\n<h3 class='titre_gs'>ITC : Index Techniques Cumulatifs<\/h3>\n<h3 class='titre_gs'>BORNEO<\/h3>\n<table>\n<tr>\n<td>\nBase d&rsquo;Observation et de Recherche des N\u00e9ologismes\n<\/td>\n<\/tr>\n<\/table>\n","protected":false},"excerpt":{"rendered":"<p>Impact : Improoving access to text PRESTO TLFsup R\u00e9troconversion du suppl\u00e9ment de TLF Base des synonymes WinBrill Version Windows du Tagger de Brill ITC : Index Techniques Cumulatifs BORNEO Base d&rsquo;Observation et de Recherche des N\u00e9ologismes<\/p>\n","protected":false},"author":1,"featured_media":0,"parent":0,"menu_order":0,"comment_status":"closed","ping_status":"closed","template":"","meta":{"footnotes":""},"class_list":["post-25","page","type-page","status-publish","hentry"],"_links":{"self":[{"href":"https:\/\/perso.atilf.fr\/gsouvay\/wp-json\/wp\/v2\/pages\/25","targetHints":{"allow":["GET"]}}],"collection":[{"href":"https:\/\/perso.atilf.fr\/gsouvay\/wp-json\/wp\/v2\/pages"}],"about":[{"href":"https:\/\/perso.atilf.fr\/gsouvay\/wp-json\/wp\/v2\/types\/page"}],"author":[{"embeddable":true,"href":"https:\/\/perso.atilf.fr\/gsouvay\/wp-json\/wp\/v2\/users\/1"}],"replies":[{"embeddable":true,"href":"https:\/\/perso.atilf.fr\/gsouvay\/wp-json\/wp\/v2\/comments?post=25"}],"version-history":[{"count":47,"href":"https:\/\/perso.atilf.fr\/gsouvay\/wp-json\/wp\/v2\/pages\/25\/revisions"}],"predecessor-version":[{"id":1018,"href":"https:\/\/perso.atilf.fr\/gsouvay\/wp-json\/wp\/v2\/pages\/25\/revisions\/1018"}],"wp:attachment":[{"href":"https:\/\/perso.atilf.fr\/gsouvay\/wp-json\/wp\/v2\/media?parent=25"}],"curies":[{"name":"wp","href":"https:\/\/api.w.org\/{rel}","templated":true}]}}