{"id":345,"date":"2020-03-11T09:46:38","date_gmt":"2020-03-11T08:46:38","guid":{"rendered":"https:\/\/perso.atilf.fr\/gsouvay\/?page_id=345"},"modified":"2020-03-11T17:46:11","modified_gmt":"2020-03-11T16:46:11","slug":"projetdmf","status":"publish","type":"page","link":"https:\/\/perso.atilf.fr\/gsouvay\/projetdmf","title":{"rendered":"DMF"},"content":{"rendered":"<h3 class='titre_gs'>DMF : Dictionnaire du Moyen Fran\u00e7ais (1330-1500)<\/h2>\n\n<table id=\"tablepress-15\" class=\"tablepress tablepress-id-15\">\n<tbody class=\"row-striping row-hover\">\n<tr class=\"row-1\">\n\t<td class=\"column-1\" style=\"width:20%80%;\">Institution<\/td><td class=\"column-2\">ATILF, CNRS &amp; Universit\u00e9 de Lorraine<\/td>\n<\/tr>\n<tr class=\"row-2\">\n\t<td class=\"column-1\">Description<\/td><td class=\"column-2\">Dictionnaire de la langue fran\u00e7aise en usage entre 1330 et 1500, le moyen fran\u00e7ais.<br \/>\n<li \/>le dictionnaire en ligne  de r\u00e9f\u00e9rence pour la langue m\u00e9di\u00e9vale.<br \/>\n<li \/>65 720 entr\u00e9es, 470 125 exemples, environ 200 200 000 caract\u00e8res.<br \/>\n<li \/>600 utilisateurs par jour (Google analytics)<\/td>\n<\/tr>\n<tr class=\"row-3\">\n\t<td class=\"column-1\">Direction scientifique<\/td><td class=\"column-2\">Robert Martin (professeur \u00e9m\u00e9rite \u00e0 l'Universit\u00e9 de Paris-Sorbonne, Membre de l'Institut)<\/td>\n<\/tr>\n<tr class=\"row-4\">\n\t<td class=\"column-1\">Direction<\/td><td class=\"column-2\">Sylvie Bazin (professeur \u00e0 l'Universit\u00e9 de Lorraine)<\/td>\n<\/tr>\n<tr class=\"row-5\">\n\t<td class=\"column-1\">Adresse<\/td><td class=\"column-2\"><a target='_blank' href='http:\/\/www.atilf.fr\/dmf' rel=\"noopener noreferrer\">http:\/\/www.atilf.fr\/dmf<\/a><\/td>\n<\/tr>\n<tr class=\"row-6\">\n\t<td class=\"column-1\">Responsabilit\u00e9<\/td><td class=\"column-2\">D\u00e9veloppements informatiques de la saisie des articles \u00e0 leur mise en ligne.<br \/>\nLien avec les projets partenaires<\/td>\n<\/tr>\n<\/tbody>\n<\/table>\n<!-- #tablepress-15 from cache -->\n","protected":false},"excerpt":{"rendered":"<p>DMF : Dictionnaire du Moyen Fran\u00e7ais (1330-1500)<\/p>\n","protected":false},"author":19,"featured_media":0,"parent":0,"menu_order":0,"comment_status":"closed","ping_status":"closed","template":"","meta":{"footnotes":""},"class_list":["post-345","page","type-page","status-publish","hentry"],"_links":{"self":[{"href":"https:\/\/perso.atilf.fr\/gsouvay\/wp-json\/wp\/v2\/pages\/345","targetHints":{"allow":["GET"]}}],"collection":[{"href":"https:\/\/perso.atilf.fr\/gsouvay\/wp-json\/wp\/v2\/pages"}],"about":[{"href":"https:\/\/perso.atilf.fr\/gsouvay\/wp-json\/wp\/v2\/types\/page"}],"author":[{"embeddable":true,"href":"https:\/\/perso.atilf.fr\/gsouvay\/wp-json\/wp\/v2\/users\/19"}],"replies":[{"embeddable":true,"href":"https:\/\/perso.atilf.fr\/gsouvay\/wp-json\/wp\/v2\/comments?post=345"}],"version-history":[{"count":29,"href":"https:\/\/perso.atilf.fr\/gsouvay\/wp-json\/wp\/v2\/pages\/345\/revisions"}],"predecessor-version":[{"id":675,"href":"https:\/\/perso.atilf.fr\/gsouvay\/wp-json\/wp\/v2\/pages\/345\/revisions\/675"}],"wp:attachment":[{"href":"https:\/\/perso.atilf.fr\/gsouvay\/wp-json\/wp\/v2\/media?parent=345"}],"curies":[{"name":"wp","href":"https:\/\/api.w.org\/{rel}","templated":true}]}}