{"id":456,"date":"2020-03-11T13:00:42","date_gmt":"2020-03-11T12:00:42","guid":{"rendered":"https:\/\/perso.atilf.fr\/gsouvay\/?page_id=456"},"modified":"2020-03-11T18:09:39","modified_gmt":"2020-03-11T17:09:39","slug":"lgerm","status":"publish","type":"page","link":"https:\/\/perso.atilf.fr\/gsouvay\/lgerm","title":{"rendered":"LGeRM"},"content":{"rendered":"<h3 class='titre_gs'>LGeRM : Lemmes, Graphie et R\u00e8gles Morphologiques<\/h3>\n\n<table id=\"tablepress-14\" class=\"tablepress tablepress-id-14\">\n<tbody class=\"row-striping row-hover\">\n<tr class=\"row-1\">\n\t<td class=\"column-1\" style=\"width:20%80%;\">Description<\/td><td class=\"column-2\">Lemmatisation des \u00e9tats ancien du fran\u00e7ais (fran\u00e7ais m\u00e9di\u00e9val, pr\u00e9classique et classique)<\/td>\n<\/tr>\n<tr class=\"row-2\">\n\t<td class=\"column-1\"><\/td><td class=\"column-2\"><li \/>un lemmatiseur<br \/>\n<li \/>des lexiques morphologiques<br \/>\n<li \/>une plate-forme collaborative de lemmatisation<\/td>\n<\/tr>\n<tr class=\"row-3\">\n\t<td class=\"column-1\">Adresse<\/td><td class=\"column-2\"><a target='_blanck' href='http:\/\/www.atilf.fr\/LGeRM'>http:\/\/www.atilf.fr\/LGeRM<\/a><\/td>\n<\/tr>\n<tr class=\"row-4\">\n\t<td class=\"column-1\">Responsabilit\u00e9<\/td><td class=\"column-2\">Direction scientifique et d\u00e9veloppements informatiques<\/td>\n<\/tr>\n<\/tbody>\n<\/table>\n<!-- #tablepress-14 from cache -->\n","protected":false},"excerpt":{"rendered":"<p>LGeRM : Lemmes, Graphie et R\u00e8gles Morphologiques<\/p>\n","protected":false},"author":19,"featured_media":0,"parent":0,"menu_order":0,"comment_status":"closed","ping_status":"closed","template":"","meta":{"footnotes":""},"class_list":["post-456","page","type-page","status-publish","hentry"],"_links":{"self":[{"href":"https:\/\/perso.atilf.fr\/gsouvay\/wp-json\/wp\/v2\/pages\/456","targetHints":{"allow":["GET"]}}],"collection":[{"href":"https:\/\/perso.atilf.fr\/gsouvay\/wp-json\/wp\/v2\/pages"}],"about":[{"href":"https:\/\/perso.atilf.fr\/gsouvay\/wp-json\/wp\/v2\/types\/page"}],"author":[{"embeddable":true,"href":"https:\/\/perso.atilf.fr\/gsouvay\/wp-json\/wp\/v2\/users\/19"}],"replies":[{"embeddable":true,"href":"https:\/\/perso.atilf.fr\/gsouvay\/wp-json\/wp\/v2\/comments?post=456"}],"version-history":[{"count":6,"href":"https:\/\/perso.atilf.fr\/gsouvay\/wp-json\/wp\/v2\/pages\/456\/revisions"}],"predecessor-version":[{"id":689,"href":"https:\/\/perso.atilf.fr\/gsouvay\/wp-json\/wp\/v2\/pages\/456\/revisions\/689"}],"wp:attachment":[{"href":"https:\/\/perso.atilf.fr\/gsouvay\/wp-json\/wp\/v2\/media?parent=456"}],"curies":[{"name":"wp","href":"https:\/\/api.w.org\/{rel}","templated":true}]}}