{"id":726,"date":"2020-03-12T10:42:04","date_gmt":"2020-03-12T09:42:04","guid":{"rendered":"https:\/\/perso.atilf.fr\/gsouvay\/?page_id=726"},"modified":"2020-10-23T16:56:35","modified_gmt":"2020-10-23T15:56:35","slug":"conferences","status":"publish","type":"page","link":"https:\/\/perso.atilf.fr\/gsouvay\/conferences","title":{"rendered":"Conf\u00e9rences"},"content":{"rendered":"<h3 class=\"titre_gs\">2019<\/h3>\n<table>\n<tbody>\n<tr>\n<td><i>LGeRM des ressources pour la lemmatisation des \u00e9tats anciens du fran\u00e7ais<\/i><br \/>\n<a href=\"http:\/\/www.chartes.psl.eu\/fr\/actualite\/referentiels-lemmes-du-francais-medieval\" target=\"_blank\" rel=\"noopener noreferrer\">Journ\u00e9e R\u00e9f\u00e9rentiels de lemmes du fran\u00e7ais m\u00e9di\u00e9val<\/a><br \/>\nParis, 28 octobre 2019<\/td>\n<\/tr>\n<tr>\n<td><i>Dictionnaires informatis\u00e9s : les pratiques \u00e0 l\u2019ATILF<\/i><br \/>\n<a href=\"https:\/\/www.eke.eus\/fr\/agenda\/colloque-environnement-numerique-standardisation-des-langues-et-langue-basque\" target=\"_blank\" rel=\"noopener noreferrer\">Environnement num\u00e9rique, standardisation des langues et langue basque <\/a><br \/>\nDonostia (Saint-S\u00e9bastien), 12-13 septembre 2019<br \/>\n<a target='_blank' href=\"https:\/\/perso.atilf.fr\/gsouvay\/wp-content\/uploads\/sites\/15\/2020\/07\/Souvay_AcademieBasque_2019_09.pdf\" rel=\"noopener noreferrer\">PDF<\/a><br \/>\n<a target='_blank' href=\"https:\/\/www.youtube.com\/watch?v=wOfQ7Hr7iU0&amp;t=80s\" rel=\"noopener noreferrer\">Voir la vid\u00e9o<\/a><\/td>\n<\/tr>\n<\/tbody>\n<\/table>\n<h3 class=\"titre_gs\">2018<\/h3>\n<table>\n<tbody>\n<tr>\n<td><i>La plate-forme de lemmatisation LGeRM<\/i><br \/>\n<a href=\"https:\/\/phraseomedieval.sciencesconf.org\/\" target=\"_blank\" rel=\"noopener noreferrer\">Journ\u00e9es d\u2019\u00e9tudes : Nouvelles perspectives autour de la phras\u00e9ologie de la langue litt\u00e9raire m\u00e9di\u00e9vale<\/a><br \/>\nGrenoble, 29-30 novembre 2018<\/td>\n<\/tr>\n<\/tbody>\n<\/table>\n<h3 class=\"titre_gs\">2017<\/h3>\n<table>\n<tbody>\n<tr>\n<td><i>LGeRM : un outil de gestion des \u00e9tats anciens du fran\u00e7ais<\/i>\u00a0<br \/>\n<a href=\"https:\/\/uclouvain.be\/fr\/instituts-recherche\/ilc\/cental\/seminaires-du-cental.html\" target=\"_blank\" rel=\"noopener noreferrer\">S\u00e9minaire du SENTAL<\/a><br \/>\nUniversit\u00e9 Catholique de Louvain la neuve, 17 f\u00e9vrier 2017<br \/>\n<a href=\"https:\/\/cental.uclouvain.be\/team\/seminaires\/seminaire2016-2017\/2017.02.17_souvay_slides.pdf\" target=\"_blank\" rel=\"noopener noreferrer\">PDF<\/a><\/td>\n<\/tr>\n<\/tbody>\n<\/table>\n<h3 class=\"titre_gs\">2014<\/h3>\n<table>\n<tbody>\n<tr>\n<td>\n<i>Tr\u00e9sor de la Langue Fran\u00e7aise, FRANTEXT et autres ressources informatis\u00e9es : pr\u00e9sentation et utilisation de dictionnaires et de bases de textes d\u00e9velopp\u00e9es \u00e0 l&rsquo;ATILF<\/i><br \/>\nInstitut for Engelsk, Germansk og Romansk, Universit\u00e9 de Copenhague<br \/>\nCopenhague (Danemark), 18 mars 2014<br \/>\n<a target=\"_blank\" href='https:\/\/engerom.ku.dk\/kalender\/kalender\/2014\/souvay\/' rel=\"noopener noreferrer\">https:\/\/engerom.ku.dk\/kalender\/kalender\/2014\/souvay\/<\/a>\n<\/td>\n<\/tr>\n<\/tbody>\n<\/table>\n<h3 class=\"titre_gs\">2013<\/h3>\n<table>\n<tbody>\n<tr>\n<td>\n<i>Le Dictionnaire du Moyen Fran\u00e7ais<\/i><br \/>\nS\u00e9minaire du LiLPa<br \/>\nUniversit\u00e9 de Strasbourg<br \/>\nStrasbourg, 18 janvier 2013\n<\/td>\n<\/tr>\n<tr>\n<td>\n<i>Frantext CTLF<\/i><br \/>\nJoun\u00e9es Initiative Corpus de R\u00e9f\u00e9rence du Fran\u00e7ais 2<br \/>\nParis, 29 Mars 2013\n<\/td>\n<\/tr>\n<tr>\n<td>\n<i>Dictionnaires \u00e9lectroniques :  les pratiques \u00e0 l&rsquo;ATILF<\/i><br \/>\nConseil de la langue Corse, s\u00e9minaire de terminologie<br \/>\nCorte (France), 17-18 Avril 2013<\/td>\n<\/tr>\n<tr>\n<td>\n<i>Ressources informatis\u00e9es \u00e0 l&rsquo;ATILF. Tour d&rsquo;horizon des bases et textes et dictionnaires \u00e9lectroniques \u00e0 la disposition des chercheurs : Frantext, Tr\u00e9sor de la Langue Fran\u00e7aise informatis\u00e9, Centre National de Ressources Lexicales et Textuelles, Dictionnaire du Moyen Fran\u00e7ais, Dictionnaire \u00c9tymologique Roman&#8230;<\/i><br \/>\nUniversit\u00e9 de Corse<br \/>\nCorte (France), 19 Avril 2013\n<\/td>\n<\/tr>\n<tr>\n<td>\n<i>Dictionnaire du Moyen Fran\u00e7ais (1330-1550)<\/i><br \/>\nCOST Action Workshop :<br \/>\n\u201eMedieval Europe: Medieval Cultures and Technological Resources\u201d<br \/>\nConnecting Textual Corpora and Dictionaries<br \/>\nCracovie (Pologne), 25-26 Avril 2013\n<\/td>\n<\/tr>\n<tr>\n<td>\n<i>Frantext CTLF<\/i><br \/>\n\u00c9diter les grammaires fran\u00e7aises : probl\u00e8mes m\u00e9thodologiques et historiographiques<br \/>\n?, 1 juillet 2013\n<\/td>\n<\/tr>\n<tr>\n<td>\n<i>\u00ab\u00a0Tr\u00e9sor de la Langue Fran\u00e7aise, FRANTEXT, Dictionnaire du Moyen Fran\u00e7ais et autres ressources informatis\u00e9es : pr\u00e9sentation et utilisation de dictionnaires et de bases de textes d\u00e9velopp\u00e9es \u00e0 l&rsquo;ATILF\u00a0\u00bb<\/i><br \/>\nXXVIIe Congr\u00e8s International de Linguistique et de Philologie Romane<br \/>\nNancy, juillet 2013<br \/>\nNancy,\n<\/td>\n<\/tr>\n<tr>\n<td>\n<i>Avec la version 2012, la fin d\u2019un projet ou de nouveaux d\u00e9fis pour le DMF ?<\/i><br \/>\nSylvie Bazin, Gilles Souvay<br \/>\nXXVIIe Congr\u00e8s International de Linguistique et de Philologie Romane<br \/>\nNancy, juillet 2013\n<\/td>\n<\/tr>\n<tr>\n<td>\n<i>Dictionnaire \u00c9lectronique de Chr\u00e9tien de Troyes (D\u00c9CT) : fin et suite&#8230;<\/i><br \/>\nPierre Kunstmann, Gilles Souvay<br \/>\nXXVIIe Congr\u00e8s International de Linguistique et de Philologie Romane<br \/>\nNancy, juillet 2013\n<\/td>\n<\/tr>\n<\/tbody>\n<\/table>\n<p><!---                               2012 --><\/p>\n<h3 class=\"titre_gs\">2012<\/h3>\n<table>\n<tbody>\n<tr>\n<td>\n<i>DMF : Dictionnaire du Moyen Fran\u00e7ais (1330-1500)<\/i><br \/>\nJourn\u00e9es d\u2019\u00e9tudes : la lemmatisation du Moyen Fran\u00e7ais<br \/>\nUniversity of Liverpool<br \/>\nLiverpool (Angleterre), 15-16 octobre 2012\n<\/td>\n<\/tr>\n<tr>\n<td>\n<i>DMF : Dictionnaire du Moyen Fran\u00e7ais (1330-1500)<\/i><br \/>\n6th International Conference on Historical Lexicography and Lexicology<br \/>\nUniversit\u00e4t Jena<br \/>\nI\u00e9na (Allemagne), 25-28 juillet 2012\n<\/td>\n<\/tr>\n<\/tbody>\n<\/table>\n<h3 class=\"titre_gs\">2004<\/h3>\n<table>\n<tbody>\n<tr>\n<td>\n<i>LGeRM : un outil d&rsquo;aide \u00e0 la lemmatisation du moyen fran\u00e7ais<\/i><br \/>\n24e Congr\u00e8s International de Linguistique et de Philologie Romane<br \/>\nAberystwyth (Pays de Galles), 2-5 ao\u00fbt 2004\n<\/td>\n<\/tr>\n<\/tbody>\n<\/table>\n<h3 class=\"titre_gs\">&Agrave; compl\u00e9ter<\/h3>\n<table>\n<tbody>\n<tr>\n<td>Universit\u00e9 de Li\u00e8ge<\/td>\n<\/tr>\n<tr>\n<td>CILPR Valencia<\/td>\n<\/tr>\n<tr>\n<td>CILPR Insbruck<\/td>\n<\/tr>\n<tr>\n<td>CILPR Nancy<\/td>\n<\/tr>\n<tr>\n<td>S\u00e9minaire AND Aberystwyth<\/td>\n<\/tr>\n<tr>\n<td>ICHL Montr\u00e9al<\/td>\n<\/tr>\n<tr>\n<td>ICHL Copenhague<\/td>\n<\/tr>\n<tr>\n<td>Copenhague dictionnaire m\u00e9di\u00e9val danois<\/td>\n<\/tr>\n<tr>\n<tr>\n<td>S\u00e9minaire Montr\u00e9al<\/td>\n<\/tr>\n<tr>\n<td>Vancouver<\/td>\n<\/tr>\n<tr>\n<td>Euralex Lorient<\/td>\n<\/tr>\n<tr>\n<td>IENA\/td&gt;<br \/>\n<\/tr>\n<\/tbody>\n<\/table>\n","protected":false},"excerpt":{"rendered":"<p>2019 LGeRM des ressources pour la lemmatisation des \u00e9tats anciens du fran\u00e7ais Journ\u00e9e R\u00e9f\u00e9rentiels de lemmes du fran\u00e7ais m\u00e9di\u00e9val Paris, 28 octobre 2019 Dictionnaires informatis\u00e9s : les pratiques \u00e0 l\u2019ATILF Environnement num\u00e9rique, standardisation des langues et langue basque Donostia (Saint-S\u00e9bastien), &hellip; <a href=\"https:\/\/perso.atilf.fr\/gsouvay\/conferences\">Continuer la lecture <span class=\"meta-nav\">&rarr;<\/span><\/a><\/p>\n","protected":false},"author":19,"featured_media":0,"parent":0,"menu_order":0,"comment_status":"closed","ping_status":"closed","template":"","meta":{"footnotes":""},"class_list":["post-726","page","type-page","status-publish","hentry"],"_links":{"self":[{"href":"https:\/\/perso.atilf.fr\/gsouvay\/wp-json\/wp\/v2\/pages\/726","targetHints":{"allow":["GET"]}}],"collection":[{"href":"https:\/\/perso.atilf.fr\/gsouvay\/wp-json\/wp\/v2\/pages"}],"about":[{"href":"https:\/\/perso.atilf.fr\/gsouvay\/wp-json\/wp\/v2\/types\/page"}],"author":[{"embeddable":true,"href":"https:\/\/perso.atilf.fr\/gsouvay\/wp-json\/wp\/v2\/users\/19"}],"replies":[{"embeddable":true,"href":"https:\/\/perso.atilf.fr\/gsouvay\/wp-json\/wp\/v2\/comments?post=726"}],"version-history":[{"count":74,"href":"https:\/\/perso.atilf.fr\/gsouvay\/wp-json\/wp\/v2\/pages\/726\/revisions"}],"predecessor-version":[{"id":987,"href":"https:\/\/perso.atilf.fr\/gsouvay\/wp-json\/wp\/v2\/pages\/726\/revisions\/987"}],"wp:attachment":[{"href":"https:\/\/perso.atilf.fr\/gsouvay\/wp-json\/wp\/v2\/media?parent=726"}],"curies":[{"name":"wp","href":"https:\/\/api.w.org\/{rel}","templated":true}]}}