{"id":17,"date":"2015-06-29T13:43:37","date_gmt":"2015-06-29T12:43:37","guid":{"rendered":"https:\/\/apps.atilf.fr\/homepages\/gtoubiana\/?page_id=17"},"modified":"2025-11-06T14:25:57","modified_gmt":"2025-11-06T13:25:57","slug":"publications","status":"publish","type":"page","link":"https:\/\/perso.atilf.fr\/gtoubiana\/publications\/","title":{"rendered":"Publications"},"content":{"rendered":"<div id=\"wphal-content\"><div id=\"meta\">\n        <div class=\"display\" id=\"wphal-contact\" style=\"display: none\">\n            <h3 class=\"wphal-titre\">Contact<\/h3>\n\n            <ul id=\"wphal-cont\" style=\"list-style-type: none\"><\/ul>\n        <\/div>\n        <div class=\"display\" id=\"wphal-disciplines\" style=\"display: none\">\n            <h3 class=\"wphal-titre\">Disciplines<\/h3><\/div>\n        <div class=\"display\" id=\"wphal-keywords\" style=\"display: none\">\n            <h3 class=\"wphal-titre\">Mots-clefs<\/h3><\/div>\n        <div class=\"display\" id=\"wphal-auteurs\" style=\"display: none\">\n            <h3 class=\"wphal-titre\">Auteurs<\/h3><\/div>\n        <div class=\"display\" id=\"wphal-affiliated\" style=\"display: none\">\n            <h3 class=\"wphal-titre\">Auteurs de la structure<\/h3><\/div>\n        <div class=\"display\" id=\"wphal-revues\" style=\"display: none\">\n            <h3 class=\"wphal-titre\">Revues<\/h3><\/div>\n        <div class=\"display\" id=\"wphal-annees\" style=\"display: none\">\n            <h3 class=\"wphal-titre\">Ann\u00e9e de production<\/h3><\/div>\n        <div class=\"display\" id=\"wphal-insts\" style=\"display: none\">\n            <h3 class=\"wphal-titre\">Institutions<\/h3><\/div>\n       <div class=\"display\" id=\"wphal-labs\" style=\"display: none\">\n            <h3 class=\"wphal-titre\">Laboratoires<\/h3><\/div>\n       <div class=\"display\" id=\"wphal-depts\" style=\"display: none\">\n            <h3 class=\"wphal-titre\">D\u00e9partements<\/h3><\/div>\n       <div class=\"display\" id=\"wphal-equipes\" style=\"display: none\">\n            <h3 class=\"wphal-titre\">\u00c9quipes de recherche<\/h3><\/div>\n    <div class=\"display\" id=\"publications\"><div class=\"counter-doc\"><span class=\"wphal-nbtot\">5 <\/span>documents<\/div><br><div class=\"grp-div\"><h3 class=\"wphal-titre-groupe\">Ouvrages (y compris \u00e9dition critique et traduction)<span class=\"wphal-nbmetadata\" style=\"margin-left:10px\">1 document<\/span><\/h3><div class=\"grp-content\"><ul><li>Eva Buchi, Wolfgang Schweickard, Victor Celac, J\u00e9r\u00e9mie Delorme, Xavier Gouvert, et al. (Dir.). Dictionnaire \u00c9tymologique Roman (D\u00c9Rom) 3. Entre idioroman et protoroman. <a target=\"_blank\" href=\"https:\/\/www.degruyter.com\/view\/title\/554310?rskey=IY1J6x&amp;result=3&amp;tab_body=overview\">De Gruyter<\/a>, 2020, 978-3-11-065282-6. <a target=\"_blank\" href=\"https:\/\/shs.hal.science\/halshs-02864911v1\">&#x27E8;halshs-02864911&#x27E9;<\/a><\/li><\/ul><\/div><\/div><br><div class=\"grp-div\"><h3 class=\"wphal-titre-groupe\">Chapitres d'ouvrage<span class=\"wphal-nbmetadata\" style=\"margin-left:10px\">1 document<\/span><\/h3><div class=\"grp-content\"><ul><li>Gilles Toubiana. 2.2 L\u2019\u00e9volution de la cartographie du D\u00c9Rom. <i>Dictionnaire \u00c9tymologique Roman (D\u00c9Rom) 3<\/i>, De Gruyter, pp.261-272, 2020, <a target=\"_blank\" href=\"https:\/\/dx.doi.org\/10.1515\/9783110654264-011\">&#x27E8;10.1515\/9783110654264-011&#x27E9;<\/a>. <a target=\"_blank\" href=\"https:\/\/hal.science\/hal-02986691v1\">&#x27E8;hal-02986691&#x27E9;<\/a><\/li><\/ul><\/div><\/div><br><div class=\"grp-div\"><h3 class=\"wphal-titre-groupe\">Autres publications<span class=\"wphal-nbmetadata\" style=\"margin-left:10px\">1 document<\/span><\/h3><div class=\"grp-content\"><ul><li>Eva Buchi, Bernard Combettes, Veronika Lux-Pogodalla, B\u00e9atrice Stumpf, Gilles Toubiana, et al.. Histoire du fran\u00e7ais \u2013 frise chronologique. 2019. <a target=\"_blank\" href=\"https:\/\/hal.science\/hal-02279980v2\">&#x27E8;hal-02279980v2&#x27E9;<\/a><\/li><\/ul><\/div><\/div><br><div class=\"grp-div\"><h3 class=\"wphal-titre-groupe\">Rapports<span class=\"wphal-nbmetadata\" style=\"margin-left:10px\">2 document<\/span><\/h3><div class=\"grp-content\"><ul><li>Veronika Lux-Pogodalla, Gr\u00e9gory Miras, Clara Cousinard, Maud Ciekanski, S\u00e9verine Behra, et al.. Organiser un \u00e9v\u00e9nement scientifique \u00e9co-responsable. Petit manuel pratique \u00e0 l'usage des organisateurs et organisatrices acad\u00e9miques. ATILF; CNRS; Universit\u00e9 de Lorraine; Association fran\u00e7aise de linguistique appliqu\u00e9e. 2025, https:\/\/www.atilf.fr\/laboratoire\/documents-a-telecharger\/petit-manuel-pratique-a-lusage-des-organisateurs-et-organisatrices-academiques\/. <a target=\"_blank\" href=\"https:\/\/hal.science\/hal-05176137v1\">&#x27E8;hal-05176137&#x27E9;<\/a><\/li><li>Gr\u00e9gory Miras, Veronika Lux-Pogodalla, Clara Cousinard, Maud Ciekanski, S\u00e9verine Behra, et al.. Making scientific events more sustainable. Association fran\u00e7aise de linguistique appliqu\u00e9e; ATILF; CNRS; Universit\u00e9 de Lorraine. 2025. <a target=\"_blank\" href=\"https:\/\/hal.science\/hal-05349620v1\">&#x27E8;hal-05349620&#x27E9;<\/a><\/li><\/ul><\/div><\/div><br><\/div>\n    <\/div>\n<\/div><div class=\"wphal-footer\"><p style=\"color:#B3B2B0\">Documents r\u00e9cup\u00e9r\u00e9s de l'archive ouverte HAL&nbsp;<a href=\"https:\/\/hal.science\/\" target=\"_blank\"><img decoding=\"async\" alt=\"logo\" src=\"https:\/\/perso.atilf.fr\/gtoubiana\/wp-content\/plugins\/hal\/img\/logo-hal.png\" style=\"width:90px\"><\/a><\/p><\/div>\n","protected":false},"excerpt":{"rendered":"","protected":false},"author":1,"featured_media":0,"parent":0,"menu_order":0,"comment_status":"closed","ping_status":"closed","template":"","meta":{"footnotes":""},"class_list":["post-17","page","type-page","status-publish","hentry"],"_links":{"self":[{"href":"https:\/\/perso.atilf.fr\/gtoubiana\/wp-json\/wp\/v2\/pages\/17","targetHints":{"allow":["GET"]}}],"collection":[{"href":"https:\/\/perso.atilf.fr\/gtoubiana\/wp-json\/wp\/v2\/pages"}],"about":[{"href":"https:\/\/perso.atilf.fr\/gtoubiana\/wp-json\/wp\/v2\/types\/page"}],"author":[{"embeddable":true,"href":"https:\/\/perso.atilf.fr\/gtoubiana\/wp-json\/wp\/v2\/users\/1"}],"replies":[{"embeddable":true,"href":"https:\/\/perso.atilf.fr\/gtoubiana\/wp-json\/wp\/v2\/comments?post=17"}],"version-history":[{"count":22,"href":"https:\/\/perso.atilf.fr\/gtoubiana\/wp-json\/wp\/v2\/pages\/17\/revisions"}],"predecessor-version":[{"id":805,"href":"https:\/\/perso.atilf.fr\/gtoubiana\/wp-json\/wp\/v2\/pages\/17\/revisions\/805"}],"wp:attachment":[{"href":"https:\/\/perso.atilf.fr\/gtoubiana\/wp-json\/wp\/v2\/media?parent=17"}],"curies":[{"name":"wp","href":"https:\/\/api.w.org\/{rel}","templated":true}]}}