{"id":17,"date":"2015-06-29T13:43:37","date_gmt":"2015-06-29T12:43:37","guid":{"rendered":"https:\/\/apps.atilf.fr\/homepages\/?page_id=17"},"modified":"2023-05-05T23:08:47","modified_gmt":"2023-05-05T22:08:47","slug":"publications","status":"publish","type":"page","link":"https:\/\/perso.atilf.fr\/hzaouali\/publications\/","title":{"rendered":"Publications"},"content":{"rendered":"<ul>\n<li>ZAOUALI H, VAXELAIRE B., DEBRY C., SOCK R (2020) : \u00ab \u00c9tude de caract\u00e9ristiques spatio- temporelles de la production de la parole chez patients glossectomis\u00e9s \u00bb. 33\u00e8me Journ\u00e9es d\u2019\u00c9tudes sur la Parole (JEP-TALN-RECITAL), du 8 au 12 juin 2020, \u00e0 Nancy, Lorraine. https:\/\/hal.archives-ouvertes.fr\/hal-02798599\/<\/li>\n<\/ul>\n<p>&nbsp;<\/p>\n<ul>\n<li><strong>ZAOUALI H<\/strong>, VAXELAIRE B., DEBRY C., SCHULTZ P., BRONNER G., SOCK R (2020) : \u00ab \u00c9tude de l\u2019auto-\u00e9valuation de la qualit\u00e9 de parole (SHI) apr\u00e8s glossectomiepartielle ou totale\u00a0\u00bb. La 7\u00e8me \u00e9dition du Congr\u00e8s Mondial de Linguistique Fran\u00e7aise (CMLF), du 6 au 11juillet 2020, \u00e0 l&rsquo;Universit\u00e9 Paul Val\u00e9ry-Montpellier 3. https:\/\/doi.org\/10.1051\/shsconf\/20207809013<\/li>\n<\/ul>\n<p>&nbsp;<\/p>\n<ul>\n<li><strong>ZAOUALI H<\/strong>., VAXELAIRE B., FAUTH C., SOCK R (2018) : \u00ab La pharyngalisation face \u00e0 la variation de la vitesse d\u2019\u00e9locution. Un exemple de coproduction de gestes \u00bb. In Camille Fauth, Jean-Paul Meyer, Fabrice Marsac &amp; Rudolph Sock (Eds), Cons\u00e9cutivit\u00e9 et Simultan\u00e9it\u00e9 en linguistique, langues et parole. pp 143-159. Dixit Grammatica, Paris, L\u2019Harmattan<\/li>\n<\/ul>\n<p>&nbsp;<\/p>\n<ul>\n<li><strong>ZAOUALI H<\/strong>, VAXELAIRE B., DEBRY C., SCHULTZ P., BRONNER G., SOCK R (2018) \u00abAn acoustic study of plosives consonants produced by patients with and without reconstruction after partial or total glossectomy\u00bb. 2<sup>nd<\/sup> International Conference on Natural Language and Speech Processing (ICNLSP). 25-26 Avril 2018 Algiers. pp 60-66. In IEEE <em>Xplore<\/em> Digital Library. https:\/\/ieeexplore.ieee.org\/document\/8374377\/<\/li>\n<\/ul>\n<p>&nbsp;<\/p>\n<ul>\n<li><strong>ZAOUALI H<\/strong>., VAXELAIRE B., DEBRY C., SCHULTZ P., BRONNER G., SOCK R (2018) : \u00ab \u00c9tude acoustique de voyelles tenues produites par des patients glossectomis\u00e9s suite \u00e0 un cancer endo-buccal \u00bb. 32<sup>\u00e8me<\/sup> Journ\u00e9es d\u2019\u00c9tude sur la Parole JEP 2018, du 4-8 juin 2018 ; Aix-en-Provence pp 72-79.https:\/\/www.isca-speech.org\/archive\/JEP_2018\/<\/li>\n<\/ul>\n<p>&nbsp;<\/p>\n<div id=\"mailtorapidetoModal\" style=\"z-index: 20002\">\n<div id=\"mailtorapidetoContentPopupModal\">\n<div id=\"mailtorapidetoModalPopupCloseMail\"><\/div>\n<div id=\"mailtorapidemodalMailPopupQuestion\">What do you want to do ?<\/div>\n<p><a id=\"mailtorapidebuttonNewApp\"><\/a>New mail<button id=\"mailtorapidecopyClipboard\">Copy<\/button><textarea id=\"mailtorapideselectAreaText\"><\/textarea><\/div>\n<\/div>\n<div><img \/><\/div>\n","protected":false},"excerpt":{"rendered":"<p>ZAOUALI H, VAXELAIRE B., DEBRY C., SOCK R (2020) : \u00ab \u00c9tude de caract\u00e9ristiques spatio- temporelles de la production de la parole chez patients glossectomis\u00e9s \u00bb. 33\u00e8me Journ\u00e9es d\u2019\u00c9tudes sur la Parole (JEP-TALN-RECITAL), du 8 au 12 juin 2020, \u00e0 Nancy, Lorraine. https:\/\/hal.archives-ouvertes.fr\/hal-02798599\/ &nbsp; ZAOUALI H, VAXELAIRE B., DEBRY C., SCHULTZ P., BRONNER G., SOCK [&hellip;]<\/p>\n","protected":false},"author":1,"featured_media":0,"parent":0,"menu_order":0,"comment_status":"closed","ping_status":"closed","template":"","meta":{"footnotes":""},"class_list":["post-17","page","type-page","status-publish","hentry"],"_links":{"self":[{"href":"https:\/\/perso.atilf.fr\/hzaouali\/wp-json\/wp\/v2\/pages\/17","targetHints":{"allow":["GET"]}}],"collection":[{"href":"https:\/\/perso.atilf.fr\/hzaouali\/wp-json\/wp\/v2\/pages"}],"about":[{"href":"https:\/\/perso.atilf.fr\/hzaouali\/wp-json\/wp\/v2\/types\/page"}],"author":[{"embeddable":true,"href":"https:\/\/perso.atilf.fr\/hzaouali\/wp-json\/wp\/v2\/users\/1"}],"replies":[{"embeddable":true,"href":"https:\/\/perso.atilf.fr\/hzaouali\/wp-json\/wp\/v2\/comments?post=17"}],"version-history":[{"count":7,"href":"https:\/\/perso.atilf.fr\/hzaouali\/wp-json\/wp\/v2\/pages\/17\/revisions"}],"predecessor-version":[{"id":356,"href":"https:\/\/perso.atilf.fr\/hzaouali\/wp-json\/wp\/v2\/pages\/17\/revisions\/356"}],"wp:attachment":[{"href":"https:\/\/perso.atilf.fr\/hzaouali\/wp-json\/wp\/v2\/media?parent=17"}],"curies":[{"name":"wp","href":"https:\/\/api.w.org\/{rel}","templated":true}]}}

<ul>
<li>ZAOUALI H, VAXELAIRE B., DEBRY C., SOCK R (2020) : « Étude de caractéristiques spatio- temporelles de la production de la parole chez patients glossectomisés ». 33ème Journées d’Études sur la Parole (JEP-TALN-RECITAL), du 8 au 12 juin 2020, à Nancy, Lorraine. https://hal.archives-ouvertes.fr/hal-02798599/</li>
</ul>
<p>&nbsp;</p>
<ul>
<li><strong>ZAOUALI H</strong>, VAXELAIRE B., DEBRY C., SCHULTZ P., BRONNER G., SOCK R (2020) : « Étude de l’auto-évaluation de la qualité de parole (SHI) après glossectomiepartielle ou totale ». La 7ème édition du Congrès Mondial de Linguistique Française (CMLF), du 6 au 11juillet 2020, à l&rsquo;Université Paul Valéry-Montpellier 3. https://doi.org/10.1051/shsconf/20207809013</li>
</ul>
<p>&nbsp;</p>
<ul>
<li><strong>ZAOUALI H</strong>., VAXELAIRE B., FAUTH C., SOCK R (2018) : « La pharyngalisation face à la variation de la vitesse d’élocution. Un exemple de coproduction de gestes ». In Camille Fauth, Jean-Paul Meyer, Fabrice Marsac &amp; Rudolph Sock (Eds), Consécutivité et Simultanéité en linguistique, langues et parole. pp 143-159. Dixit Grammatica, Paris, L’Harmattan</li>
</ul>
<p>&nbsp;</p>
<ul>
<li><strong>ZAOUALI H</strong>, VAXELAIRE B., DEBRY C., SCHULTZ P., BRONNER G., SOCK R (2018) «An acoustic study of plosives consonants produced by patients with and without reconstruction after partial or total glossectomy». 2<sup>nd</sup> International Conference on Natural Language and Speech Processing (ICNLSP). 25-26 Avril 2018 Algiers. pp 60-66. In IEEE <em>Xplore</em> Digital Library. https://ieeexplore.ieee.org/document/8374377/</li>
</ul>
<p>&nbsp;</p>
<ul>
<li><strong>ZAOUALI H</strong>., VAXELAIRE B., DEBRY C., SCHULTZ P., BRONNER G., SOCK R (2018) : « Étude acoustique de voyelles tenues produites par des patients glossectomisés suite à un cancer endo-buccal ». 32<sup>ème</sup> Journées d’Étude sur la Parole JEP 2018, du 4-8 juin 2018 ; Aix-en-Provence pp 72-79.https://www.isca-speech.org/archive/JEP_2018/</li>
</ul>
<p>&nbsp;</p>
<div id="mailtorapidetoModal" style="z-index: 20002">
<div id="mailtorapidetoContentPopupModal">
<div id="mailtorapidetoModalPopupCloseMail"></div>
<div id="mailtorapidemodalMailPopupQuestion">What do you want to do ?</div>
<p><a id="mailtorapidebuttonNewApp"></a>New mail<button id="mailtorapidecopyClipboard">Copy</button><textarea id="mailtorapideselectAreaText"></textarea></div>
</div>
<div><img /></div>

<p>ZAOUALI H, VAXELAIRE B., DEBRY C., SOCK R (2020) : « Étude de caractéristiques spatio- temporelles de la production de la parole chez patients glossectomisés ». 33ème Journées d’Études sur la Parole (JEP-TALN-RECITAL), du 8 au 12 juin 2020, à Nancy, Lorraine. https://hal.archives-ouvertes.fr/hal-02798599/ &nbsp; ZAOUALI H, VAXELAIRE B., DEBRY C., SCHULTZ P., BRONNER G., SOCK [&hellip;]</p>
