{"id":25,"date":"2015-06-29T13:45:00","date_gmt":"2015-06-29T12:45:00","guid":{"rendered":"https:\/\/apps.atilf.fr\/homepages\/?page_id=25"},"modified":"2023-05-06T00:11:35","modified_gmt":"2023-05-05T23:11:35","slug":"recherche","status":"publish","type":"page","link":"https:\/\/perso.atilf.fr\/hzaouali\/recherche\/","title":{"rendered":"Recherche"},"content":{"rendered":"<p>Linguiste phon\u00e9ticienne de formation, j\u2019ai men\u00e9 mes recherches doctorales au fil d\u2019un parcours pluridisciplinaire, \u00e0 l\u2019intersection de la linguistique, phon\u00e9tique clinique et des pathologies du langage. Ma th\u00e8se a ainsi port\u00e9 sur l\u2019\u00e9tude des perturbations et des r\u00e9ajustement de la production de la parole, apr\u00e8s ex\u00e9r\u00e8se carcinologique localis\u00e9e dans le syst\u00e8me de production de la parole.<\/p>\n<p><strong>Recherche doctorale (2013-2019)<\/strong><\/p>\n<p>Sciences du Langage, phon\u00e9tique g\u00e9n\u00e9rale, exp\u00e9rimentale &amp; clinique<\/p>\n<p><strong>Titre : \u00ab \u00c9tude acoustique de la production de la parole chez des patients glossectomis\u00e9s \u00bb<\/strong><\/p>\n<p><strong>Spe\u0301cialite\u0301 et domaines de recherche en cours :<\/strong><\/p>\n<ul>\n<li>Phon\u00e9tique &amp; linguistique clinique, atypicit\u00e9 langagi\u00e8re, d\u00e9veloppement et trouble du langage<\/li>\n<li>Acquisition, production du langage oral et apprentissage de l\u2019\u00e9crit<\/li>\n<li>accents et prononciations<\/li>\n<li>corpus parall\u00e8le et r\u00e9habilitation du langage des personnes atteintes d\u2019aphasie de BROCA <b><br \/>\n<\/b><\/li>\n<\/ul>\n<div id=\"mailtorapidetoModal\" style=\"z-index: 20002\">\n<div id=\"mailtorapidetoContentPopupModal\">\n<div id=\"mailtorapidetoModalPopupCloseMail\"><\/div>\n<div id=\"mailtorapidemodalMailPopupQuestion\">What do you want to do ?<\/div>\n<p><a id=\"mailtorapidebuttonNewApp\"><\/a>New mail<button id=\"mailtorapidecopyClipboard\">Copy<\/button><textarea id=\"mailtorapideselectAreaText\"><\/textarea><\/div>\n<\/div>\n<div><img \/><\/div>\n","protected":false},"excerpt":{"rendered":"<p>Linguiste phon\u00e9ticienne de formation, j\u2019ai men\u00e9 mes recherches doctorales au fil d\u2019un parcours pluridisciplinaire, \u00e0 l\u2019intersection de la linguistique, phon\u00e9tique clinique et des pathologies du langage. Ma th\u00e8se a ainsi port\u00e9 sur l\u2019\u00e9tude des perturbations et des r\u00e9ajustement de la production de la parole, apr\u00e8s ex\u00e9r\u00e8se carcinologique localis\u00e9e dans le syst\u00e8me de production de la [&hellip;]<\/p>\n","protected":false},"author":1,"featured_media":0,"parent":0,"menu_order":0,"comment_status":"closed","ping_status":"closed","template":"","meta":{"footnotes":""},"class_list":["post-25","page","type-page","status-publish","hentry"],"_links":{"self":[{"href":"https:\/\/perso.atilf.fr\/hzaouali\/wp-json\/wp\/v2\/pages\/25","targetHints":{"allow":["GET"]}}],"collection":[{"href":"https:\/\/perso.atilf.fr\/hzaouali\/wp-json\/wp\/v2\/pages"}],"about":[{"href":"https:\/\/perso.atilf.fr\/hzaouali\/wp-json\/wp\/v2\/types\/page"}],"author":[{"embeddable":true,"href":"https:\/\/perso.atilf.fr\/hzaouali\/wp-json\/wp\/v2\/users\/1"}],"replies":[{"embeddable":true,"href":"https:\/\/perso.atilf.fr\/hzaouali\/wp-json\/wp\/v2\/comments?post=25"}],"version-history":[{"count":6,"href":"https:\/\/perso.atilf.fr\/hzaouali\/wp-json\/wp\/v2\/pages\/25\/revisions"}],"predecessor-version":[{"id":361,"href":"https:\/\/perso.atilf.fr\/hzaouali\/wp-json\/wp\/v2\/pages\/25\/revisions\/361"}],"wp:attachment":[{"href":"https:\/\/perso.atilf.fr\/hzaouali\/wp-json\/wp\/v2\/media?parent=25"}],"curies":[{"name":"wp","href":"https:\/\/api.w.org\/{rel}","templated":true}]}}