{"id":21,"date":"2015-06-29T13:44:07","date_gmt":"2015-06-29T12:44:07","guid":{"rendered":"https:\/\/apps.atilf.fr\/homepages\/?page_id=21"},"modified":"2025-04-26T14:21:30","modified_gmt":"2025-04-26T13:21:30","slug":"science-popularization","status":"publish","type":"page","link":"https:\/\/perso.atilf.fr\/ibuhnila\/science-popularization\/","title":{"rendered":"Science Popularization"},"content":{"rendered":"<h4><strong><span style=\"text-decoration: underline\">Public Speaker<\/span><\/strong><\/h4>\n<ol>\n<li>\n<h5>Buhnila Ioana. (2024). L&rsquo;IA peut-elle nous aider \u00e0 \u00eatre en meilleure sant\u00e9 ? <em><a href=\"https:\/\/pintofscience.com\/\" target=\"_blank\" rel=\"noopener\">Pint of Science<\/a>, Global Science Festival, Strasbourg<\/em>. <a href=\"https:\/\/pintofscience.fr\/event\/quia-t-il-docteur\">https:\/\/pintofscience.fr\/event\/quia-t-il-docteur<\/a><\/h5>\n<\/li>\n<li>\n<h5>Buhnila Ioana. (2023). Les IA, les \u00e9crivaines de demain ? <em><a href=\"https:\/\/pintofscience.com\/\" target=\"_blank\" rel=\"noopener\">Pint of Science<\/a>, Global Science Festival, Strasbourg<\/em>. <a href=\"https:\/\/pintofscience.fr\/event\/les-ias-revent-elle-de-moutons-digitaux\" target=\"_blank\" rel=\"noopener\">https:\/\/pintofscience.fr\/event\/les-ias-revent-elle-de-moutons-digitaux<\/a><\/h5>\n<\/li>\n<li>\n<h5>Buhnila Ioana. (2022). Les IA parlent-elles vraiment les m\u00eames langues que nous ? <em><a href=\"https:\/\/numerique-en-communs.fr\/nec-strasbourg\/\" target=\"_blank\" rel=\"noopener\">Journ\u00e9e Num\u00e9rique en Commun (NEC)<\/a>, science popularization event organized by Strasbourg Eurometropolis <\/em>.<\/h5>\n<\/li>\n<li>\n<h5>Buhnila Ioana. (2022). Les IA qui nous parlent : assistants vocaux ou assistantes vocales ? Dis Siri, est-ce que tu m\u00e8me ? <em><a href=\"https:\/\/pintofscience.com\/\" target=\"_blank\" rel=\"noopener\">Pint of Science<\/a>, Global Science Festival, Strasbourg<\/em>. <a href=\"https:\/\/pintofscience.fr\/event\/dis-siri-est-ce-que-tu-meme\" target=\"_blank\" rel=\"noopener\">https:\/\/pintofscience.fr\/event\/dis-siri-est-ce-que-tu-meme<\/a><\/h5>\n<\/li>\n<li>\n<h5>Buhnila Ioana. (2022). Dans quelle langue parlent les intelligences artificielles ? Cultural Center CASF, Bischwiller, March 10, 2022. <a href=\"https:\/\/www.facebook.com\/events\/casf-bischwiller\/conf%C3%A9rence-d%C3%A9bat-sur-lintelligence-artificielle\/403955204830339\/\" target=\"_blank\" rel=\"noopener\">https:\/\/www.facebook.com\/events\/casf-bischwiller\/conf%C3%A9rence-d%C3%A9bat-sur-lintelligence-artificielle\/403955204830339\/<\/a><\/h5>\n<\/li>\n<li>\n<h5>Buhnila Ioana. (2021). Quelle est la langue de l\u2019intelligence artificielle ?<em> EST&rsquo;ival des Sciences organized by Association Communicasciences, July 9, 2021, Haguenau. <\/em><a href=\"https:\/\/www.dna.fr\/science-et-technologie\/2021\/07\/06\/est-ival-ia-et-seismes\" target=\"_blank\" rel=\"noopener\">https:\/\/www.dna.fr\/science-et-technologie\/2021\/07\/06\/est-ival-ia-et-seismes<\/a><\/h5>\n<\/li>\n<li>\n<h5>Buhnila Ioana. (2019). Comment parle-t-elle l&rsquo;intelligence artificielle ? Nom de code : IA. <em><a href=\"https:\/\/pintofscience.com\/\" target=\"_blank\" rel=\"noopener\">Pint of Science<\/a>, Global Science Festival, Strasbourg<\/em>. <a href=\"https:\/\/pintofscience.fr\/event\/nom-de-code--ia-\" target=\"_blank\" rel=\"noopener\">https:\/\/pintofscience.fr\/event\/nom-de-code&#8211;ia-<\/a><\/h5>\n<\/li>\n<\/ol>\n<h4><strong><span style=\"text-decoration: underline\">Popularization Article<\/span><\/strong><\/h4>\n<ul>\n<li>\n<h5>Buhnila Ioana. (2019). L\u2019intelligence artificielle cherche ses mots. Savoirs Magazine, Universit\u00e9 de Strasbourg. Interview by Edern App\u00e9r\u00e9, chief journalist at the University of Strasbourg. <a href=\"https:\/\/savoirs-archives.unistra.fr\/vivre-ensemble\/quel-statut-pour-les-ia-et-ce-quelles-produisent\/lintelligence-artificielle-cherche-ses-mots\" target=\"_blank\" rel=\"noopener\">https:\/\/savoirs-archives.unistra.fr\/vivre-ensemble\/quel-statut-pour-les-ia-et-ce-quelles-produisent\/lintelligence-artificielle-cherche-ses-mots <\/a><\/h5>\n<\/li>\n<\/ul>\n","protected":false},"excerpt":{"rendered":"<p>Public Speaker Buhnila Ioana. (2024). L&rsquo;IA peut-elle nous aider \u00e0 \u00eatre en meilleure sant\u00e9 ? Pint of Science, Global Science Festival, Strasbourg. https:\/\/pintofscience.fr\/event\/quia-t-il-docteur Buhnila Ioana. (2023). Les IA, les \u00e9crivaines de demain ? Pint of Science, Global Science Festival, Strasbourg. https:\/\/pintofscience.fr\/event\/les-ias-revent-elle-de-moutons-digitaux Buhnila Ioana. (2022). Les IA parlent-elles vraiment les m\u00eames langues que nous ? Journ\u00e9e [&hellip;]<\/p>\n","protected":false},"author":1,"featured_media":0,"parent":0,"menu_order":0,"comment_status":"closed","ping_status":"closed","template":"","meta":{"footnotes":""},"class_list":["post-21","page","type-page","status-publish","hentry"],"_links":{"self":[{"href":"https:\/\/perso.atilf.fr\/ibuhnila\/wp-json\/wp\/v2\/pages\/21","targetHints":{"allow":["GET"]}}],"collection":[{"href":"https:\/\/perso.atilf.fr\/ibuhnila\/wp-json\/wp\/v2\/pages"}],"about":[{"href":"https:\/\/perso.atilf.fr\/ibuhnila\/wp-json\/wp\/v2\/types\/page"}],"author":[{"embeddable":true,"href":"https:\/\/perso.atilf.fr\/ibuhnila\/wp-json\/wp\/v2\/users\/1"}],"replies":[{"embeddable":true,"href":"https:\/\/perso.atilf.fr\/ibuhnila\/wp-json\/wp\/v2\/comments?post=21"}],"version-history":[{"count":15,"href":"https:\/\/perso.atilf.fr\/ibuhnila\/wp-json\/wp\/v2\/pages\/21\/revisions"}],"predecessor-version":[{"id":584,"href":"https:\/\/perso.atilf.fr\/ibuhnila\/wp-json\/wp\/v2\/pages\/21\/revisions\/584"}],"wp:attachment":[{"href":"https:\/\/perso.atilf.fr\/ibuhnila\/wp-json\/wp\/v2\/media?parent=21"}],"curies":[{"name":"wp","href":"https:\/\/api.w.org\/{rel}","templated":true}]}}