{"id":35,"date":"2015-06-29T13:47:31","date_gmt":"2015-06-29T12:47:31","guid":{"rendered":"https:\/\/apps.atilf.fr\/homepages\/?page_id=35"},"modified":"2025-12-02T11:44:32","modified_gmt":"2025-12-02T10:44:32","slug":"accueil","status":"publish","type":"page","link":"https:\/\/perso.atilf.fr\/ifeldhausen\/","title":{"rendered":"Accueil"},"content":{"rendered":"<p style=\"text-align: left\"><span style=\"text-decoration: underline\"><strong>Fonctions<\/strong><\/span><\/p>\n\n<table id=\"tablepress-3\" class=\"tablepress tablepress-id-3\">\n<tbody class=\"row-striping row-hover\">\n<tr class=\"row-1\">\n\t<td class=\"column-1\"><a href=\"https:\/\/perso.atilf.fr\/ifeldhausen\/wp-content\/uploads\/2015\/06\/imgres.png\"><img loading=\"lazy\" decoding=\"async\" src=\"https:\/\/perso.atilf.fr\/ifeldhausen\/wp-content\/uploads\/sites\/93\/2020\/10\/Foto_Feldhausen_CV__IMG_6582_supersmall.png\" alt=\"nophoto\" width=\"151\" height=\"210\" class=\"alignleft size-full wp-image-115\" \/><\/a><\/td><td class=\"column-2\">Professeur des Universit\u00e9s<br \/>\n(Linguistique et Didactique de langues)<br \/>\n<br \/>\nATILF (UMR 7118), CNRS-Universit\u00e9 de Lorraine (Nancy)<br \/>\nUFR Sciences Humaines et Sociales, Universit\u00e9 de Lorraine (Nancy)<br \/>\n<br \/>\n- Directeur fran\u00e7ais de l'<a href=\"https:\/\/www.emlex.phil.fau.eu\/\">European Master in Lexicography<\/a> (EMLex)<br \/>\n- R\u00e9dacteur en chef (Editor-in-chief) de la <a href=\"https:\/\/www.degruyter.com\/journal\/key\/zfsw\/html\">Zeitschrift f\u00fcr Sprachwissenschaft - Journal of the Linguistic Society of Germany <\/a>(ZS)<br \/>\n- Membre du conseil \u00e9ditorial des revues <a href=\"https:\/\/benjamins.com\/catalog\/pl\">Pedagogical Linguistics<\/a> (PL) et <a href=\"https:\/\/ojs.ub.rub.de\/index.php\/ZfK\/index\">Zeitschrift f\u00fcr Katalanistik<\/a> (ZfK)<br \/>\n- Membre du conseil \u00e9ditorial de la s\u00e9rie de livres <a href=\"https:\/\/langsci-press.org\/catalog\/series\/cib\">Current Issues in Bilingualism<\/a> (CIB)<br \/>\n- Expert pour la <a href=\"https:\/\/www.dfg.de\/en\/index.jsp\">DFG<\/a> (SFB\/CRC, Emmy Noether, Sachbeihilfe)<br \/>\n- Chercheur principal (PI) du projet <a href=\"https:\/\/anr.fr\/en\/call-for-proposals-details\/call\/franco-german-call-for-proposals-in-social-sciences-and-humanities-fral-2025\/\">ANR-DFG (FRAL 2025)<\/a> \u00ab PROSOFLIP - French-German L2 Prosody: from the Lab into Practice. Phonetics, Second Language Acquisition, Language Pedagogy \u00bb (dur\u00e9e 2026-2029)<\/td>\n<\/tr>\n<\/tbody>\n<\/table>\n<!-- #tablepress-3 from cache -->\n<p><span style=\"text-decoration: underline\"><strong>Coordonn\u00e9es au laboratoire ATILF<\/strong><\/span><\/p>\n\n<table id=\"tablepress-4\" class=\"tablepress tablepress-id-4\">\n<tbody class=\"row-striping\">\n<tr class=\"row-1\">\n\t<td class=\"column-1\">ORCID<\/td><td class=\"column-2\"><div><a href=\"https:\/\/orcid.org\/0000-0002-5475-1630\" target=\"orcid.widget\" rel=\"me noopener noreferrer\" style=\"vertical-align:top\"><img decoding=\"async\" src=\"https:\/\/orcid.org\/sites\/default\/files\/images\/orcid_16x16.png\" style=\"width:1em;margin-right:.5em\" alt=\"ORCID iD icon\">https:\/\/orcid.org\/0000-0002-5475-1630<\/a><\/div><\/td>\n<\/tr>\n<tr class=\"row-2\">\n\t<td class=\"column-1\">\u00c9quipe<\/td><td class=\"column-2\"><a href=\"https:\/\/www.atilf.fr\/recherche\/equipes\/discours\/\" rel=\"noopener noreferrer\" target=\"_blank\">Discours<\/a><\/td>\n<\/tr>\n<tr class=\"row-3\">\n\t<td class=\"column-1\">Courriel<\/td><td class=\"column-2\"><a href=\"mailto:ingo.feldhausen@univ-lorraine.fr\">ingo.feldhausen[at]univ-lorraine.fr<\/a><\/td>\n<\/tr>\n<tr class=\"row-4\">\n\t<td class=\"column-1\">T\u00e9l\u00e9phone<\/td><td class=\"column-2\">+33 (0)3 54 50 53 39<\/td>\n<\/tr>\n<tr class=\"row-5\">\n\t<td class=\"column-1\">T\u00e9l\u00e9copie<\/td><td class=\"column-2\">+33 (0)3 83 97 24 56<\/td>\n<\/tr>\n<tr class=\"row-6\">\n\t<td class=\"column-1\">Lieu<\/td><td class=\"column-2\">Bureau 017 - rez-de-chauss\u00e9e - <a href=\"https:\/\/www.atilf.fr\/\" target=\"_blank\" rel=\"noopener noreferrer\">B\u00e2timent CNRS<\/a><\/td>\n<\/tr>\n<tr class=\"row-7\">\n\t<td class=\"column-1\">Adresse<\/td><td class=\"column-2\">ATILF (CNRS &amp; Universit\u00e9 de Lorraine) <br \/>\n44, avenue de la Lib\u00e9ration <br \/>\nB.P. 30687 <br \/>\n54063 Nancy Cedex<\/td>\n<\/tr>\n<\/tbody>\n<\/table>\n<!-- #tablepress-4 from cache -->\n<p><span style=\"text-decoration: underline\"><strong>Coordonn\u00e9es au d\u00e9partement SdL (UFR SHS)<br \/>\n<\/strong><\/span><\/p>\n\n<table id=\"tablepress-5\" class=\"tablepress tablepress-id-5\">\n<tbody class=\"row-striping row-hover\">\n<tr class=\"row-1\">\n\t<td class=\"column-1\">Courriel<\/td><td class=\"column-2\"><a href=\"mailto:ingo.feldhausen@univ-lorraine.fr\">ingo.feldhausen[at]univ-lorraine.fr<\/a><\/td>\n<\/tr>\n<tr class=\"row-2\">\n\t<td class=\"column-1\">T\u00e9l\u00e9phone<\/td><td class=\"column-2\">+33 (0) xx xx<\/td>\n<\/tr>\n<tr class=\"row-3\">\n\t<td class=\"column-1\">Lieu<\/td><td class=\"column-2\">Bureau B225 - 2\u00e8me \u00e9tage - B\u00e2timent B<\/td>\n<\/tr>\n<tr class=\"row-4\">\n\t<td class=\"column-1\">Adresse<\/td><td class=\"column-2\">Campus Lettres et Sciences Humaines<br \/>\nD\u00e9partement Sciences du Langage<br \/>\n23 Boulevard Albert 1er<br \/>\n54000 Nancy (France)<\/td>\n<\/tr>\n<\/tbody>\n<\/table>\n<!-- #tablepress-5 from cache -->\n<p>&nbsp;<\/p>\n<p><strong>Interviewed by the <em>German Linguistic Society<\/em><\/strong> (DGfS, 02\/2021, interview in German): <a href=\"https:\/\/dgfs.de\/de\/themen2\/linguist-im-fokus-ingo-feldhausen.html\" target=\"_blank\" rel=\"noopener noreferrer\">here<\/a><\/p>\n<p>&nbsp;<\/p>\n<p style=\"text-align: left\"><span style=\"text-decoration: underline\"><strong>Pr\u00e9sentation<\/strong><\/span><\/p>\n<p>Ingo Feldhausen is full professor of Linguistics and Language Didactics at the <em>Universit\u00e9 de Lorraine \/ ATILF<\/em> in Nancy (France). He obtained his habilitation (postdoctoral dissertation) in 2015 with a thesis on individual variation in intonation in Spanish in the <em>Department of Romance Languages<\/em> at the <em>Goethe-Universit\u00e4t Frankfurt<\/em> (Germany). He has held post-doc positions in Frankfurt\/Main and Paris (<em>Sorbonne Nouvelle <\/em>&amp; <em>Paris Diderot<\/em>) and has carried out various research trips in Argentina and Catalonia\/Spain. In 2008, he defended his Ph.D. thesis on the syntax-phonology interface at the <em>University of Potsdam<\/em> (Germany). He is editor-in-chief of the \u00ab\u00a0Zeitschrift f\u00fcr Sprachwissenschaft &#8211; Journal of the Linguistic Society of Germany\u00a0\u00bb (de Gruyter) and a member of the editorial board of the journals \u00ab\u00a0Pedagogical Linguistics\u00a0\u00bb (John Benjamins) and \u00ab\u00a0Zeitschrift f\u00fcr Katalanistik\u00a0\u00bb (OJS). He is one of the principal investigators of the ANR-DFG project \u201cPROSOFLIP &#8211; French-German L2 Prosody: from the Lab into Practice. Phonetics, Second Language Acquisition, Language Pedagogy\u201d (duration 2026-2029).<\/p>\n<p><strong>Research:<\/strong> His research combines empirical\/experimental methods and theoretical explanation, focusing mainly on Romance languages such as Spanish, French, Catalan, Italian, and Portuguese. Questions guiding his research include:<\/p>\n<ul>\n<li>What kind of variation is possible in a human language (monolingual and bilingual\/SLA)? And how can variation be integrated into a competence model?<\/li>\n<li>How does prosody give us hints about syntax and pragmatics\/information structure\/discourse?<\/li>\n<li>How to apply and improve research methods?<\/li>\n<li>What insights from formal linguistics can be applied to language teaching and teacher education? And how can this be done?<\/li>\n<\/ul>\n<p><strong>Teaching:<\/strong> In addition, Feldhausen is an award-winning lecturer in higher education with a keen interest in language pedagogy and pedagogy of higher education. He obtained a degree in academic teaching in 2014 and later took up the role of trainer himself. His innovative teaching includes the regular development of new courses and teaching methods such as his renowned portfolio work which aims at teaching the core concepts of scientific reading and writing.<\/p>\n<p>&nbsp;<\/p>\n<p>&nbsp;<\/p>\n","protected":false},"excerpt":{"rendered":"<p>Fonctions Coordonn\u00e9es au laboratoire ATILF Coordonn\u00e9es au d\u00e9partement SdL (UFR SHS) &nbsp; Interviewed by the German Linguistic Society (DGfS, 02\/2021, interview in German): here &nbsp; Pr\u00e9sentation Ingo Feldhausen is full professor of Linguistics and Language Didactics at the Universit\u00e9 de Lorraine \/ ATILF in Nancy (France). He obtained his habilitation (postdoctoral dissertation) in 2015 with [&hellip;]<\/p>\n","protected":false},"author":1,"featured_media":0,"parent":0,"menu_order":0,"comment_status":"closed","ping_status":"closed","template":"","meta":{"footnotes":""},"class_list":["post-35","page","type-page","status-publish","hentry"],"_links":{"self":[{"href":"https:\/\/perso.atilf.fr\/ifeldhausen\/wp-json\/wp\/v2\/pages\/35","targetHints":{"allow":["GET"]}}],"collection":[{"href":"https:\/\/perso.atilf.fr\/ifeldhausen\/wp-json\/wp\/v2\/pages"}],"about":[{"href":"https:\/\/perso.atilf.fr\/ifeldhausen\/wp-json\/wp\/v2\/types\/page"}],"author":[{"embeddable":true,"href":"https:\/\/perso.atilf.fr\/ifeldhausen\/wp-json\/wp\/v2\/users\/1"}],"replies":[{"embeddable":true,"href":"https:\/\/perso.atilf.fr\/ifeldhausen\/wp-json\/wp\/v2\/comments?post=35"}],"version-history":[{"count":48,"href":"https:\/\/perso.atilf.fr\/ifeldhausen\/wp-json\/wp\/v2\/pages\/35\/revisions"}],"predecessor-version":[{"id":515,"href":"https:\/\/perso.atilf.fr\/ifeldhausen\/wp-json\/wp\/v2\/pages\/35\/revisions\/515"}],"wp:attachment":[{"href":"https:\/\/perso.atilf.fr\/ifeldhausen\/wp-json\/wp\/v2\/media?parent=35"}],"curies":[{"name":"wp","href":"https:\/\/api.w.org\/{rel}","templated":true}]}}