{"id":25,"date":"2015-06-29T13:45:00","date_gmt":"2015-06-29T12:45:00","guid":{"rendered":"https:\/\/apps.atilf.fr\/homepages\/jperigno\/?page_id=25"},"modified":"2017-10-05T08:38:21","modified_gmt":"2017-10-05T07:38:21","slug":"recherche","status":"publish","type":"page","link":"https:\/\/perso.atilf.fr\/jessika_perignon\/recherche\/","title":{"rendered":"Recherches"},"content":{"rendered":"<p><strong>Pr\u00e9sentation g\u00e9n\u00e9rale du programme <\/strong><\/p>\n<p>Le programme de recherche propose l\u2019\u00e9dition critique de la premi\u00e8re traduction en fran\u00e7ais par Raoul de Presles de <i>La Cit\u00e9 de Dieu<\/i> de saint Augustin (5 volumes contenant les 22 livres de l\u2019oeuvre) ainsi qu\u2019une large \u00e9tude scientifique sur l\u2019aristot\u00e9lisme et l\u2019augustinisme au moyen \u00e2ge. L\u2019\u00e9dition de texte permettra \u00e0 la communaut\u00e9 scientifique l\u2019acc\u00e8s \u00e0 la langue du moyen fran\u00e7ais (14e s) et \u00e0 la r\u00e9ception de l\u2019antiquit\u00e9 philosophique et th\u00e9ologique au moyen \u00e2ge (impossible \u00e0 faire aujourd\u2019hui sans une \u00e9dition critique) et les autres publications li\u00e9es \u00e0 ce large projet d\u2019\u00e9dition scientifique offriront une meilleure compr\u00e9hension de notre connaissance du vocabulaire politique actuel en fran\u00e7ais dont une partie provient de cette p\u00e9riode (14e \/ 15e s).<a style=\"font-weight: bold; font-size: 14pt; color: red; font-style: italic;\" href=\"http:\/\/atilf.fr\" target=\"_blank\" rel=\"noopener\">atilf<\/a><\/p>\n<p>La premi\u00e8re phase du programme (2008-2013) a \u00e9t\u00e9 financ\u00e9e par le Conseil Europ\u00e9en de la Recherche dans le cadre du dispositif ERC Starting Grant. Elle a permis de r\u00e9aliser l\u2019\u00e9dition des cinq premiers livres de l\u2019oeuvre.<br \/>\n\n<table id=\"tablepress-9\" class=\"tablepress tablepress-id-9\">\n<thead>\n<tr class=\"row-1\">\n\t<th class=\"column-1\">voiture<\/th><th class=\"column-2\">maison<\/th><th class=\"column-3\">bateau<\/th><td class=\"column-4\"><\/td><td class=\"column-5\"><\/td>\n<\/tr>\n<\/thead>\n<tbody class=\"row-striping row-hover\">\n<tr class=\"row-2\">\n\t<td class=\"column-1\"><\/td><td class=\"column-2\"><\/td><td class=\"column-3\"><\/td><td class=\"column-4\"><\/td><td class=\"column-5\"><\/td>\n<\/tr>\n<tr class=\"row-3\">\n\t<td class=\"column-1\"><\/td><td class=\"column-2\"><\/td><td class=\"column-3\"><\/td><td class=\"column-4\"><\/td><td class=\"column-5\"><\/td>\n<\/tr>\n<tr class=\"row-4\">\n\t<td class=\"column-1\"><\/td><td class=\"column-2\"><\/td><td class=\"column-3\"><\/td><td class=\"column-4\"><\/td><td class=\"column-5\"><\/td>\n<\/tr>\n<tr class=\"row-5\">\n\t<td class=\"column-1\"><\/td><td class=\"column-2\"><\/td><td class=\"column-3\"><\/td><td class=\"column-4\"><\/td><td class=\"column-5\"><\/td>\n<\/tr>\n<\/tbody>\n<\/table>\n<a href=\"https:\/\/perso.atilf.fr\/jperigno\/wp-content\/uploads\/sites\/42\/2015\/09\/chien.jpg\"><img loading=\"lazy\" decoding=\"async\" class=\"alignnone size-full wp-image-180\" src=\"https:\/\/perso.atilf.fr\/jperigno\/wp-content\/uploads\/sites\/42\/2015\/09\/chien.jpg\" alt=\"chien\" width=\"275\" height=\"183\" \/><\/a><\/p>\n","protected":false},"excerpt":{"rendered":"<p>Pr\u00e9sentation g\u00e9n\u00e9rale du programme Le programme de recherche propose l\u2019\u00e9dition critique de la premi\u00e8re traduction en fran\u00e7ais par Raoul de Presles de La Cit\u00e9 de Dieu de saint Augustin (5 volumes contenant les 22 livres de l\u2019oeuvre) ainsi qu\u2019une large \u00e9tude scientifique sur l\u2019aristot\u00e9lisme et l\u2019augustinisme au moyen \u00e2ge. L\u2019\u00e9dition de texte permettra \u00e0 la [&hellip;]<\/p>\n","protected":false},"author":1,"featured_media":0,"parent":0,"menu_order":0,"comment_status":"closed","ping_status":"closed","template":"","meta":{"footnotes":""},"class_list":["post-25","page","type-page","status-publish","hentry"],"_links":{"self":[{"href":"https:\/\/perso.atilf.fr\/jessika_perignon\/wp-json\/wp\/v2\/pages\/25","targetHints":{"allow":["GET"]}}],"collection":[{"href":"https:\/\/perso.atilf.fr\/jessika_perignon\/wp-json\/wp\/v2\/pages"}],"about":[{"href":"https:\/\/perso.atilf.fr\/jessika_perignon\/wp-json\/wp\/v2\/types\/page"}],"author":[{"embeddable":true,"href":"https:\/\/perso.atilf.fr\/jessika_perignon\/wp-json\/wp\/v2\/users\/1"}],"replies":[{"embeddable":true,"href":"https:\/\/perso.atilf.fr\/jessika_perignon\/wp-json\/wp\/v2\/comments?post=25"}],"version-history":[{"count":15,"href":"https:\/\/perso.atilf.fr\/jessika_perignon\/wp-json\/wp\/v2\/pages\/25\/revisions"}],"predecessor-version":[{"id":185,"href":"https:\/\/perso.atilf.fr\/jessika_perignon\/wp-json\/wp\/v2\/pages\/25\/revisions\/185"}],"wp:attachment":[{"href":"https:\/\/perso.atilf.fr\/jessika_perignon\/wp-json\/wp\/v2\/media?parent=25"}],"curies":[{"name":"wp","href":"https:\/\/api.w.org\/{rel}","templated":true}]}}

<p><strong>Présentation générale du programme </strong></p>
<p>Le programme de recherche propose l’édition critique de la première traduction en français par Raoul de Presles de <i>La Cité de Dieu</i> de saint Augustin (5 volumes contenant les 22 livres de l’oeuvre) ainsi qu’une large étude scientifique sur l’aristotélisme et l’augustinisme au moyen âge. L’édition de texte permettra à la communauté scientifique l’accès à la langue du moyen français (14e s) et à la réception de l’antiquité philosophique et théologique au moyen âge (impossible à faire aujourd’hui sans une édition critique) et les autres publications liées à ce large projet d’édition scientifique offriront une meilleure compréhension de notre connaissance du vocabulaire politique actuel en français dont une partie provient de cette période (14e / 15e s).<a style="font-weight: bold; font-size: 14pt; color: red; font-style: italic;" href="http://atilf.fr" target="_blank" rel="noopener">atilf</a></p>
<p>La première phase du programme (2008-2013) a été financée par le Conseil Européen de la Recherche dans le cadre du dispositif ERC Starting Grant. Elle a permis de réaliser l’édition des cinq premiers livres de l’oeuvre.<br />

<table id="tablepress-9" class="tablepress tablepress-id-9">
<thead>
<tr class="row-1">
	<th class="column-1">voiture</th><th class="column-2">maison</th><th class="column-3">bateau</th><td class="column-4"></td><td class="column-5"></td>
</tr>
</thead>
<tbody class="row-striping row-hover">
<tr class="row-2">
	<td class="column-1"></td><td class="column-2"></td><td class="column-3"></td><td class="column-4"></td><td class="column-5"></td>
</tr>
<tr class="row-3">
	<td class="column-1"></td><td class="column-2"></td><td class="column-3"></td><td class="column-4"></td><td class="column-5"></td>
</tr>
<tr class="row-4">
	<td class="column-1"></td><td class="column-2"></td><td class="column-3"></td><td class="column-4"></td><td class="column-5"></td>
</tr>
<tr class="row-5">
	<td class="column-1"></td><td class="column-2"></td><td class="column-3"></td><td class="column-4"></td><td class="column-5"></td>
</tr>
</tbody>
</table>
<a href="https://perso.atilf.fr/jperigno/wp-content/uploads/sites/42/2015/09/chien.jpg"><img loading="lazy" decoding="async" class="alignnone size-full wp-image-180" src="https://perso.atilf.fr/jperigno/wp-content/uploads/sites/42/2015/09/chien.jpg" alt="chien" width="275" height="183" /></a></p>

<p>Présentation générale du programme Le programme de recherche propose l’édition critique de la première traduction en français par Raoul de Presles de La Cité de Dieu de saint Augustin (5 volumes contenant les 22 livres de l’oeuvre) ainsi qu’une large étude scientifique sur l’aristotélisme et l’augustinisme au moyen âge. L’édition de texte permettra à la [&hellip;]</p>
