{"id":13,"date":"2015-06-29T13:43:15","date_gmt":"2015-06-29T12:43:15","guid":{"rendered":"https:\/\/apps.atilf.fr\/homepages\/?page_id=13"},"modified":"2023-11-28T18:18:08","modified_gmt":"2023-11-28T17:18:08","slug":"enseignement","status":"publish","type":"page","link":"https:\/\/perso.atilf.fr\/jglikman\/enseignement\/","title":{"rendered":"Enseignement"},"content":{"rendered":"<p><span style=\"text-decoration: underline\"><strong>Contexte institutionnel<\/strong><\/span><\/p>\n<p>Universit\u00e9 de Lorraine, Site Nancy, Campus SH, UFR ALL, D\u00e9partement Lettres et Arts<\/p>\n<p><span style=\"text-decoration: underline\"><strong>Enseignements<\/strong><\/span><\/p>\n<p>Linguistique fran\u00e7aise, linguistique diachronique, histoire de la langue<\/p>\n<p><span style=\"text-decoration: underline\"><strong>Direction de m\u00e9moires et de th\u00e8ses<\/strong><\/span><\/p>\n<p>Voir CV<\/p>\n","protected":false},"excerpt":{"rendered":"<p>Contexte institutionnel Universit\u00e9 de Lorraine, Site Nancy, Campus SH, UFR ALL, D\u00e9partement Lettres et Arts Enseignements Linguistique fran\u00e7aise, linguistique diachronique, histoire de la langue Direction de m\u00e9moires et de th\u00e8ses Voir CV<\/p>\n","protected":false},"author":1,"featured_media":0,"parent":0,"menu_order":0,"comment_status":"closed","ping_status":"closed","template":"","meta":{"footnotes":""},"class_list":["post-13","page","type-page","status-publish","hentry"],"_links":{"self":[{"href":"https:\/\/perso.atilf.fr\/jglikman\/wp-json\/wp\/v2\/pages\/13","targetHints":{"allow":["GET"]}}],"collection":[{"href":"https:\/\/perso.atilf.fr\/jglikman\/wp-json\/wp\/v2\/pages"}],"about":[{"href":"https:\/\/perso.atilf.fr\/jglikman\/wp-json\/wp\/v2\/types\/page"}],"author":[{"embeddable":true,"href":"https:\/\/perso.atilf.fr\/jglikman\/wp-json\/wp\/v2\/users\/1"}],"replies":[{"embeddable":true,"href":"https:\/\/perso.atilf.fr\/jglikman\/wp-json\/wp\/v2\/comments?post=13"}],"version-history":[{"count":9,"href":"https:\/\/perso.atilf.fr\/jglikman\/wp-json\/wp\/v2\/pages\/13\/revisions"}],"predecessor-version":[{"id":363,"href":"https:\/\/perso.atilf.fr\/jglikman\/wp-json\/wp\/v2\/pages\/13\/revisions\/363"}],"wp:attachment":[{"href":"https:\/\/perso.atilf.fr\/jglikman\/wp-json\/wp\/v2\/media?parent=13"}],"curies":[{"name":"wp","href":"https:\/\/api.w.org\/{rel}","templated":true}]}}