{"id":35,"date":"2015-06-29T13:47:31","date_gmt":"2015-06-29T12:47:31","guid":{"rendered":"https:\/\/apps.atilf.fr\/homepages\/?page_id=35"},"modified":"2020-11-04T14:06:51","modified_gmt":"2020-11-04T13:06:51","slug":"accueil","status":"publish","type":"page","link":"https:\/\/perso.atilf.fr\/jjezequel\/","title":{"rendered":"Accueil"},"content":{"rendered":"<h4 style=\"text-align: left\"><span style=\"text-decoration: underline\">Fonctions<\/span><\/h4>\n\n<table id=\"tablepress-3\" class=\"tablepress tablepress-id-3\">\n<tbody class=\"row-striping row-hover\">\n<tr class=\"row-1\">\n\t<td class=\"column-1\"><a href=\"https:\/\/perso.atilf.fr\/jjezequel\/wp-content\/uploads\/sites\/85\/2020\/03\/JEZEQUEL_Jean-Michel.jpeg\"><img loading=\"lazy\" decoding=\"async\" src=\"https:\/\/perso.atilf.fr\/jjezequel\/wp-content\/uploads\/sites\/85\/2020\/03\/JEZEQUEL_Jean-Michel.jpeg\" alt=\"\" width=\"199\" height=\"200\" class=\"alignnone size-full wp-image-292\" \/><\/a><\/td><td class=\"column-2\">\u2022 Ing\u00e9nieur de recherche contractuel au CNRS <br \/>\npour le <em>Dictionnaire des Constructions du Verbe au XVIe si\u00e8cle<\/em> <br \/>\nprojet financ\u00e9 par la <a href=\"https:\/\/www.grandnancy.eu\/accueil\/\" rel=\"noopener noreferrer\" target=\"_blank\">M\u00e9tropole du Grand Nancy<\/a><br \/>\n<br \/>\n\u2022 Doctorant \u00e0 Sorbonne Universit\u00e9<\/td>\n<\/tr>\n<\/tbody>\n<\/table>\n<!-- #tablepress-3 from cache -->\n<p>&nbsp;<\/p>\n<h4><span style=\"text-decoration: underline\">Coordonn\u00e9es au laboratoire ATILF<\/span><\/h4>\n\n<table id=\"tablepress-4\" class=\"tablepress tablepress-id-4\">\n<tbody class=\"row-striping\">\n<tr class=\"row-1\">\n\t<td class=\"column-1\">\u00c9quipe<\/td><td class=\"column-2\">Linguistique historique fran\u00e7aise et romane<\/td>\n<\/tr>\n<tr class=\"row-2\">\n\t<td class=\"column-1\">Courriel<\/td><td class=\"column-2\"><a href=\"mailto:jeanmichel.jezequel@atilf.fr\">jeanmichel.jezequel@atilf.fr<\/a><br \/>\n<a href=\"mailto:jean-michel.jezequel@univ-lorraine.fr\">jean-michel.jezequel@univ-lorraine.fr<\/a><br \/>\n<\/td>\n<\/tr>\n<tr class=\"row-3\">\n\t<td class=\"column-1\">T\u00e9l\u00e9phone<\/td><td class=\"column-2\">+33 (0)3 54 50 53 13<\/td>\n<\/tr>\n<tr class=\"row-4\">\n\t<td class=\"column-1\">Lieu<\/td><td class=\"column-2\">Bureau 209 - 2e \u00e9tage - <a href=\"http:\/\/www.atilf.fr\/spip.php?article70\" target=\"_blank\" rel=\"noopener noreferrer\">B\u00e2timent CNRS<\/a><\/td>\n<\/tr>\n<tr class=\"row-5\">\n\t<td class=\"column-1\">Adresse<\/td><td class=\"column-2\">ATILF (CNRS &amp; Universit\u00e9 de Lorraine) <br \/>\n44, avenue de la Lib\u00e9ration <br \/>\nB.P. 30687 <br \/>\n54063 Nancy Cedex<\/td>\n<\/tr>\n<\/tbody>\n<\/table>\n<!-- #tablepress-4 from cache -->\n<p>&nbsp;<\/p>\n<h4><span style=\"text-decoration: underline\">Profils professionnels sur les r\u00e9seaux sociaux<\/span><\/h4>\n\n<table id=\"tablepress-16\" class=\"tablepress tablepress-id-16\">\n<tbody class=\"row-striping\">\n<tr class=\"row-1\">\n\t<td class=\"column-1\">Instagram<\/td><td class=\"column-2\"><a href=\"https:\/\/www.instagram.com\/1stagrammaire\/?hl=fr\" rel=\"noopener noreferrer\" target=\"_blank\"><img decoding=\"async\" src=\"https:\/\/perso.atilf.fr\/jjezequel\/wp-content\/uploads\/sites\/85\/2020\/06\/240px-Instagram_icon.png\" style=\"width:1em;margin-right:.5em\" alt=\"Instagram iD icon\">1stagrammaire<\/a><\/td>\n<\/tr>\n<tr class=\"row-2\">\n\t<td class=\"column-1\">LinkedIn<\/td><td class=\"column-2\"><a href=\"https:\/\/www.linkedin.com\/in\/jean-michel-j\u00e9z\u00e9quel-0a93851aa\/\" rel=\"noopener noreferrer\" target=\"_blank\"><img decoding=\"async\" src=\"https:\/\/perso.atilf.fr\/jjezequel\/wp-content\/uploads\/sites\/85\/2020\/06\/240px-Linkedin_icon.svg.png\" style=\"width:1em;margin-right:.5em\" alt=\"LinkedIn iD icon\">profil LinkedIn<\/a><\/td>\n<\/tr>\n<\/tbody>\n<\/table>\n<!-- #tablepress-16 from cache -->\n<h4><span style=\"text-decoration: underline\">Profils scientifiques<\/span><\/h4>\n\n<table id=\"tablepress-17\" class=\"tablepress tablepress-id-17\">\n<tbody class=\"row-striping\">\n<tr class=\"row-1\">\n\t<td class=\"column-1\">ORCID<\/td><td class=\"column-2\"><div><a href=\"https:\/\/orcid.org\/0000-0001-8664-7849\" target=\"orcid.widget\" rel=\"me noopener noreferrer\" style=\"vertical-align:top\"><img decoding=\"async\" src=\"https:\/\/perso.atilf.fr\/jjezequel\/wp-content\/uploads\/sites\/85\/2020\/06\/240px-ORCID_iD.svg.png\" style=\"width:1em;margin-right:.5em\" alt=\"ORCID iD icon\">https:\/\/orcid.org\/0000-0001-8664-7849<\/a><\/div><\/td>\n<\/tr>\n<\/tbody>\n<\/table>\n<!-- #tablepress-17 from cache -->\n<h4><span style=\"text-decoration: underline\">Autres comptes<\/span><\/h4>\n\n<table id=\"tablepress-18\" class=\"tablepress tablepress-id-18\">\n<tbody class=\"row-striping\">\n<tr class=\"row-1\">\n\t<td class=\"column-1\">GitHub<\/td><td class=\"column-2\"><div><a href=\"https:\/\/github.com\/jm-jezequel\" rel=\"noopener noreferrer\" target=\"_blank\"><img decoding=\"async\" src=\"https:\/\/perso.atilf.fr\/jjezequel\/wp-content\/uploads\/sites\/85\/2020\/11\/1200px-Octicons-mark-github.svg.png\" style=\"width:1em;margin-right:.5em\" alt=\"GitHub iD icon\">jm-jezequel<\/a><\/div><\/td>\n<\/tr>\n<\/tbody>\n<\/table>\n<!-- #tablepress-18 from cache -->\n<p>&nbsp;<\/p>\n<h4><span style=\"text-decoration: underline\">Coordonn\u00e9es personnelles<\/span><\/h4>\n\n<table id=\"tablepress-5\" class=\"tablepress tablepress-id-5\">\n<tbody class=\"row-striping row-hover\">\n<tr class=\"row-1\">\n\t<td class=\"column-1\">Domicile<\/td><td class=\"column-2\">1, rue Michelet<br \/>\n54000 Nancy<\/td>\n<\/tr>\n<tr class=\"row-2\">\n\t<td class=\"column-1\">Courriel<\/td><td class=\"column-2\"><a href=\"mailto:jezequel.jeanmichel@gmail.co\">jezequel.jeanmichel@gmail.com<\/a><\/td>\n<\/tr>\n<\/tbody>\n<\/table>\n<!-- #tablepress-5 from cache -->\n","protected":false},"excerpt":{"rendered":"<p>Fonctions &nbsp; Coordonn\u00e9es au laboratoire ATILF &nbsp; Profils professionnels sur les r\u00e9seaux sociaux Profils scientifiques Autres comptes &nbsp; Coordonn\u00e9es personnelles<\/p>\n","protected":false},"author":1,"featured_media":0,"parent":0,"menu_order":0,"comment_status":"closed","ping_status":"closed","template":"","meta":{"footnotes":""},"class_list":["post-35","page","type-page","status-publish","hentry"],"_links":{"self":[{"href":"https:\/\/perso.atilf.fr\/jjezequel\/wp-json\/wp\/v2\/pages\/35","targetHints":{"allow":["GET"]}}],"collection":[{"href":"https:\/\/perso.atilf.fr\/jjezequel\/wp-json\/wp\/v2\/pages"}],"about":[{"href":"https:\/\/perso.atilf.fr\/jjezequel\/wp-json\/wp\/v2\/types\/page"}],"author":[{"embeddable":true,"href":"https:\/\/perso.atilf.fr\/jjezequel\/wp-json\/wp\/v2\/users\/1"}],"replies":[{"embeddable":true,"href":"https:\/\/perso.atilf.fr\/jjezequel\/wp-json\/wp\/v2\/comments?post=35"}],"version-history":[{"count":48,"href":"https:\/\/perso.atilf.fr\/jjezequel\/wp-json\/wp\/v2\/pages\/35\/revisions"}],"predecessor-version":[{"id":598,"href":"https:\/\/perso.atilf.fr\/jjezequel\/wp-json\/wp\/v2\/pages\/35\/revisions\/598"}],"wp:attachment":[{"href":"https:\/\/perso.atilf.fr\/jjezequel\/wp-json\/wp\/v2\/media?parent=35"}],"curies":[{"name":"wp","href":"https:\/\/api.w.org\/{rel}","templated":true}]}}