{"id":23,"date":"2015-06-29T13:44:14","date_gmt":"2015-06-29T12:44:14","guid":{"rendered":"https:\/\/apps.atilf.fr\/homepages\/jparis\/?page_id=23"},"modified":"2026-01-05T13:03:56","modified_gmt":"2026-01-05T12:03:56","slug":"cv","status":"publish","type":"page","link":"https:\/\/perso.atilf.fr\/jparis\/cv\/","title":{"rendered":"CV"},"content":{"rendered":"<h3><\/h3>\n<h3><strong>Formation et dipl\u00f4mes<\/strong><\/h3>\n<p><strong>2011-15 :<\/strong> <u>Doctorat<\/u>, linguistique anglaise \u2013 Sorbonne Nouvelle, Paris 3; mention tr\u00e8s honorable avec les F\u00e9licitations du jury \u00e0 l\u2019unanimit\u00e9. Soutenue le 28 novembre 2015, sous la direction d\u2019Aliyah Morgenstern (Sorbonne Nouvelle \u2013 Paris 3) et Heather Hilton (Universit\u00e9 Lumi\u00e8re \u2013 Lyon 2). Titre\u00a0de la th\u00e8se :<em> Lumi\u00e8re sur le d\u00e9veloppement de la comp\u00e9tence non-litt\u00e9rale en L2. Pour une comparaison avec l\u2019acquisition des langues maternelles.<\/em><\/p>\n<p><strong>2015 :<\/strong> <u>CAPES externe d\u2019anglais.<\/u><\/p>\n<p><strong>2009-10 :<\/strong> <u>Master 2 &#8211; Recherche<\/u>, \u00c9tudes Britanniques, Nord-Am\u00e9ricaines et Post-Coloniales, option Linguistique \u2013 Sorbonne Nouvelle, Paris 3; mention tr\u00e8s bien.\u00a0<em>La perception des m\u00e9taphores \u00e0 l\u2019origine des expressions idiomatiques par des apprenants de langue seconde<\/em>, sous la direction d\u2019Aliyah Morgenstern. Ann\u00e9e effectu\u00e9e en <strong>Australie<\/strong> \u00e0<em> The University of Queensland<\/em>.<\/p>\n<p><strong>2008-09 :<\/strong> <u>Master 1 &#8211; Recherche<\/u>, \u00c9tudes Britanniques, Nord-Am\u00e9ricaines et Post-Coloniales, option Linguistique \u2013 Sorbonne Nouvelle, Paris 3; mention tr\u00e8s bien.\u00a0<em>The English modal system and its acquisition by native English speakers<\/em>, sous la direction de Claude Delmas, et suivi par Aliyah Morgenstern.<\/p>\n<p><strong>2005-08 :<\/strong> <u>Licence<\/u> LLCE anglais \u2013 Sorbonne Nouvelle, Paris 3; mention assez bien. Troisi\u00e8me ann\u00e9e de licence effectu\u00e9e aux <strong>\u00c9tats-Unis<\/strong> \u00e0<em> The Northern Arizona University.<\/em><\/p>\n<p>&nbsp;<\/p>\n<h3><strong>Activit\u00e9s d\u2019enseignement (avant 2019, CV complet plus bas)<\/strong><\/h3>\n<p><strong>2016-2019:<\/strong> <u>Ma\u00eetre de Conf\u00e9rences<\/u> : Universit\u00e9 de Lorraine (niveaux L3-M2) :<\/p>\n<ul>\n<li>Anglais de sp\u00e9cialit\u00e9 (fili\u00e8re Psychologie du d\u00e9veloppement, niveau M2),<\/li>\n<li>Anglais de sp\u00e9cialit\u00e9 (fili\u00e8re Psychologie, niveau M1),<\/li>\n<li>Anglais de sp\u00e9cialit\u00e9 (fili\u00e8re MEEF Encadrement Educatif, niveau M1),<\/li>\n<li>Anglais de sp\u00e9cialit\u00e9 (fili\u00e8re Science de l\u2019\u00c9ducation, niveaux M1 et M2),<\/li>\n<li>Anglais de sp\u00e9cialit\u00e9 (fili\u00e8re Droit du Patrimoine, niveau L3 \u2013 licence professionnelle),<\/li>\n<li>Anglais langue g\u00e9n\u00e9rale (fili\u00e8res Lettres et Langues, niveau L1).<\/li>\n<\/ul>\n<p><strong>2015-16 :<\/strong> <u>A.T.E.R<\/u>. (temps plein) : Universit\u00e9 de Lorraine (tous niveaux) :<\/p>\n<ul>\n<li>Anglais de sp\u00e9cialit\u00e9 (fili\u00e8re Psychologie, niveau M1),<\/li>\n<li>Anglais de sp\u00e9cialit\u00e9 (fili\u00e8re Science de l\u2019\u00c9ducation, niveau M1),<\/li>\n<li>Anglais LANSAD g\u00e9n\u00e9ral (<em>anglais confirm\u00e9 \u2013 objectif B2<\/em>, fili\u00e8res Lettres, niveau L1),<\/li>\n<li>Anglais LANSAD g\u00e9n\u00e9ral (ateliers CRL tous th\u00e8mes, tous niveaux, toutes fili\u00e8res).<\/li>\n<\/ul>\n<p><strong>2014-15 :<\/strong> <u>Charg\u00e9e de travaux dirig\u00e9s<\/u> : Sorbonne Nouvelle, Paris 3 (niveaux L1-L2) :<\/p>\n<ul>\n<li>Langue orale LLCSE anglais (phon\u00e9tique-phonologie\/compr\u00e9hension orale, niveau L1),<\/li>\n<li>Grammaire LLCSE anglais (niveau L2),<\/li>\n<li>Grammaire LEA (niveau L1).<\/li>\n<\/ul>\n<p><strong>2013-14 :<\/strong> <u>A.T.E.R.<\/u> : Universit\u00e9 Blaise Pascal, Clermont-Ferrand 2 (niveaux L1-L2-M1-M2) :<\/p>\n<ul>\n<li>Langue orale LEA (dont TICE et assistant de langue, niveau L1),<\/li>\n<li>Pr\u00e9paration au <em>TOEIC<\/em> pour LEA (niveau L1),<\/li>\n<li>Anglais de sp\u00e9cialit\u00e9 (fili\u00e8re \u00c9changes Internationaux, niveau L2),<\/li>\n<li>Anglais de sp\u00e9cialit\u00e9 (fili\u00e8res Communication \/ Affaires Commerciales, niveau M1),<\/li>\n<li>Anglais de sp\u00e9cialit\u00e9 (fili\u00e8re D\u00e9veloppement des Affaires Commerciales, niveau M2).<\/li>\n<\/ul>\n<p><strong>2012-13 :<\/strong> <u>Charg\u00e9e de travaux dirig\u00e9s <\/u>: Sorbonne Nouvelle, Paris 3 (niveaux L1-L2) :<\/p>\n<ul>\n<li>Anglais LANSAD (<em>Th\u00e8mes d\u2019actualit\u00e9<\/em>, niveau B1 du CECRL),<\/li>\n<li>Anglais LANSAD (<em>Approches culturelles de la langue anglaise, <\/em>niveau B1 du CECRL),<\/li>\n<li>Anglais LANSAD (<em>\u00c9coute active<\/em>, niveau B2 du CECRL).<\/li>\n<\/ul>\n<p><strong>2011-12 :<\/strong> <u>Charg\u00e9e de travaux dirig\u00e9s<\/u> : Sorbonne Nouvelle, Paris 3 (niveaux L1-L2) :<\/p>\n<ul>\n<li>Anglais LANSAD (<em>Th\u00e8mes d\u2019actualit\u00e9<\/em>, niveau B1 du CECRL),<\/li>\n<li>Anglais LANSAD (<em>Approches culturelles de la langue anglaise, <\/em>niveau B2 du CECRL),<\/li>\n<li>Anglais LANSAD (<em>Approches crois\u00e9es de la culture anglophone, <\/em>niveau B2 du CECRL).<\/li>\n<li>Grammaire LLCSE anglais (niveau L2).<\/li>\n<\/ul>\n<p>&nbsp;<\/p>\n<h3><strong>Activit\u00e9s administratives et responsabilit\u00e9s collectives (avant 2019, <\/strong><strong>CV complet plus bas<\/strong><strong>)<\/strong><\/h3>\n<p><strong>2018-2019 : <\/strong><u>Directrice adjointe de l&rsquo;UFR LANSAD<\/u>, Universit\u00e9 de Lorraine.<\/p>\n<p><strong>2017-2018 : <\/strong><u>Directrice du d\u00e9partement des CRL,<\/u> UFR LANSAD, Universit\u00e9 de Lorraine.<\/p>\n<p><strong>2017-2019 : <\/strong><u>Responsable du Centre de Langues Yves Ch\u00e2lon<\/u>, Universit\u00e9 de Lorraine.<\/p>\n<p><strong>2016-2019 : <\/strong><u>Correspondante P\u00e9dagogie et Num\u00e9rique<\/u> pour l&rsquo;UFR LANSAD, Universit\u00e9 de Lorraine.<\/p>\n<p><strong>Oct 16-nov 17 : <\/strong><u>Co-organisation<\/u> de du colloque international ALCTES (<em>l\u2019Apprentissage des Langues et <\/em><em>Cultures en Tandem dans l\u2019Enseignement Sup\u00e9rieur ou Secondaire<\/em>) \u00e0 la Sorbonne Nouvelle, Paris 3.<\/p>\n<p><strong>F\u00e9v-juin 2016\u00a0:<\/strong> <u>Co-animation de l\u2019atelier doctoral MULTIMOD<\/u> (espace d\u2019\u00e9change sur la multimodalit\u00e9, et sur le traitement et l\u2019analyse de donn\u00e9es orales et vid\u00e9o) pour les doctorants de l\u2019\u00e9quipe de recherche SeSyLia (Semantics and Syntax, Language in Action), Sorbonne Nouvelle, Paris 3.<\/p>\n<p><strong>\u00a0<\/strong><strong>F\u00e9v 2015: <\/strong><u>Co-animation d\u2019une formation aux statistiques<\/u> pour les doctorants et les membres titulaires de l\u2019\u00e9quipe de recherche S\u00e9SyLia, Sorbonne Nouvelle, Paris 3.<\/p>\n<p><strong>\u00a0<\/strong><strong>2014-15 : <\/strong><u>Codirectrice d\u2019\u00e9dition<\/u> de la revue <em>Traits-d\u2019Union<\/em> (revue scientifique interdisciplinaire \u00e9dit\u00e9e par des doctorants de l\u2019universit\u00e9 de la Sorbonne Nouvelle, Paris 3, <a href=\"http:\/\/www.revuetraitsdunion.org\/\">http:\/\/www.revuetraitsdunion.org\/<\/a> ).<\/p>\n<p><strong>F\u00e9v-mai 2014 : <\/strong><u>Charg\u00e9e de diffusion<\/u>\u00a0: revue <em>Traits-d\u2019Union<\/em>.<\/p>\n<p><strong>2012-2014 : <\/strong><u>Secr\u00e9tariat de r\u00e9daction<\/u>\u00a0: revue <em>Traits-d\u2019Union<\/em>.<\/p>\n<p><strong>D\u00e9c 2014<\/strong>\u00a0: <u>Evaluation d\u2019<em>abstracts<\/em> pour le colloque ConSOLE XXIII<\/u> (<em>Conference of the Student Organization <\/em><em>of Linguistics in Europe<\/em>).<\/p>\n<p><strong>\u00a0<\/strong><strong>Juin-d\u00e9c 2014<\/strong>\u00a0: <u>Invitation d\u2019Eve Sweetser (UC Berkley) \u00e0 la Sorbonne Nouvelle<\/u> par Eric Melac :<\/p>\n<ul>\n<li>co-organisation du workshop <em>Th\u00e9ories, M\u00e9thodes et Communication en sciences humaines<\/em><\/li>\n<li>co-organisation du workshop <em>Linguistique cognitive et Multimodalit\u00e9\u00a0: rencontre avec Eve Sweetser<\/em><\/li>\n<\/ul>\n<p><strong>F\u00e9v-nov 13 : <\/strong><u>Co-organisation<\/u> du colloque pluridisciplinaire des doctorants du PRES Sorbonne Paris Cit\u00e9 sur le th\u00e8me du flux. Journ\u00e9e organis\u00e9e par\u00a0 trois associations de doctorants: le BDP3 de la Sorbonne Nouvelle, Les Cart\u00e9siens de Paris Descartes et les DiDocs de Paris Diderot.<\/p>\n<p><strong>\u00a0<\/strong><\/p>\n<h3><span style=\"color: #000000\"><b>Activit\u00e9s<\/b><\/span><strong> de repr\u00e9sentation (avant 2019, <\/strong><strong>CV complet plus bas<\/strong><strong>)<\/strong><\/h3>\n<p><strong>2018-2019 : <\/strong><u>Membre du conseil de l\u2019UFR LANSAD<\/u> (coll\u00e8ge B) de l\u2019Universit\u00e9 de Lorraine.<strong>\u00a0\u00a0\u00a0\u00a0\u00a0\u00a0 <\/strong><\/p>\n<p><strong>2017-2019 : <\/strong><u>Membre du bureau de l\u2019UFR LANSAD<\/u> (coll\u00e8ge B) de l\u2019Universit\u00e9 de Lorraine.<\/p>\n<p><strong>2017-2019 : <\/strong><u>Membre de la commission de recrutement des ATER<\/u> de l\u2019UFR LANSAD de Universit\u00e9 de Lorraine.<strong>\u00a0\u00a0\u00a0\u00a0\u00a0\u00a0\u00a0\u00a0\u00a0\u00a0\u00a0\u00a0\u00a0\u00a0\u00a0\u00a0\u00a0\u00a0\u00a0\u00a0 <\/strong><\/p>\n<p><strong>2016-2019\u00a0 : <\/strong><u>Membre du conseil du coll\u00e9gium INTERFACE<\/u> (sous-coll\u00e8ge de l\u2019URF LANSAD, coll\u00e8ge B) de l\u2019Universit\u00e9 de Lorraine.<\/p>\n<p><strong>Mai-d\u00e9c 2014 : <\/strong><u>Repr\u00e9sentante des doctorants \u00e9lue au conseil du service des relations internationales<\/u> de la Sorbonne Nouvelle.<\/p>\n<p><strong>Mai-d\u00e9c 2014: <\/strong><u>Repr\u00e9sentante des doctorants \u00e9lue \u00e0 la Commission de la Recherche<\/u> (<em>coll\u00e8ge des usagers<\/em>) et au <u>conseil acad\u00e9mique<\/u> de la Sorbonne Nouvelle.<\/p>\n<p><strong>2012-13: <\/strong><u>Membre \u00e9lue du comit\u00e9 d\u2019administration<\/u> de l\u2019association BDP3 (<em>Bureau des Doctorants de Paris 3<\/em>).<\/p>\n<p>&nbsp;<\/p>\n<p><a href=\"https:\/\/perso.atilf.fr\/jparis\/wp-content\/uploads\/sites\/75\/2026\/01\/CV-court-Justine-Paris-jan-2026.pdf\">CV court &#8211; Justine Paris &#8211; jan 2026<\/a><\/p>\n","protected":false},"excerpt":{"rendered":"<p>Formation et dipl\u00f4mes 2011-15 : Doctorat, linguistique anglaise \u2013 Sorbonne Nouvelle, Paris 3; mention tr\u00e8s honorable avec les F\u00e9licitations du jury \u00e0 l\u2019unanimit\u00e9. Soutenue le 28 novembre 2015, sous la direction d\u2019Aliyah Morgenstern (Sorbonne Nouvelle \u2013 Paris 3) et Heather &hellip; <a href=\"https:\/\/perso.atilf.fr\/jparis\/cv\/\">Continuer la lecture <span class=\"meta-nav\">&rarr;<\/span><\/a><\/p>\n","protected":false},"author":1,"featured_media":0,"parent":0,"menu_order":0,"comment_status":"closed","ping_status":"closed","template":"","meta":{"footnotes":""},"class_list":["post-23","page","type-page","status-publish","hentry"],"_links":{"self":[{"href":"https:\/\/perso.atilf.fr\/jparis\/wp-json\/wp\/v2\/pages\/23","targetHints":{"allow":["GET"]}}],"collection":[{"href":"https:\/\/perso.atilf.fr\/jparis\/wp-json\/wp\/v2\/pages"}],"about":[{"href":"https:\/\/perso.atilf.fr\/jparis\/wp-json\/wp\/v2\/types\/page"}],"author":[{"embeddable":true,"href":"https:\/\/perso.atilf.fr\/jparis\/wp-json\/wp\/v2\/users\/1"}],"replies":[{"embeddable":true,"href":"https:\/\/perso.atilf.fr\/jparis\/wp-json\/wp\/v2\/comments?post=23"}],"version-history":[{"count":35,"href":"https:\/\/perso.atilf.fr\/jparis\/wp-json\/wp\/v2\/pages\/23\/revisions"}],"predecessor-version":[{"id":462,"href":"https:\/\/perso.atilf.fr\/jparis\/wp-json\/wp\/v2\/pages\/23\/revisions\/462"}],"wp:attachment":[{"href":"https:\/\/perso.atilf.fr\/jparis\/wp-json\/wp\/v2\/media?parent=23"}],"curies":[{"name":"wp","href":"https:\/\/api.w.org\/{rel}","templated":true}]}}