{"id":583,"date":"2023-03-03T17:08:25","date_gmt":"2023-03-03T16:08:25","guid":{"rendered":"https:\/\/perso.atilf.fr\/jzuddas\/?page_id=583"},"modified":"2026-04-08T13:03:56","modified_gmt":"2026-04-08T12:03:56","slug":"a-venir-a-paraitre","status":"publish","type":"page","link":"https:\/\/perso.atilf.fr\/jzuddas\/a-venir-a-paraitre\/","title":{"rendered":"\u00c0 venir \/ \u00e0 para\u00eetre"},"content":{"rendered":"<p>&nbsp;<\/p>\n<ul>\n<li style=\"list-style-type: none\">\n<ul>\n<li><span style=\"color: #333399\"><strong>Prochain num\u00e9ro de la Revue TDFLE\u00a0<\/strong><\/span><\/li>\n<\/ul>\n<\/li>\n<li style=\"list-style-type: none\">Co-coordination du num\u00e9ro 90 \u00ab\u00a0<i>Enseignement\u00b7s-apprentissage\u00b7s et\/en migration.s : vers une nouvelle \u00e9pist\u00e9mologie\u00a0\u00bb <\/i>de la Revue <i>Travaux de didactique du fran\u00e7ais langue \u00e9trang\u00e8re (TDFLE), publication au <i>printemps 2027<\/i><br \/>\n<\/i><a href=\"https:\/\/perso.atilf.fr\/jzuddas\/wp-content\/uploads\/sites\/73\/2026\/03\/AAC_TDFLE_90_MARS2027.pdf\">AAC_TDFLE_90_MARS2027<\/a><\/li>\n<li style=\"list-style-type: none\">\n<ul>\n<li><span style=\"color: #000080\"><strong>Prochain\u00b7es<\/strong>\u00a0<strong>colloques \/ conf\u00e9rences \/ s\u00e9minaires \/JE<\/strong><\/span><\/li>\n<\/ul>\n<\/li>\n<\/ul>\n<ul>\n<li><strong><span style=\"color: #000080\">Communication: <\/span>Pr\u00e9vost, J.<\/strong> &amp; Lemoine-Bresson, V., Enseigner \u00ab sans filet \u00bb : bricolage, ins\u00e9curit\u00e9 p\u00e9dagogique et engagement de 5 enseignantes en UPE2A-coll\u00e8ge, Colloque international <em>D\u00e9fis et perspectives dans la formation des enseignants \u00e0 l&rsquo;inclusion des \u00e9l\u00e8ves allophones,<\/em> Lille, 17-18 juin 2026.<\/li>\n<li><span style=\"color: #000080\"><strong>Communication<\/strong> : <\/span><strong>Pr\u00e9vost, J.,<\/strong> \u00a0<em>Dispositifs linguistiques OEPRE : \u00a0discordance entre prescriptions institutionnelles et besoins en alphab\u00e9tisation du terrain, Colloque<\/em> international <em>Vers une (re?)d\u00e9finition de l\u2019\u201calphab\u00e9tisation\u201d : enjeux \u00e9pist\u00e9mologiques, didactiques, soci\u00e9taux,<\/em> ENS de Lyon-IFE, 28-29 mai 2026.<\/li>\n<li><span style=\"color: #000080\"><strong>Conf\u00e9renci\u00e8re invit\u00e9e :<\/strong> <strong><span style=\"color: #000000\">Pr\u00e9vost, J.<\/span><\/strong>\u00a0<\/span><em>Pratiques interculturelles et multi\/transmodales, leviers pour l\u2019inclusion des \u00e9l\u00e8ves allophones dans l\u2019enseignement secondaire en France,<\/em> \u00a0Journ\u00e9e d&rsquo;\u00e9tude, <em>Enseignement du fran\u00e7ais langue seconde en classe inclusive<\/em> , Institut du plurilinguisme, Fribourg (CH), <span id=\"OBJ_PREFIX_DWT351_com_zimbra_date\" class=\"Object\" role=\"link\"><span id=\"OBJ_PREFIX_DWT362_com_zimbra_date\" class=\"Object\" role=\"link\">7 mai 2026<\/span><\/span>.<\/li>\n<\/ul>\n<p>&nbsp;<\/p>\n<ul>\n<li style=\"list-style-type: none\">\n<ul>\n<li><span style=\"color: #000080\"><strong>Organisation d&rsquo;\u00e9v\u00e9nements scientifiques\u00a0<\/strong><\/span><\/li>\n<\/ul>\n<\/li>\n<li>E. de BEAUMONT, Docteure en Sciences du langage, ATILF_CNRS, Universit\u00e9 de Lorraine, <em>Genre linguistique et identit\u00e9 de genre en classe de FLE<\/em>, <strong>23 avril 2026 <a href=\"https:\/\/perso.atilf.fr\/jzuddas\/wp-content\/uploads\/sites\/73\/2026\/04\/jeudi_23.04.26_E.DEBEAUMONTpdf.pdf\">jeudi_23.04.26_E.DEBEAUMONTpdf<\/a><\/strong><\/li>\n<\/ul>\n<p>&nbsp;<\/p>\n<ul>\n<li style=\"list-style-type: none\">\n<ul>\n<li><span style=\"color: #000080\"><strong>Publications \u00e0 paraitre<\/strong><\/span><\/li>\n<\/ul>\n<\/li>\n<li><strong>Pr\u00e9vost, J.<\/strong> (<em>proposition accept\u00e9e<\/em>), La bande dessin\u00e9e, une diff\u00e9renciation efficiente pour des \u00e9l\u00e8ves allophones\u00a0? (titre provisoire), <em>Les Cahiers p\u00e9dagogiques,<\/em> Enseigner avec la bande dessin\u00e9e, automne 2026.<\/li>\n<li><span style=\"color: #333300\"><strong>Pr\u00e9vost, J.<\/strong> (<em>\u00e0 para\u00eetre<\/em>), Discours d&rsquo;<span id=\"OBJ_PREFIX_DWT65_com_zimbra_url\" class=\"Object\" role=\"link\"><span id=\"OBJ_PREFIX_DWT67_com_zimbra_url\" class=\"Object\" role=\"link\"><a style=\"color: #333300\" href=\"http:\/\/enseignant.es\/\" target=\"_blank\" rel=\"nofollow noopener noreferrer\">enseignant.es<\/a><\/span><\/span>\u00a0sur leurs usages des adaptations litt\u00e9raires en bande dessin\u00e9e : un m\u00e9dium inclusif pour l&rsquo;acc\u00e8s aux textes patrimoniaux ?, <em>Comicalit\u00e9s<\/em> (La bande dessin\u00e9e, un objet culturel pour l\u2019enseignement des langues : corpus, dispositifs, repr\u00e9sentations), d\u00e9cembre 2025.<\/span><\/li>\n<\/ul>\n","protected":false},"excerpt":{"rendered":"<p>&nbsp; Prochain num\u00e9ro de la Revue TDFLE\u00a0 Co-coordination du num\u00e9ro 90 \u00ab\u00a0Enseignement\u00b7s-apprentissage\u00b7s et\/en migration.s : vers une nouvelle \u00e9pist\u00e9mologie\u00a0\u00bb de la Revue Travaux de didactique du fran\u00e7ais langue \u00e9trang\u00e8re (TDFLE), publication au printemps 2027 AAC_TDFLE_90_MARS2027 Prochain\u00b7es\u00a0colloques \/ conf\u00e9rences \/ s\u00e9minaires \/JE Communication: Pr\u00e9vost, J. &amp; Lemoine-Bresson, V., Enseigner \u00ab sans filet \u00bb : bricolage, ins\u00e9curit\u00e9 [&hellip;]<\/p>\n","protected":false},"author":73,"featured_media":0,"parent":0,"menu_order":0,"comment_status":"closed","ping_status":"closed","template":"","meta":{"footnotes":""},"class_list":["post-583","page","type-page","status-publish","hentry"],"_links":{"self":[{"href":"https:\/\/perso.atilf.fr\/jzuddas\/wp-json\/wp\/v2\/pages\/583","targetHints":{"allow":["GET"]}}],"collection":[{"href":"https:\/\/perso.atilf.fr\/jzuddas\/wp-json\/wp\/v2\/pages"}],"about":[{"href":"https:\/\/perso.atilf.fr\/jzuddas\/wp-json\/wp\/v2\/types\/page"}],"author":[{"embeddable":true,"href":"https:\/\/perso.atilf.fr\/jzuddas\/wp-json\/wp\/v2\/users\/73"}],"replies":[{"embeddable":true,"href":"https:\/\/perso.atilf.fr\/jzuddas\/wp-json\/wp\/v2\/comments?post=583"}],"version-history":[{"count":108,"href":"https:\/\/perso.atilf.fr\/jzuddas\/wp-json\/wp\/v2\/pages\/583\/revisions"}],"predecessor-version":[{"id":1298,"href":"https:\/\/perso.atilf.fr\/jzuddas\/wp-json\/wp\/v2\/pages\/583\/revisions\/1298"}],"wp:attachment":[{"href":"https:\/\/perso.atilf.fr\/jzuddas\/wp-json\/wp\/v2\/media?parent=583"}],"curies":[{"name":"wp","href":"https:\/\/api.w.org\/{rel}","templated":true}]}}