{"id":694,"date":"2023-07-02T14:48:39","date_gmt":"2023-07-02T13:48:39","guid":{"rendered":"https:\/\/perso.atilf.fr\/jzuddas\/?page_id=694"},"modified":"2025-11-08T09:27:17","modified_gmt":"2025-11-08T08:27:17","slug":"jury-dexamens","status":"publish","type":"page","link":"https:\/\/perso.atilf.fr\/jzuddas\/jury-dexamens\/","title":{"rendered":"Jury d&rsquo;examens"},"content":{"rendered":"<p>&nbsp;<\/p>\n<ul>\n<li>Examinatrice et correctrice pour le DELF (A1; A2; B1) depuis 2022<\/li>\n<li>Jury aux soutenances des M2 EPI, Insp\u00e9-UL depuis 2024<\/li>\n<li>Jury aux soutenances des DUT GEII et LP AICP\/AII-SARI\/EGC-ITEB, IUT Nancy-Brabois, UL (2017)<\/li>\n<li>Examinatrice et correctrice pour les \u00e9preuves du DNB fran\u00e7ais depuis 2005<\/li>\n<li>Examinatrice aux \u00a0\u00c9preuves anticip\u00e9es de Fran\u00e7ais, Acad\u00e9mie d\u2019Amiens (2004)<\/li>\n<\/ul>\n","protected":false},"excerpt":{"rendered":"<p>&nbsp; Examinatrice et correctrice pour le DELF (A1; A2; B1) depuis 2022 Jury aux soutenances des M2 EPI, Insp\u00e9-UL depuis 2024 Jury aux soutenances des DUT GEII et LP AICP\/AII-SARI\/EGC-ITEB, IUT Nancy-Brabois, UL (2017) Examinatrice et correctrice pour les \u00e9preuves du DNB fran\u00e7ais depuis 2005 Examinatrice aux \u00a0\u00c9preuves anticip\u00e9es de Fran\u00e7ais, Acad\u00e9mie d\u2019Amiens (2004)<\/p>\n","protected":false},"author":73,"featured_media":0,"parent":0,"menu_order":0,"comment_status":"closed","ping_status":"closed","template":"","meta":{"footnotes":""},"class_list":["post-694","page","type-page","status-publish","hentry"],"_links":{"self":[{"href":"https:\/\/perso.atilf.fr\/jzuddas\/wp-json\/wp\/v2\/pages\/694","targetHints":{"allow":["GET"]}}],"collection":[{"href":"https:\/\/perso.atilf.fr\/jzuddas\/wp-json\/wp\/v2\/pages"}],"about":[{"href":"https:\/\/perso.atilf.fr\/jzuddas\/wp-json\/wp\/v2\/types\/page"}],"author":[{"embeddable":true,"href":"https:\/\/perso.atilf.fr\/jzuddas\/wp-json\/wp\/v2\/users\/73"}],"replies":[{"embeddable":true,"href":"https:\/\/perso.atilf.fr\/jzuddas\/wp-json\/wp\/v2\/comments?post=694"}],"version-history":[{"count":9,"href":"https:\/\/perso.atilf.fr\/jzuddas\/wp-json\/wp\/v2\/pages\/694\/revisions"}],"predecessor-version":[{"id":1230,"href":"https:\/\/perso.atilf.fr\/jzuddas\/wp-json\/wp\/v2\/pages\/694\/revisions\/1230"}],"wp:attachment":[{"href":"https:\/\/perso.atilf.fr\/jzuddas\/wp-json\/wp\/v2\/media?parent=694"}],"curies":[{"name":"wp","href":"https:\/\/api.w.org\/{rel}","templated":true}]}}