{"id":695,"date":"2023-07-02T14:48:17","date_gmt":"2023-07-02T13:48:17","guid":{"rendered":"https:\/\/perso.atilf.fr\/jzuddas\/?page_id=695"},"modified":"2026-04-01T13:26:53","modified_gmt":"2026-04-01T12:26:53","slug":"organisation-devenements-scientifiques","status":"publish","type":"page","link":"https:\/\/perso.atilf.fr\/jzuddas\/organisation-devenements-scientifiques\/","title":{"rendered":"Organisation d&rsquo;\u00e9v\u00e9nements scientifiques"},"content":{"rendered":"<ul>\n<li style=\"list-style-type: none\">\n<ul>\n<li><strong>S\u00e9minaires\u00a0<\/strong><\/li>\n<\/ul>\n<\/li>\n<\/ul>\n<ol>\n<li>E. de BEAUMONT, Docteure en Sciences du langage, ATILF-CNRS, Universit\u00e9 de Lorraine, <em>Genre linguistique et identit\u00e9 de genre en classe de FLE<\/em>, <strong>23 avril 2026 <a href=\"https:\/\/perso.atilf.fr\/jzuddas\/wp-content\/uploads\/sites\/73\/2026\/04\/jeudi_23.04.26_E.DEBEAUMONTpdf.pdf\">jeudi_23.04.26_E.DEBEAUMONTpdf<\/a><\/strong><\/li>\n<li>J. AGA\u00cbSSE, Enseignant de fran\u00e7ais et de culture francophone, Universit\u00e9 de Tokyo, <strong>29 mars 2026. <a href=\"https:\/\/perso.atilf.fr\/jzuddas\/wp-content\/uploads\/sites\/73\/2026\/02\/Julien_AGAESSE.pdf\">Julien_AGAESSE<\/a><\/strong><\/li>\n<li>Isabelle ESTEVE, MCF. LIDILEM, Universit\u00e9 Grenoble-Alpes, <em>Dispositifs de m\u00e9diation multimodaux pour l\u2019interaction professionnels-MNA<\/em>, 26 f\u00e9vrier 2026<strong>.Co-organisatrice <\/strong>[16 participant\u00b7es] <strong><a href=\"https:\/\/perso.atilf.fr\/jzuddas\/wp-content\/uploads\/sites\/73\/2026\/02\/ISABELLE_ESTEVE_AFFICHE.pdf\">ISABELLE_ESTEVE_AFFICHE<\/a><\/strong><\/li>\n<li>Anthony FORESTIER, Chercheur postdoctoral | laboratoire PSMS, Universit\u00e9 de Reims Champagne-Ardenne &amp; chercheur associ\u00e9, laboratoire VIPS2, Universit\u00e9 Rennes 2, <em>Apprendre (dans) les temporalit\u00e9s scolaires : le cas\u00a0des \u00e9l\u00e8ves allophones en\u00a0situation migratoire, <\/em>29 janvier 2026. [15 participant\u00b7es]. <strong>Co-organisatrice<\/strong> [12 participant\u00b7es]<strong><a href=\"https:\/\/perso.atilf.fr\/jzuddas\/wp-content\/uploads\/sites\/73\/2026\/02\/ANTHONY_FORESTIER_jeudi29janvier2026.pdf\">ANTHONY_FORESTIER_jeudi29janvier2026<\/a><\/strong><\/li>\n<li>Fran\u00e7oise BOCH, PU, Lidilem, Universit\u00e9 Grenoble-Alpes&amp; Charlotte DEJEAN, , MCF, Lidilem, Universit\u00e9 Grenoble-Alpes, Accompagner les \u00e9tudiants en exil dans leur projet d\u2019orientation universitaire : une entr\u00e9e par les genres discursifs. <strong>Co-organisatrice <\/strong>[13 participant\u00b7es] <a href=\"https:\/\/perso.atilf.fr\/jzuddas\/wp-content\/uploads\/sites\/73\/2025\/12\/GT_ICM_11DEC25.pdf\">GT_ICM_11DEC25<\/a><\/li>\n<li>Manon BOUCHARECHAS, Doctorante, LIDILEM, Universit\u00e9 Grenoble-Alpes, <em>Approche ethnographique et interactionnelle de l&rsquo;activit\u00e9 r\u00e9elle des enseignants d&rsquo;UPE2A : les d\u00e9moralisations au coeur des reconfigurations des r\u00f4les et de la relation didactique<\/em>, <strong>Organisatrice<\/strong> [9 participant\u00b7es] \u00a0<a href=\"https:\/\/perso.atilf.fr\/jzuddas\/wp-content\/uploads\/sites\/73\/2025\/11\/M.BOUCHARECHAS_27NOV25.pdf\">M.BOUCHARECHAS_27NOV25<\/a><\/li>\n<li>Myra DERAICHE , Docteure, professeure de langues, Universit\u00e9 de Montr\u00e9al-Qu\u00e9bec, <span class=\"a_GcMg font-feature-liga-off font-feature-clig-off font-feature-calt-off text-decoration-none text-strikethrough-none\"><em>\u00c9tude de cas multiple sur la n\u00e9gociation interculturelle autour du CV r\u00e9dig\u00e9 par la personne immigrante au Qu\u00e9bec<\/em> , <\/span>25 septembre 2025. <strong>Co-organisatrice<\/strong> [9 participant\u00b7es] <a href=\"https:\/\/perso.atilf.fr\/jzuddas\/wp-content\/uploads\/sites\/73\/2025\/08\/jeudi_25.09.25_MYRA_DERAICHE.pdf\">jeudi_25.09.25_MYRA_DERAICHE<\/a><\/li>\n<li>Delphine GUEDAT-BITTIGHOFFER, MCF-HDR, Universit\u00e9 d\u2019Angers, <em>Les apprenants-adolescents en contexte scolaire face \u00e0 leurs \u00e9motions en classe de langues \u00e9trang\u00e8res ou secondes\u00a0: enjeux, protocoles de recherche, perspectives<\/em>, S\u00e9minaire ATILF-CNRS, Universit\u00e9 de Lorraine, 25 avril 2025. <strong>Organisatrice. <\/strong>[30 participant\u00b7es]<strong> <a href=\"https:\/\/perso.atilf.fr\/jzuddas\/wp-content\/uploads\/sites\/73\/2025\/03\/Affiche_Seminaire_ATILF_2025-04-25_Guedat-Bittighoffer.pdf\">Affiche_Seminaire_ATILF_2025-04-25_Guedat-Bittighoffer<\/a><\/strong><\/li>\n<li>V\u00e9ronique MIGUEL-ADDISU, PU, Laboratoire DyLIS (Dynamique du langage in situ), Universit\u00e9 de Rouen-Normandie (INSPE), <em>Migrations et diversit\u00e9 des langues et des cultures familiales \u00e0 l\u2019\u00e9cole maternelle,<\/em> S\u00e9minaire GT ICM, en ligne, 17 avril 2025. <strong>Co-organisatrice. <\/strong>[32 participant\u00b7es]<strong> <a href=\"https:\/\/perso.atilf.fr\/jzuddas\/wp-content\/uploads\/sites\/73\/2025\/03\/ICM-V.MIGUEL-ADDISU.pdf\">ICM V.MIGUEL ADDISU<\/a><\/strong><\/li>\n<li>Audrey-Anne LAGU\u00cb, ATER Universit\u00e9 du Qu\u00e9bec \u00e0 Montr\u00e9al,<em>Approches plurilingues et formation initiale des enseignants au Qu\u00e9bec\u00a0: croyances et pratiques d\u00e9clar\u00e9es,<\/em> S\u00e9minaire GT ICM, en ligne, 27 mars 2025. <strong>Co-organisatrice<\/strong>. [15 participant\u00b7es]<\/li>\n<li>Fran\u00e7oise BERDAL-MASUY, enseignante, Universit\u00e9 de Louvain, <em>Bulles \u00ab\u00a0\u00e9mo-arts\u00a0\u00bb dans un cours de FOU pour un public de r\u00e9fugi\u00e9s, (futurs) \u00e9tudiants universitaires (mais pas que\u2026)<\/em>, S\u00e9minaire GT ICM, en ligne, 27 f\u00e9vrier 2025. <strong>Co-organisatrice<\/strong>. [26 participant\u00b7es]<\/li>\n<li>Marie TROSSAT, Docteure en Architecture et Sciences de la ville, chercheure associ\u00e9e au Laboratoire de Sociologie Urbaine \u00e0 l\u2019\u00c9cole Polytechnique F\u00e9d\u00e9rale de Lausanne, <em>Architectures de l\u2019(in)hospitalit\u00e9 ou politiques de l\u2019(in)habitabilit\u00e9. Penser l\u2019hospitalit\u00e9 par l\u2019architecture<\/em>, S\u00e9minaire GT ICM, en ligne, 30 janvier 2025. <strong>Co-organisatrice<\/strong>. [19 participant\u00b7es]<\/li>\n<li>Laura LASZKARATY, Doctorante INALCO (Institut national des langues et civilisations orientales), <em>Migrations de luxe \u00e0 Bruxelles\u00a0: aspects linguistiques et identitaires<\/em>, S\u00e9minaire GT ICM, en ligne, 25 octobre 2024. <strong>Co-organisatrice<\/strong>. [8 participant\u00b7es]<\/li>\n<li>Laurent PUREN, MCF-HDR, Laboratoire ICARE (Institut Coop\u00e9ratif Austral de Recherche en \u00c9ducation &#8211; EA 7389, Universit\u00e9 de La R\u00e9union, <em>Caract\u00e9ristiques et enjeux des cours dits \u00ab\u00a0f\u00e9minins\u00a0\u00bb dans la politique d\u2019int\u00e9gration conduite vis-\u00e0-vis des \u00ab\u00a0Fran\u00e7ais Musulmans d\u2019Alg\u00e9rie\u00a0\u00bb (FMA) install\u00e9s en France m\u00e9tropolitaine<\/em>, S\u00e9minaire GT ICM, en ligne, 26 septembre 2024. <strong>Co-organisatrice. <\/strong>[9 participant\u00b7es]<\/li>\n<\/ol>\n<p>&nbsp;<\/p>\n<ul>\n<li style=\"list-style-type: none\">\n<ul>\n<li><strong>Journ\u00e9es d&rsquo;\u00e9tude\u00a0<\/strong><\/li>\n<\/ul>\n<\/li>\n<\/ul>\n<ol>\n<li>Journ\u00e9es d&rsquo;\u00e9tude virtuelles sur les jumelages interculturels et les tandems, 6e \u00e9dition, <em>Les jumelages interculturels et les tandems \u00e0 l\u2019\u00e8re de l\u2019IAG <a href=\"https:\/\/perso.atilf.fr\/jzuddas\/wp-content\/uploads\/sites\/73\/2026\/01\/Appel-a-communications-JE2026-version-finale.pdf\">Appel \u00e0 communications J\u00c92026 version finale <\/a><\/em>\u00a0\u00a0<a href=\"https:\/\/evenements.uqam.ca\/evenements\/journees-d-etude-virtuelles-sur-les-jumelages-interculturels-et-les-tandems-6e-edition\/32087?date=2025-12-01_00-00-00\">https:\/\/evenements.uqam.ca\/evenements\/journees-d-etude-virtuelles-sur-les-jumelages-interculturels-et-les-tandems-6e-edition\/32087?date=2025-12-01_00-00-00\u00a0<\/a><\/li>\n<li>Journ\u00e9e d\u2019\u00e9tude<strong> \u00ab\u00a0<\/strong>Enseignements-apprentissages et\/en migration\u00b7s, quand les questionnements s\u2019entrecroisent et se compl\u00e8tent : vers une nouvelle \u00e9pist\u00e9mologie\u00a0\u00bb, Campus d\u2019Aubervilliers, 16 octobre 2025. <strong>Co-organisatrice<\/strong>. <a href=\"https:\/\/perso.atilf.fr\/jzuddas\/wp-content\/uploads\/sites\/73\/2025\/04\/JE-AAC-1.pdf\">JE AAC<\/a><\/li>\n<li>Journ\u00e9es d\u2019\u00e9tude virtuelles \u00ab Jumelages et tandems interculturels \u00bb, UQAM, ULB, \u00a0ATILF-CNRS, 5 et 6 juin 2025, en ligne. <strong>Membre du comit\u00e9 d\u2019organisation et du comit\u00e9 scientifique<\/strong>. <a href=\"https:\/\/sites.google.com\/view\/je2025\">https:\/\/sites.google.com\/view\/je2025<\/a><\/li>\n<li>Journ\u00e9e d\u2019\u00e9tude \u00ab\u00a0\u00c9ducation en contexte de migrations forc\u00e9es \u00bb du groupe de travail Apprentissages formels, non-formels et informels des migrants, Institut Convergences Migrations, Camp de Rivesaltes, 1<sup>er<\/sup> mars 2024. <strong>Membre du comit\u00e9 d\u2019organisation et de communication<\/strong>. <a href=\"https:\/\/perso.atilf.fr\/jzuddas\/wp-content\/uploads\/sites\/73\/2025\/04\/Affiche-JE-ICM-RIVESALTES.pdf\">Affiche-JE ICM RIVESALTES<\/a><\/li>\n<\/ol>\n<p>&nbsp;<\/p>\n<ul>\n<li style=\"list-style-type: none\">\n<ul>\n<li style=\"font-weight: 400\"><strong>\u00a0Colloques\u00a0<\/strong><\/li>\n<\/ul>\n<\/li>\n<\/ul>\n<ol>\n<li>Colloque \u00ab\u00a0Journ\u00e9e Internationale des Jeunes Chercheurs (JIJC2016)\u00a0\u00bb, Aux fronti\u00e8res des disciplines \u2013 Recherche et interdisciplinarit\u00e9 : quelles pratiques pour quels enjeux ?, \u00c9coles Doctorales Stanislas et ADEMMA, Universit\u00e9 de Lorraine, Nancy, 17 juin 2016. <strong>Membre du comit\u00e9 de pilotage et d\u2019organisation<\/strong>.<\/li>\n<\/ol>\n<p style=\"font-weight: 400\"><em>\u00a0<\/em><\/p>\n","protected":false},"excerpt":{"rendered":"<p>S\u00e9minaires\u00a0 E. de BEAUMONT, Docteure en Sciences du langage, ATILF-CNRS, Universit\u00e9 de Lorraine, Genre linguistique et identit\u00e9 de genre en classe de FLE, 23 avril 2026 jeudi_23.04.26_E.DEBEAUMONTpdf J. AGA\u00cbSSE, Enseignant de fran\u00e7ais et de culture francophone, Universit\u00e9 de Tokyo, 29 mars 2026. Julien_AGAESSE Isabelle ESTEVE, MCF. LIDILEM, Universit\u00e9 Grenoble-Alpes, Dispositifs de m\u00e9diation multimodaux pour l\u2019interaction [&hellip;]<\/p>\n","protected":false},"author":73,"featured_media":0,"parent":0,"menu_order":0,"comment_status":"closed","ping_status":"closed","template":"","meta":{"footnotes":""},"class_list":["post-695","page","type-page","status-publish","hentry"],"_links":{"self":[{"href":"https:\/\/perso.atilf.fr\/jzuddas\/wp-json\/wp\/v2\/pages\/695","targetHints":{"allow":["GET"]}}],"collection":[{"href":"https:\/\/perso.atilf.fr\/jzuddas\/wp-json\/wp\/v2\/pages"}],"about":[{"href":"https:\/\/perso.atilf.fr\/jzuddas\/wp-json\/wp\/v2\/types\/page"}],"author":[{"embeddable":true,"href":"https:\/\/perso.atilf.fr\/jzuddas\/wp-json\/wp\/v2\/users\/73"}],"replies":[{"embeddable":true,"href":"https:\/\/perso.atilf.fr\/jzuddas\/wp-json\/wp\/v2\/comments?post=695"}],"version-history":[{"count":36,"href":"https:\/\/perso.atilf.fr\/jzuddas\/wp-json\/wp\/v2\/pages\/695\/revisions"}],"predecessor-version":[{"id":1293,"href":"https:\/\/perso.atilf.fr\/jzuddas\/wp-json\/wp\/v2\/pages\/695\/revisions\/1293"}],"wp:attachment":[{"href":"https:\/\/perso.atilf.fr\/jzuddas\/wp-json\/wp\/v2\/media?parent=695"}],"curies":[{"name":"wp","href":"https:\/\/api.w.org\/{rel}","templated":true}]}}

Organisation d&rsquo;événements scientifiques

<ul>
<li style="list-style-type: none">
<ul>
<li><strong>Séminaires </strong></li>
</ul>
</li>
</ul>
<ol>
<li>E. de BEAUMONT, Docteure en Sciences du langage, ATILF-CNRS, Université de Lorraine, <em>Genre linguistique et identité de genre en classe de FLE</em>, <strong>23 avril 2026 <a href="https://perso.atilf.fr/jzuddas/wp-content/uploads/sites/73/2026/04/jeudi_23.04.26_E.DEBEAUMONTpdf.pdf">jeudi_23.04.26_E.DEBEAUMONTpdf</a></strong></li>
<li>J. AGAËSSE, Enseignant de français et de culture francophone, Université de Tokyo, <strong>29 mars 2026. <a href="https://perso.atilf.fr/jzuddas/wp-content/uploads/sites/73/2026/02/Julien_AGAESSE.pdf">Julien_AGAESSE</a></strong></li>
<li>Isabelle ESTEVE, MCF. LIDILEM, Université Grenoble-Alpes, <em>Dispositifs de médiation multimodaux pour l’interaction professionnels-MNA</em>, 26 février 2026<strong>.Co-organisatrice </strong>[16 participant·es] <strong><a href="https://perso.atilf.fr/jzuddas/wp-content/uploads/sites/73/2026/02/ISABELLE_ESTEVE_AFFICHE.pdf">ISABELLE_ESTEVE_AFFICHE</a></strong></li>
<li>Anthony FORESTIER, Chercheur postdoctoral | laboratoire PSMS, Université de Reims Champagne-Ardenne &amp; chercheur associé, laboratoire VIPS2, Université Rennes 2, <em>Apprendre (dans) les temporalités scolaires : le cas des élèves allophones en situation migratoire, </em>29 janvier 2026. [15 participant·es]. <strong>Co-organisatrice</strong> [12 participant·es]<strong><a href="https://perso.atilf.fr/jzuddas/wp-content/uploads/sites/73/2026/02/ANTHONY_FORESTIER_jeudi29janvier2026.pdf">ANTHONY_FORESTIER_jeudi29janvier2026</a></strong></li>
<li>Françoise BOCH, PU, Lidilem, Université Grenoble-Alpes&amp; Charlotte DEJEAN, , MCF, Lidilem, Université Grenoble-Alpes, Accompagner les étudiants en exil dans leur projet d’orientation universitaire : une entrée par les genres discursifs. <strong>Co-organisatrice </strong>[13 participant·es] <a href="https://perso.atilf.fr/jzuddas/wp-content/uploads/sites/73/2025/12/GT_ICM_11DEC25.pdf">GT_ICM_11DEC25</a></li>
<li>Manon BOUCHARECHAS, Doctorante, LIDILEM, Université Grenoble-Alpes, <em>Approche ethnographique et interactionnelle de l&rsquo;activité réelle des enseignants d&rsquo;UPE2A : les démoralisations au coeur des reconfigurations des rôles et de la relation didactique</em>, <strong>Organisatrice</strong> [9 participant·es]  <a href="https://perso.atilf.fr/jzuddas/wp-content/uploads/sites/73/2025/11/M.BOUCHARECHAS_27NOV25.pdf">M.BOUCHARECHAS_27NOV25</a></li>
<li>Myra DERAICHE , Docteure, professeure de langues, Université de Montréal-Québec, <span class="a_GcMg font-feature-liga-off font-feature-clig-off font-feature-calt-off text-decoration-none text-strikethrough-none"><em>Étude de cas multiple sur la négociation interculturelle autour du CV rédigé par la personne immigrante au Québec</em> , </span>25 septembre 2025. <strong>Co-organisatrice</strong> [9 participant·es] <a href="https://perso.atilf.fr/jzuddas/wp-content/uploads/sites/73/2025/08/jeudi_25.09.25_MYRA_DERAICHE.pdf">jeudi_25.09.25_MYRA_DERAICHE</a></li>
<li>Delphine GUEDAT-BITTIGHOFFER, MCF-HDR, Université d’Angers, <em>Les apprenants-adolescents en contexte scolaire face à leurs émotions en classe de langues étrangères ou secondes : enjeux, protocoles de recherche, perspectives</em>, Séminaire ATILF-CNRS, Université de Lorraine, 25 avril 2025. <strong>Organisatrice. </strong>[30 participant·es]<strong> <a href="https://perso.atilf.fr/jzuddas/wp-content/uploads/sites/73/2025/03/Affiche_Seminaire_ATILF_2025-04-25_Guedat-Bittighoffer.pdf">Affiche_Seminaire_ATILF_2025-04-25_Guedat-Bittighoffer</a></strong></li>
<li>Véronique MIGUEL-ADDISU, PU, Laboratoire DyLIS (Dynamique du langage in situ), Université de Rouen-Normandie (INSPE), <em>Migrations et diversité des langues et des cultures familiales à l’école maternelle,</em> Séminaire GT ICM, en ligne, 17 avril 2025. <strong>Co-organisatrice. </strong>[32 participant·es]<strong> <a href="https://perso.atilf.fr/jzuddas/wp-content/uploads/sites/73/2025/03/ICM-V.MIGUEL-ADDISU.pdf">ICM V.MIGUEL ADDISU</a></strong></li>
<li>Audrey-Anne LAGUË, ATER Université du Québec à Montréal,<em>Approches plurilingues et formation initiale des enseignants au Québec : croyances et pratiques déclarées,</em> Séminaire GT ICM, en ligne, 27 mars 2025. <strong>Co-organisatrice</strong>. [15 participant·es]</li>
<li>Françoise BERDAL-MASUY, enseignante, Université de Louvain, <em>Bulles « émo-arts » dans un cours de FOU pour un public de réfugiés, (futurs) étudiants universitaires (mais pas que…)</em>, Séminaire GT ICM, en ligne, 27 février 2025. <strong>Co-organisatrice</strong>. [26 participant·es]</li>
<li>Marie TROSSAT, Docteure en Architecture et Sciences de la ville, chercheure associée au Laboratoire de Sociologie Urbaine à l’École Polytechnique Fédérale de Lausanne, <em>Architectures de l’(in)hospitalité ou politiques de l’(in)habitabilité. Penser l’hospitalité par l’architecture</em>, Séminaire GT ICM, en ligne, 30 janvier 2025. <strong>Co-organisatrice</strong>. [19 participant·es]</li>
<li>Laura LASZKARATY, Doctorante INALCO (Institut national des langues et civilisations orientales), <em>Migrations de luxe à Bruxelles : aspects linguistiques et identitaires</em>, Séminaire GT ICM, en ligne, 25 octobre 2024. <strong>Co-organisatrice</strong>. [8 participant·es]</li>
<li>Laurent PUREN, MCF-HDR, Laboratoire ICARE (Institut Coopératif Austral de Recherche en Éducation &#8211; EA 7389, Université de La Réunion, <em>Caractéristiques et enjeux des cours dits « féminins » dans la politique d’intégration conduite vis-à-vis des « Français Musulmans d’Algérie » (FMA) installés en France métropolitaine</em>, Séminaire GT ICM, en ligne, 26 septembre 2024. <strong>Co-organisatrice. </strong>[9 participant·es]</li>
</ol>
<p>&nbsp;</p>
<ul>
<li style="list-style-type: none">
<ul>
<li><strong>Journées d&rsquo;étude </strong></li>
</ul>
</li>
</ul>
<ol>
<li>Journées d&rsquo;étude virtuelles sur les jumelages interculturels et les tandems, 6e édition, <em>Les jumelages interculturels et les tandems à l’ère de l’IAG <a href="https://perso.atilf.fr/jzuddas/wp-content/uploads/sites/73/2026/01/Appel-a-communications-JE2026-version-finale.pdf">Appel à communications JÉ2026 version finale </a></em>  <a href="https://evenements.uqam.ca/evenements/journees-d-etude-virtuelles-sur-les-jumelages-interculturels-et-les-tandems-6e-edition/32087?date=2025-12-01_00-00-00">https://evenements.uqam.ca/evenements/journees-d-etude-virtuelles-sur-les-jumelages-interculturels-et-les-tandems-6e-edition/32087?date=2025-12-01_00-00-00 </a></li>
<li>Journée d’étude<strong> « </strong>Enseignements-apprentissages et/en migration·s, quand les questionnements s’entrecroisent et se complètent : vers une nouvelle épistémologie », Campus d’Aubervilliers, 16 octobre 2025. <strong>Co-organisatrice</strong>. <a href="https://perso.atilf.fr/jzuddas/wp-content/uploads/sites/73/2025/04/JE-AAC-1.pdf">JE AAC</a></li>
<li>Journées d’étude virtuelles « Jumelages et tandems interculturels », UQAM, ULB,  ATILF-CNRS, 5 et 6 juin 2025, en ligne. <strong>Membre du comité d’organisation et du comité scientifique</strong>. <a href="https://sites.google.com/view/je2025">https://sites.google.com/view/je2025</a></li>
<li>Journée d’étude « Éducation en contexte de migrations forcées » du groupe de travail Apprentissages formels, non-formels et informels des migrants, Institut Convergences Migrations, Camp de Rivesaltes, 1<sup>er</sup> mars 2024. <strong>Membre du comité d’organisation et de communication</strong>. <a href="https://perso.atilf.fr/jzuddas/wp-content/uploads/sites/73/2025/04/Affiche-JE-ICM-RIVESALTES.pdf">Affiche-JE ICM RIVESALTES</a></li>
</ol>
<p>&nbsp;</p>
<ul>
<li style="list-style-type: none">
<ul>
<li style="font-weight: 400"><strong> Colloques </strong></li>
</ul>
</li>
</ul>
<ol>
<li>Colloque « Journée Internationale des Jeunes Chercheurs (JIJC2016) », Aux frontières des disciplines – Recherche et interdisciplinarité : quelles pratiques pour quels enjeux ?, Écoles Doctorales Stanislas et ADEMMA, Université de Lorraine, Nancy, 17 juin 2016. <strong>Membre du comité de pilotage et d’organisation</strong>.</li>
</ol>
<p style="font-weight: 400"><em> </em></p>

<p>Séminaires  E. de BEAUMONT, Docteure en Sciences du langage, ATILF-CNRS, Université de Lorraine, Genre linguistique et identité de genre en classe de FLE, 23 avril 2026 jeudi_23.04.26_E.DEBEAUMONTpdf J. AGAËSSE, Enseignant de français et de culture francophone, Université de Tokyo, 29 mars 2026. Julien_AGAESSE Isabelle ESTEVE, MCF. LIDILEM, Université Grenoble-Alpes, Dispositifs de médiation multimodaux pour l’interaction [&hellip;]</p>
