{"id":13,"date":"2015-06-29T13:43:15","date_gmt":"2015-06-29T12:43:15","guid":{"rendered":"https:\/\/apps.atilf.fr\/homepages\/kbartkov\/?page_id=13"},"modified":"2016-05-17T08:44:28","modified_gmt":"2016-05-17T07:44:28","slug":"enseignement","status":"publish","type":"page","link":"https:\/\/perso.atilf.fr\/kbartkov\/enseignement\/","title":{"rendered":"Enseignement"},"content":{"rendered":"<p><span style=\"text-decoration: underline\"><strong>Contexte institutionnel<\/strong><\/span><\/p>\n<p><strong>Universit\u00e9 de Lorraine<\/strong>: d\u00e9partement des Sciences du langage Nancy &amp; Metz, \u00e9cole d&rsquo;Orthophonie<\/p>\n<p>&nbsp;<\/p>\n<p>&nbsp;<\/p>\n<p><span style=\"text-decoration: underline\"><strong>Enseignements<\/strong><\/span>\u00a0\u00a0\u00a0 phon\u00e9tique, \u00a0prosodie, traitement de corpus<\/p>\n<p>&nbsp;<\/p>\n","protected":false},"excerpt":{"rendered":"<p>Contexte institutionnel Universit\u00e9 de Lorraine: d\u00e9partement des Sciences du langage Nancy &amp; Metz, \u00e9cole d&rsquo;Orthophonie &nbsp; &nbsp; Enseignements\u00a0\u00a0\u00a0 phon\u00e9tique, \u00a0prosodie, traitement de corpus &nbsp;<\/p>\n","protected":false},"author":1,"featured_media":0,"parent":0,"menu_order":0,"comment_status":"closed","ping_status":"closed","template":"","meta":{"footnotes":""},"class_list":["post-13","page","type-page","status-publish","hentry"],"_links":{"self":[{"href":"https:\/\/perso.atilf.fr\/kbartkov\/wp-json\/wp\/v2\/pages\/13","targetHints":{"allow":["GET"]}}],"collection":[{"href":"https:\/\/perso.atilf.fr\/kbartkov\/wp-json\/wp\/v2\/pages"}],"about":[{"href":"https:\/\/perso.atilf.fr\/kbartkov\/wp-json\/wp\/v2\/types\/page"}],"author":[{"embeddable":true,"href":"https:\/\/perso.atilf.fr\/kbartkov\/wp-json\/wp\/v2\/users\/1"}],"replies":[{"embeddable":true,"href":"https:\/\/perso.atilf.fr\/kbartkov\/wp-json\/wp\/v2\/comments?post=13"}],"version-history":[{"count":14,"href":"https:\/\/perso.atilf.fr\/kbartkov\/wp-json\/wp\/v2\/pages\/13\/revisions"}],"predecessor-version":[{"id":237,"href":"https:\/\/perso.atilf.fr\/kbartkov\/wp-json\/wp\/v2\/pages\/13\/revisions\/237"}],"wp:attachment":[{"href":"https:\/\/perso.atilf.fr\/kbartkov\/wp-json\/wp\/v2\/media?parent=13"}],"curies":[{"name":"wp","href":"https:\/\/api.w.org\/{rel}","templated":true}]}}

<p><span style="text-decoration: underline"><strong>Contexte institutionnel</strong></span></p>
<p><strong>Université de Lorraine</strong>: département des Sciences du langage Nancy &amp; Metz, école d&rsquo;Orthophonie</p>
<p>&nbsp;</p>
<p>&nbsp;</p>
<p><span style="text-decoration: underline"><strong>Enseignements</strong></span>    phonétique,  prosodie, traitement de corpus</p>
<p>&nbsp;</p>

<p>Contexte institutionnel Université de Lorraine: département des Sciences du langage Nancy &amp; Metz, école d&rsquo;Orthophonie &nbsp; &nbsp; Enseignements    phonétique,  prosodie, traitement de corpus &nbsp;</p>
