{"id":15,"date":"2015-06-29T13:43:26","date_gmt":"2015-06-29T12:43:26","guid":{"rendered":"https:\/\/apps.atilf.fr\/homepages\/kbartkov\/?page_id=15"},"modified":"2017-10-23T22:13:59","modified_gmt":"2017-10-23T21:13:59","slug":"projets","status":"publish","type":"page","link":"https:\/\/perso.atilf.fr\/kbartkov\/projets\/","title":{"rendered":"Projets"},"content":{"rendered":"<p><b>SMADA<\/b>\u00a0 \u00a0 \u00a0&#8211; projet europ\u00e9en : Acc\u00e8s vocal aux annuaires t\u00e9l\u00e9phoniques<\/p>\n<p><b>DIVIN<\/b>\u00a0 \u00a0 \u00a0 &#8211; projet europ\u00e9en : Variabilit\u00e9 dans la parole<\/p>\n<p><b>INTONAL<\/b>\u00a0 &#8211; projet ATILF : Intonation en fran\u00e7ais conditionn\u00e9e par la structure syntaxique de la phrase<\/p>\n<p><b>PARDI<\/b>\u00a0 \u00a0 \u00a0 &#8211; projet ATILF&amp;UL : Prosodie des particules discursives en fran\u00e7ais<\/p>\n<p><span style=\"font-size: small\"><b> SynPaFlex \u00a0 \u00a0 &#8211; <\/b>projet ANR, laboratoire IRISA ENSSAT-\u00a0<\/span><span style=\"font-family: Arial,Helvetica,sans-serif;font-size: small\">Synth\u00e8se de la parole flexible pour l\u2019expressivit\u00e9<\/span><\/p>\n<p><span style=\"font-family: Arial,Helvetica,sans-serif;font-size: small\"><b>ProsodCorpus<\/b> &#8211; projet CPER LCHN &#8211;\u00a0<\/span><span style=\"font-family: Arial,Helvetica,sans-serif;font-size: small\">Prosodie : outils et application sur des corpus de parole\u00a0(<\/span><span style=\"font-family: Arial,Helvetica,sans-serif;font-size: small\">Ing\u00e9nierie des langues)<\/span><\/p>\n<p><strong>Brevet <\/strong>WO2006021623 A1, 2006, <strong>Proced\u00e9 et systeme de reconnaissance vocale adapt\u00e9s aux caracteristiques de locuteurs non-natifs\u00a0<\/strong><\/p>\n<p><strong>Langue Mo Pui (Vietnam du Nord)<\/strong>\u00a0:<strong> Description phon\u00e9tique et prosodique de<\/strong>: collaboration: laboratoire MICA (International Research Institute\u00a0: Multimedia, Information, Communication and Applications)<\/p>\n<p>&nbsp;<\/p>\n","protected":false},"excerpt":{"rendered":"<p>SMADA\u00a0 \u00a0 \u00a0&#8211; projet europ\u00e9en : Acc\u00e8s vocal aux annuaires t\u00e9l\u00e9phoniques DIVIN\u00a0 \u00a0 \u00a0 &#8211; projet europ\u00e9en : Variabilit\u00e9 dans la parole INTONAL\u00a0 &#8211; projet ATILF : Intonation en fran\u00e7ais conditionn\u00e9e par la structure syntaxique de la phrase PARDI\u00a0 \u00a0 \u00a0 &#8211; projet ATILF&amp;UL : Prosodie des particules discursives en fran\u00e7ais SynPaFlex \u00a0 \u00a0 &#8211; [&hellip;]<\/p>\n","protected":false},"author":1,"featured_media":0,"parent":0,"menu_order":0,"comment_status":"closed","ping_status":"closed","template":"","meta":{"footnotes":""},"class_list":["post-15","page","type-page","status-publish","hentry"],"_links":{"self":[{"href":"https:\/\/perso.atilf.fr\/kbartkov\/wp-json\/wp\/v2\/pages\/15","targetHints":{"allow":["GET"]}}],"collection":[{"href":"https:\/\/perso.atilf.fr\/kbartkov\/wp-json\/wp\/v2\/pages"}],"about":[{"href":"https:\/\/perso.atilf.fr\/kbartkov\/wp-json\/wp\/v2\/types\/page"}],"author":[{"embeddable":true,"href":"https:\/\/perso.atilf.fr\/kbartkov\/wp-json\/wp\/v2\/users\/1"}],"replies":[{"embeddable":true,"href":"https:\/\/perso.atilf.fr\/kbartkov\/wp-json\/wp\/v2\/comments?post=15"}],"version-history":[{"count":10,"href":"https:\/\/perso.atilf.fr\/kbartkov\/wp-json\/wp\/v2\/pages\/15\/revisions"}],"predecessor-version":[{"id":252,"href":"https:\/\/perso.atilf.fr\/kbartkov\/wp-json\/wp\/v2\/pages\/15\/revisions\/252"}],"wp:attachment":[{"href":"https:\/\/perso.atilf.fr\/kbartkov\/wp-json\/wp\/v2\/media?parent=15"}],"curies":[{"name":"wp","href":"https:\/\/api.w.org\/{rel}","templated":true}]}}