{"id":13,"date":"2015-06-29T13:43:15","date_gmt":"2015-06-29T12:43:15","guid":{"rendered":"https:\/\/apps.atilf.fr\/homepages\/?page_id=13"},"modified":"2024-12-20T13:03:08","modified_gmt":"2024-12-20T12:03:08","slug":"enseignement","status":"publish","type":"page","link":"https:\/\/perso.atilf.fr\/kyibokou\/enseignement\/","title":{"rendered":"Enseignement"},"content":{"rendered":"<p><strong>Contexte institutionnel<\/strong><\/p>\n<p>Mes enseignements se d\u00e9roulent essentiellement \u00e0 l&rsquo;UFR Lansad (Pearl)<\/p>\n<p>&nbsp;<\/p>\n<p><strong>Enseignements<\/strong><\/p>\n<p>UFR Lansad &#8211; Anglais :<\/p>\n<ul>\n<li>Master 2 en Psychologie du D\u00e9veloppement<\/li>\n<li>Master 1 et 2 en Psychologie : Psychopathologie Clinique Psychanalytique<\/li>\n<li>Masters 2 MEEF lettres-musique<\/li>\n<li>Masters 2 Collectivit\u00e9s Territoriales et Union Europ\u00e9enne<\/li>\n<li>Licence 3 professionnel Droit de l\u2019immobilier<\/li>\n<li>Licence 1 pour \u00e9tudiant.e.s en Lettres et en droit-\u00e9co &#8211; M\u00e9thodologie S1<\/li>\n<li>Licence 3 pour \u00e9tudiant.e.s en Sciences humaines et sociales S6<\/li>\n<\/ul>\n<p>UFR SHS &#8211; Sciences du langage<\/p>\n<ul>\n<li>Master 1 Didactique des Langues \u2013 CM de Prosodie, Phon\u00e9tique et apprentissage des langues<\/li>\n<\/ul>\n","protected":false},"excerpt":{"rendered":"<p>Contexte institutionnel Mes enseignements se d\u00e9roulent essentiellement \u00e0 l&rsquo;UFR Lansad (Pearl) &nbsp; Enseignements UFR Lansad &#8211; Anglais : Master 2 en Psychologie du D\u00e9veloppement Master 1 et 2 en Psychologie : Psychopathologie Clinique Psychanalytique Masters 2 MEEF lettres-musique Masters 2 Collectivit\u00e9s Territoriales et Union Europ\u00e9enne Licence 3 professionnel Droit de l\u2019immobilier Licence 1 pour \u00e9tudiant.e.s [&hellip;]<\/p>\n","protected":false},"author":1,"featured_media":0,"parent":0,"menu_order":0,"comment_status":"closed","ping_status":"closed","template":"","meta":{"footnotes":""},"class_list":["post-13","page","type-page","status-publish","hentry"],"_links":{"self":[{"href":"https:\/\/perso.atilf.fr\/kyibokou\/wp-json\/wp\/v2\/pages\/13","targetHints":{"allow":["GET"]}}],"collection":[{"href":"https:\/\/perso.atilf.fr\/kyibokou\/wp-json\/wp\/v2\/pages"}],"about":[{"href":"https:\/\/perso.atilf.fr\/kyibokou\/wp-json\/wp\/v2\/types\/page"}],"author":[{"embeddable":true,"href":"https:\/\/perso.atilf.fr\/kyibokou\/wp-json\/wp\/v2\/users\/1"}],"replies":[{"embeddable":true,"href":"https:\/\/perso.atilf.fr\/kyibokou\/wp-json\/wp\/v2\/comments?post=13"}],"version-history":[{"count":12,"href":"https:\/\/perso.atilf.fr\/kyibokou\/wp-json\/wp\/v2\/pages\/13\/revisions"}],"predecessor-version":[{"id":388,"href":"https:\/\/perso.atilf.fr\/kyibokou\/wp-json\/wp\/v2\/pages\/13\/revisions\/388"}],"wp:attachment":[{"href":"https:\/\/perso.atilf.fr\/kyibokou\/wp-json\/wp\/v2\/media?parent=13"}],"curies":[{"name":"wp","href":"https:\/\/api.w.org\/{rel}","templated":true}]}}