{"id":366,"date":"2023-09-18T15:35:40","date_gmt":"2023-09-18T14:35:40","guid":{"rendered":"https:\/\/perso.atilf.fr\/kyibokou\/?page_id=366"},"modified":"2025-09-05T11:34:57","modified_gmt":"2025-09-05T10:34:57","slug":"organisation-devenements-scientifiques","status":"publish","type":"page","link":"https:\/\/perso.atilf.fr\/kyibokou\/publications\/organisation-devenements-scientifiques\/","title":{"rendered":"Responsabilit\u00e9s et Organisation scientifique"},"content":{"rendered":"<p>&nbsp;<\/p>\n<ul>\n<li>Membre \u00e9lu du Conseil de Laboratoire ATILF<\/li>\n<li>Membre du programme Intelligences Artificielles G\u00e9n\u00e9rative -IAG- PLEIADES, Direction du Num\u00e9rique, Universit\u00e9 de Lorraine<b>.<\/b><\/li>\n<li>Correspondant P\u00e9dagogie et num\u00e9rique de L&rsquo;UFR Lansad<\/li>\n<li><b><\/b>Co-responsable de l\u2019axe Mod\u00e9lisation, Ressources et Traitement Informatique (Morti) de l\u2019Atilf<\/li>\n<li>Pr\u00e9sident du comit\u00e9 Scientifique et membre du comit\u00e9 d\u2019organisation du 45\u1d49 congr\u00e8s de l\u2019Alpiut \u2013 Colmar 12 -14 juin 2025<\/li>\n<li>Relecteur la Revue de linguistique et de didactique des langues (Lidil) : <a href=\"https:\/\/journals.openedition.org\/lidil\/167#tocto1n4\">https:\/\/journals.openedition.org\/lidil\/167#tocto1n4<\/a><\/li>\n<li>Membre du Comit\u00e9 de r\u00e9daction de la revue Language Learning in Higher Education de la Conf\u00e9d\u00e9ration europ\u00e9enne des centres de langues de l\u2019enseignement sup\u00e9rieur (CercleS) : <a href=\"https:\/\/www.degruyter.com\/journal\/key\/cercles\/html#overview\">https:\/\/www.degruyter.com\/journal\/key\/cercles\/html#overview<\/a><\/li>\n<li>Membre du comit\u00e9 de lecture formelle de la revue <em>Recherches en didactique des langues et des cultures \u2013 Les Cahiers de l\u2019Acedle<\/em> (RDLC) : <a href=\"https:\/\/journals.openedition.org\/rdlc\/269\">https:\/\/journals.openedition.org\/rdlc\/269<\/a><\/li>\n<li>Relecteur pour la revue M\u00e9langes Crapel<\/li>\n<li>Co-organisateur du symposium <a id=\"ps-ses-title110\" class=\"sessionname\" href=\"https:\/\/aila2023.dryfta.com\/program-schedule\/program\/110\/symp48-methodologies-in-informal-second-language-learning-observing-learning-in-the-private-sphere\" aria-label=\"[SYMP48] Methodologies in Informal Second Language Learning: observing learning in the private sphere\">[SYMP48] Methodologies in Informal Second Language Learning: observing learning in the private sphere<\/a>\u00a0 \u00e0 AILA 2023<\/li>\n<li>Organisateur de RANACLES 2022 : https:\/\/ranacles2022.sciencesconf.org\/resource\/page\/id\/3<\/li>\n<\/ul>\n","protected":false},"excerpt":{"rendered":"<p>&nbsp; Membre \u00e9lu du Conseil de Laboratoire ATILF Membre du programme Intelligences Artificielles G\u00e9n\u00e9rative -IAG- PLEIADES, Direction du Num\u00e9rique, Universit\u00e9 de Lorraine. Correspondant P\u00e9dagogie et num\u00e9rique de L&rsquo;UFR Lansad Co-responsable de l\u2019axe Mod\u00e9lisation, Ressources et Traitement Informatique (Morti) de l\u2019Atilf Pr\u00e9sident du comit\u00e9 Scientifique et membre du comit\u00e9 d\u2019organisation du 45\u1d49 congr\u00e8s de l\u2019Alpiut \u2013 [&hellip;]<\/p>\n","protected":false},"author":97,"featured_media":0,"parent":17,"menu_order":0,"comment_status":"closed","ping_status":"closed","template":"","meta":{"footnotes":""},"class_list":["post-366","page","type-page","status-publish","hentry"],"_links":{"self":[{"href":"https:\/\/perso.atilf.fr\/kyibokou\/wp-json\/wp\/v2\/pages\/366","targetHints":{"allow":["GET"]}}],"collection":[{"href":"https:\/\/perso.atilf.fr\/kyibokou\/wp-json\/wp\/v2\/pages"}],"about":[{"href":"https:\/\/perso.atilf.fr\/kyibokou\/wp-json\/wp\/v2\/types\/page"}],"author":[{"embeddable":true,"href":"https:\/\/perso.atilf.fr\/kyibokou\/wp-json\/wp\/v2\/users\/97"}],"replies":[{"embeddable":true,"href":"https:\/\/perso.atilf.fr\/kyibokou\/wp-json\/wp\/v2\/comments?post=366"}],"version-history":[{"count":8,"href":"https:\/\/perso.atilf.fr\/kyibokou\/wp-json\/wp\/v2\/pages\/366\/revisions"}],"predecessor-version":[{"id":402,"href":"https:\/\/perso.atilf.fr\/kyibokou\/wp-json\/wp\/v2\/pages\/366\/revisions\/402"}],"up":[{"embeddable":true,"href":"https:\/\/perso.atilf.fr\/kyibokou\/wp-json\/wp\/v2\/pages\/17"}],"wp:attachment":[{"href":"https:\/\/perso.atilf.fr\/kyibokou\/wp-json\/wp\/v2\/media?parent=366"}],"curies":[{"name":"wp","href":"https:\/\/api.w.org\/{rel}","templated":true}]}}