{"id":19,"date":"2015-06-29T13:43:50","date_gmt":"2015-06-29T12:43:50","guid":{"rendered":"https:\/\/apps.atilf.fr\/homepages\/lberard\/?page_id=19"},"modified":"2016-01-21T10:41:34","modified_gmt":"2016-01-21T09:41:34","slug":"animations","status":"publish","type":"page","link":"https:\/\/perso.atilf.fr\/lberard\/animations\/","title":{"rendered":"Animations"},"content":{"rendered":"<p><span style=\"text-decoration: underline\"><strong>Responsabilit\u00e9s actuelles<\/strong><\/span><\/p>\n<p>&nbsp;<\/p>\n<p>&nbsp;<\/p>\n<p><span style=\"text-decoration: underline\"><strong>Responsabilit\u00e9s pass\u00e9es<\/strong><\/span><\/p>\n<p>2015 Responsable de l&rsquo;enseignement \u00ab\u00a0Linguistique g\u00e9n\u00e9rale et applications\u00a0\u00bb (L1 SDL, Universit\u00e9 de Lorraine<\/p>\n<p>2014 Participation \u00e0 l\u2019organisation des journ\u00e9es d&rsquo;\u00e9tudes \u00ab Penser-Parler-Lire-Ecrire, \u00e7a s&rsquo;apprend ! \u00bb, Metz, 26-27 novembre 2014. <a href=\"http:\/\/www.atilf.fr\/ressources\/asforel2014\/index.php\">http:\/\/www.atilf.fr\/ressources\/asforel2014\/index.php<\/a><\/p>\n<p>2013 Participation \u00e0 l\u2019organisation du 27\u00e8me Congr\u00e8s international de linguistique et philologie romanes, Nancy, 15-20 juillet 2013. <a href=\"http:\/\/www.atilf.fr\/cilpr2013\/index.php\">http:\/\/www.atilf.fr\/cilpr2013\/index.php<\/a><\/p>\n<p>2011 Participation \u00e0 l\u2019organisation du colloque international Association for French Langage Studies 2011 \u00ab\u00a0Regards nouveaux sur les liens entre th\u00e9ories, m\u00e9thodes et donn\u00e9es en linguistique fran\u00e7aise \u00bb, Nancy, 08-10 septembre 2011. <a href=\"http:\/\/www.atilf.fr\/afls2011\/\">http:\/\/www.atilf.fr\/afls2011\/<\/a><\/p>\n","protected":false},"excerpt":{"rendered":"<p>Responsabilit\u00e9s actuelles &nbsp; &nbsp; Responsabilit\u00e9s pass\u00e9es 2015 Responsable de l&rsquo;enseignement \u00ab\u00a0Linguistique g\u00e9n\u00e9rale et applications\u00a0\u00bb (L1 SDL, Universit\u00e9 de Lorraine 2014 Participation \u00e0 l\u2019organisation des journ\u00e9es d&rsquo;\u00e9tudes \u00ab Penser-Parler-Lire-Ecrire, \u00e7a s&rsquo;apprend ! \u00bb, Metz, 26-27 novembre 2014. http:\/\/www.atilf.fr\/ressources\/asforel2014\/index.php 2013 Participation \u00e0 l\u2019organisation du 27\u00e8me Congr\u00e8s international de linguistique et philologie romanes, Nancy, 15-20 juillet 2013. http:\/\/www.atilf.fr\/cilpr2013\/index.php [&hellip;]<\/p>\n","protected":false},"author":1,"featured_media":0,"parent":0,"menu_order":0,"comment_status":"closed","ping_status":"closed","template":"","meta":{"footnotes":""},"class_list":["post-19","page","type-page","status-publish","hentry"],"_links":{"self":[{"href":"https:\/\/perso.atilf.fr\/lberard\/wp-json\/wp\/v2\/pages\/19","targetHints":{"allow":["GET"]}}],"collection":[{"href":"https:\/\/perso.atilf.fr\/lberard\/wp-json\/wp\/v2\/pages"}],"about":[{"href":"https:\/\/perso.atilf.fr\/lberard\/wp-json\/wp\/v2\/types\/page"}],"author":[{"embeddable":true,"href":"https:\/\/perso.atilf.fr\/lberard\/wp-json\/wp\/v2\/users\/1"}],"replies":[{"embeddable":true,"href":"https:\/\/perso.atilf.fr\/lberard\/wp-json\/wp\/v2\/comments?post=19"}],"version-history":[{"count":5,"href":"https:\/\/perso.atilf.fr\/lberard\/wp-json\/wp\/v2\/pages\/19\/revisions"}],"predecessor-version":[{"id":232,"href":"https:\/\/perso.atilf.fr\/lberard\/wp-json\/wp\/v2\/pages\/19\/revisions\/232"}],"wp:attachment":[{"href":"https:\/\/perso.atilf.fr\/lberard\/wp-json\/wp\/v2\/media?parent=19"}],"curies":[{"name":"wp","href":"https:\/\/api.w.org\/{rel}","templated":true}]}}