{"id":21,"date":"2015-06-29T13:44:07","date_gmt":"2015-06-29T12:44:07","guid":{"rendered":"https:\/\/apps.atilf.fr\/homepages\/lberard\/?page_id=21"},"modified":"2016-02-23T14:42:24","modified_gmt":"2016-02-23T13:42:24","slug":"conferences-seminaires","status":"publish","type":"page","link":"https:\/\/perso.atilf.fr\/lberard\/conferences-seminaires\/","title":{"rendered":"Conf\u00e9rences \/ S\u00e9minaires"},"content":{"rendered":"<p><span style=\"text-decoration: underline\"><strong>Conf\u00e9rences<\/strong><\/span><\/p>\n<p>B\u00e9rard L. (2016) \u00ab L&rsquo;articulation monologue-dialogue dans les chansons de Dor\u00e9mus.\u00a0\u00bb Colloque international <em>Entre monologue et dialogue<\/em>, Paris, 2-4\/05\/16.<\/p>\n<p>B\u00e9rard L. (2014) \u00ab\u00a0D\u00e9pendances \u00e0 longue distance et genres textuels.\u00a0\u00bb Congr\u00e8s Mondial de Linguistique Fran\u00e7aise (CMLF), Berlin, 19-23\/07\/14.<\/p>\n<p>B\u00e9rard L., Deulofeu J. (2014) \u201cOn the limit between relative and &lsquo;consecutive clauses&rsquo;: the case of [NP Det [- def] N que X] construct in spoken French: a corpus based analysis\u201d. Olomouc Linguistics Conference (OLINCO), Olomouc (CZ), 5-7\/06\/14. <a href=\"https:\/\/perso.atilf.fr\/lberard\/wp-content\/uploads\/sites\/19\/2015\/06\/Berard-Deulofeu_handout_Olinco2014.pdf\" target=\"_blank\" rel=\"\">Berard-Deulofeu_Olinco2014<\/a><\/p>\n<p>B\u00e9rard L. (2014) \u00ab\u00a0Les d\u00e9pendances \u00e0 longue distance dans les corpus adultes-enfants.\u00a0\u00bb Gruppo di Studi sulla Comunicazione Parlata (GSCP), <em>Parler les langues romanes<\/em>, Stockholm, 9-12\/04\/14. <a href=\"https:\/\/perso.atilf.fr\/lberard\/wp-content\/uploads\/sites\/19\/2015\/06\/Berard_GSCP2014.pdf\" rel=\"\">Berard_GSCP2014<\/a><\/p>\n<p>B\u00e9rard L., Deulofeu J. &amp; Kahane S. (2013) \u201cA corpus based study of bridge verbs in long distance dependencies in French: a specific construction.\u201d Olomouc Linguistics Conference (OLINCO), Olomouc (CZ), 6-8\/06\/13.<\/p>\n<p>B\u00e9rard L. (2012) \u00ab\u00a0Entre codification et libert\u00e9\u00a0: variation des constructions de contr\u00f4le \u00e0 distance en fran\u00e7ais contemporain.\u00a0\u00bb AFLS<em>, Le fran\u00e7ais \u00e0 travers le temps\u00a0: acquisition, changement, variation<\/em>, Newcastle, 1-3\/06\/12. <a href=\"https:\/\/perso.atilf.fr\/lberard\/wp-content\/uploads\/sites\/19\/2015\/06\/Berard-AFLS2012.ppt\" rel=\"\">Berard-AFLS2012<\/a><\/p>\n<p>B\u00e9rard L. (2011) \u00ab\u00a0Corpus et relation lexique-grammaire dans les contr\u00f4les \u00e0 distance.\u00a0\u00bb AFLS<em>, Regards nouveaux sur les liens entre th\u00e9ories, m\u00e9thodes, et donn\u00e9es en linguistique fran\u00e7aise<\/em>, Nancy, 8-10\/09\/11.<\/p>\n<p>Benzitoun C. &amp; B\u00e9rard L. (2011) \u00ab\u00a0Premiers tests en vue de l\u2019\u00e9tiquetage d\u2019un corpus oral par apprentissage automatique exclusivement endog\u00e8ne.\u00a0\u00bb AFLS<em>, Regards nouveaux sur les liens entre th\u00e9ories, m\u00e9thodes, et donn\u00e9es en linguistique fran\u00e7aise<\/em>, Nancy, 8-10\/09\/11. <a href=\"https:\/\/perso.atilf.fr\/lberard\/wp-content\/uploads\/sites\/19\/2015\/06\/Benzitoun_Berard_AFLS2011.pdf\" rel=\"\">Benzitoun_Berard_AFLS2011<\/a><\/p>\n<p>B\u00e9rard L. &amp; Benzitoun C. (2011) \u00ab\u00a0Mutualisation de corpus oraux.\u00a0\u00bb Colloque Jeunes Chercheurs <em>Corpus, Donn\u00e9es, Mod\u00e8les\u00a0: approches qualitatives et quantitatives<\/em>, Montpellier, 10\/06\/11.<\/p>\n<p>Benzitoun C. &amp; B\u00e9rard L. (2011) \u00ab\u00a0Annotation morphosyntaxique de corpus oraux\u00a0: pr\u00e9sentation d\u2019une exp\u00e9rience en cours.\u00a0\u00bb Journ\u00e9e ATALA <em>Annoter les corpus oraux<\/em>, Paris, 09\/04\/11.<\/p>\n<p>B\u00e9rard L. (2011) \u00ab\u00a0Les contr\u00f4les \u00e0 distance\u00a0: Les conclusions formul\u00e9es pour l\u2019anglais et le n\u00e9erlandais sont-elles valables en fran\u00e7ais\u00a0?\u00a0\u00bb Journ\u00e9e d\u2019\u00e9tude <em>Langage<\/em> de l\u2019\u00e9cole doctorale Langages, Temps, Soci\u00e9t\u00e9s, Nancy, 19\/01\/11.<\/p>\n<p><span style=\"text-decoration: underline\"><strong>Poster<br \/>\n<\/strong><\/span><\/p>\n<p>B\u00e9rard L. (2014) \u201cLong distance dependency and processing constraints\u201d Olomouc Linguistics Conference (OLINCO), Olomouc (CZ), 5-7\/06\/14. <a href=\"https:\/\/perso.atilf.fr\/lberard\/wp-content\/uploads\/sites\/19\/2015\/06\/Berard_Poster_A0_portrait.pdf\" target=\"_blank\" rel=\"\">Berard_Poster_Olinco14<\/a><\/p>\n<p><span style=\"text-decoration: underline\"><strong>S\u00e9minaires<\/strong><\/span><\/p>\n<p>B\u00e9rard L. (2015) \u00ab\u00a0la proximit\u00e9 des paroles de chansons, calcul\u00e9e sur les formes, les lemmes et les parties du discours permet-elle de diff\u00e9rencier des genres musicaux, des auteurs ou des interpr\u00e8tes ?\u00bb, R\u00e9union de l&rsquo;\u00e9quipe Discours, ATILF, Nancy, 20\/11\/15<\/p>\n<p>B\u00e9rard L. (2015) \u00ab\u00a0Corpus d&rsquo;Etude du Fran\u00e7ais Contemporain : donn\u00e9es chiffr\u00e9es \u00bb, R\u00e9union de travail du projet ORFEO, Paris, 9-10\/04\/15 <a href=\"https:\/\/perso.atilf.fr\/lberard\/wp-content\/uploads\/sites\/19\/2015\/06\/Orfeo_Point-sur-les-donn\u00e9es_avril15-jan16_public.pdf\" target=\"_blank\" rel=\"\">Orfeo_CEFC_Point sur les donn\u00e9es<\/a><\/p>\n<p>B\u00e9rard L. (2014) \u00ab\u00a0Le balisage des transcriptions dans EIIDA\u00a0\u00bb, R\u00e9union de travail du projet EIIDA, Paris, 20\/02\/14<\/p>\n<p>B\u00e9rard L. (2014) \u00ab\u00a0Des d\u00e9pendances \u00e0 longue distance \u00e0 ORFEO\u00a0\u00bb S\u00e9minaire du Laboratoire LaTTiCe, 10\/02\/14<\/p>\n<p>B\u00e9rard L. (2013) \u00ab\u00a0Usages et sources de variations dans les d\u00e9pendances \u00e0 longue distance\u00a0\u00bb S\u00e9minaire du Laboratoire Parole et Langage, Aix en Provence, 20\/01\/13.<\/p>\n<p>Deulofeu J. &amp; B\u00e9rard L. (2012) \u00ab\u00a0Dans quelle mesure les verbes \u00ab\u00a0ponts\u00a0\u00bb sont-ils des verbes auxiliaires\u00a0?\u00a0\u00bb S\u00e9minaire du Cercle Linguistique d\u2019Aix (CLAIX), Aix en Provence, 13\/12\/12.<\/p>\n<p>B\u00e9rard L. (2012) \u00ab\u00a0D\u00e9pendances \u00e0 distance en fran\u00e7ais contemporain\u00a0\u00bb S\u00e9minaire de l\u2019\u00e9quipe \u00ab\u00a0Traitement Automatique du Langage Ecrit et Parl\u00e9\u00a0\u00bb du Laboratoire d\u2019Informatique Fondamentale, Marseille, 11\/12\/12.<\/p>\n<p>B\u00e9rard L. (2011) \u00ab\u00a0Les contr\u00f4les \u00e0 distance hors infinitives\u00a0\u00bb Journ\u00e9e Macrosyntaxe, Neuch\u00e2tel, 11\/11\/11.<\/p>\n<p>B\u00e9rard L. (2011) \u00ab\u00a0Long distance dependencies in French corpora: statistical analysis\u00a0\u00bb Ecole d\u2019\u00e9t\u00e9 LOT, cours Inducing Linguistic Knowledge from Statistical Machine Translation Systems, Leuven, 24\/06\/11.<\/p>\n<p>B\u00e9rard L. (2011) \u00ab\u00a0Long distance dependencies in French corpora\u00a0\u00bb Ecole d\u2019\u00e9t\u00e9 LOT, Masterclass Topics in syntax and in the syntax-semantics interface, Leuven, 22\/06\/11.<\/p>\n<p>B\u00e9rard L. &amp; Benzitoun C. (2011) \u00ab\u00a0R\u00e9flexion sur l\u2019annotation morphosyntaxique de corpus oraux.\u00a0\u00bb R\u00e9union de pr\u00e9paration au projet ANR Corpus, Paris, 01\/04\/11.<\/p>\n<p>B\u00e9rard L. (2011) \u00ab\u00a0Qu\u2019est-ce que vous voulez que je vous dise\u00a0? Les contraintes lexicales dans les constructions pr\u00e9sentant des d\u00e9pendances \u00e0 distance en fran\u00e7ais contemporain\u00a0: description linguistique sur corpus\u00a0\u00bb S\u00e9minaire du Laboratoire d\u2019Informatique Fondamentale, Marseille, 10\/02\/11.<\/p>\n<p>Benzitoun C. &amp; B\u00e9rard L. (2011) \u00ab\u00a0Le\u00e7on \u00e0 tirer de la mutualisation de corpus oraux.\u00a0\u00bb R\u00e9union de pr\u00e9paration au projet ANR Corpus, Nancy, 25\/01\/11.<\/p>\n<p>Deulofeu J., B\u00e9rard L. &amp; Joseph A. (2008) \u00ab\u00a0Les contr\u00f4les \u00e0 distance &#8211; Etude de Corpus\u00a0\u00bb Communication invit\u00e9e \u00e0 la journ\u00e9e Syntaxe du projet Rhapsodie, Aix en Provence, 01\/07\/08.<\/p>\n<p><span style=\"text-decoration: underline\"><strong>Vulgarisation<br \/>\n<\/strong><\/span><\/p>\n<p>B\u00e9rard L. (2011) \u00ab\u00a0Les d\u00e9pendances \u00e0 distance, expliqu\u00e9es par le patinage artistique\u00a0\u00bb Formation \u00ab\u00a0Magie de l\u2019enseignement\u00a0\u00bb organis\u00e9e par le CIES, Nancy, 29\/03\/11.<\/p>\n<p>B\u00e9rard L. (2010) \u00ab\u00a0De l\u2019utilit\u00e9 du traitement automatique des langues\u00a0\u00bb Stage r\u00e9sidentiel organis\u00e9 par le CIES, Plainfaing, 04\/02\/10.<\/p>\n","protected":false},"excerpt":{"rendered":"<p>Conf\u00e9rences B\u00e9rard L. (2016) \u00ab L&rsquo;articulation monologue-dialogue dans les chansons de Dor\u00e9mus.\u00a0\u00bb Colloque international Entre monologue et dialogue, Paris, 2-4\/05\/16. B\u00e9rard L. (2014) \u00ab\u00a0D\u00e9pendances \u00e0 longue distance et genres textuels.\u00a0\u00bb Congr\u00e8s Mondial de Linguistique Fran\u00e7aise (CMLF), Berlin, 19-23\/07\/14. B\u00e9rard L., Deulofeu J. (2014) \u201cOn the limit between relative and &lsquo;consecutive clauses&rsquo;: the case of [NP [&hellip;]<\/p>\n","protected":false},"author":1,"featured_media":0,"parent":0,"menu_order":0,"comment_status":"closed","ping_status":"closed","template":"","meta":{"footnotes":""},"class_list":["post-21","page","type-page","status-publish","hentry"],"_links":{"self":[{"href":"https:\/\/perso.atilf.fr\/lberard\/wp-json\/wp\/v2\/pages\/21","targetHints":{"allow":["GET"]}}],"collection":[{"href":"https:\/\/perso.atilf.fr\/lberard\/wp-json\/wp\/v2\/pages"}],"about":[{"href":"https:\/\/perso.atilf.fr\/lberard\/wp-json\/wp\/v2\/types\/page"}],"author":[{"embeddable":true,"href":"https:\/\/perso.atilf.fr\/lberard\/wp-json\/wp\/v2\/users\/1"}],"replies":[{"embeddable":true,"href":"https:\/\/perso.atilf.fr\/lberard\/wp-json\/wp\/v2\/comments?post=21"}],"version-history":[{"count":12,"href":"https:\/\/perso.atilf.fr\/lberard\/wp-json\/wp\/v2\/pages\/21\/revisions"}],"predecessor-version":[{"id":259,"href":"https:\/\/perso.atilf.fr\/lberard\/wp-json\/wp\/v2\/pages\/21\/revisions\/259"}],"wp:attachment":[{"href":"https:\/\/perso.atilf.fr\/lberard\/wp-json\/wp\/v2\/media?parent=21"}],"curies":[{"name":"wp","href":"https:\/\/api.w.org\/{rel}","templated":true}]}}